INSERT INTO `dds_cart_product` (`id_cart`, `id_product`, `id_product_attribute`, `quantity`, `date_add`) VALUES
(84419, 81, 0, 1, '2018-05-23 04:00:28'),
(84420, 143, 0, 1, '2018-05-23 04:00:33'),
(84421, 41, 0, 1, '2018-05-23 04:00:37'),
(84422, 184, 0, 1, '2018-05-23 04:00:42'),
(84423, 161, 0, 1, '2018-05-23 04:00:46'),
(84424, 144, 0, 1, '2018-05-23 04:00:51'),
(84425, 190, 0, 1, '2018-05-23 04:00:55'),
(84426, 44, 0, 1, '2018-05-23 04:00:57'),
(84427, 193, 0, 1, '2018-05-23 04:01:04'),
(84428, 218, 319, 1, '2018-05-23 04:01:04'),
(84429, 153, 0, 1, '2018-05-23 04:01:09'),
(84430, 189, 266, 1, '2018-05-23 04:01:13'),
(84431, 149, 0, 1, '2018-05-23 04:01:17'),
(84432, 42, 0, 1, '2018-05-23 04:01:22'),
(84433, 191, 0, 1, '2018-05-23 04:01:26'),
(84434, 155, 0, 1, '2018-05-23 04:01:30'),
(84435, 148, 238, 1, '2018-05-23 04:01:35'),
(84436, 147, 236, 1, '2018-05-23 04:01:39'),
(84437, 196, 0, 1, '2018-05-23 04:01:43'),
(84438, 90, 110, 1, '2018-05-23 04:01:57'),
(84439, 110, 0, 1, '2018-05-23 04:02:42'),
(84440, 111, 0, 1, '2018-05-23 04:02:44'),
(84441, 89, 102, 1, '2018-05-23 04:02:50'),
(84442, 166, 218, 1, '2018-05-23 04:02:52'),
(84443, 172, 235, 1, '2018-05-23 04:03:08'),
(84444, 39, 0, 1, '2018-05-23 04:03:15'),
(84445, 109, 0, 1, '2018-05-23 04:03:17'),
(84446, 156, 0, 1, '2018-05-23 04:03:19'),
(84447, 172, 235, 1, '2018-05-23 05:48:42'),
(84448, 81, 0, 1, '2018-05-23 05:49:58'),
(84449, 155, 0, 1, '2018-05-23 05:56:54'),
(84450, 188, 0, 1, '2018-05-23 09:01:37'),
(84451, 109, 0, 1, '2018-05-23 09:01:41'),
(84452, 159, 0, 1, '2018-05-23 09:01:45'),
(84453, 157, 0, 1, '2018-05-23 09:01:50'),
(84454, 173, 0, 1, '2018-05-23 09:01:54'),
(84455, 90, 110, 1, '2018-05-23 09:01:58'),
(84456, 156, 0, 1, '2018-05-23 09:02:03'),
(84457, 111, 0, 1, '2018-05-23 09:02:07'),
(84458, 110, 0, 1, '2018-05-23 09:02:11'),
(84459, 195, 0, 1, '2018-05-23 09:02:16'),
(84460, 158, 0, 1, '2018-05-23 09:02:20'),
(84461, 113, 0, 1, '2018-05-23 09:02:24'),
(84462, 112, 0, 1, '2018-05-23 09:02:29'),
(84463, 125, 305, 1, '2018-05-23 09:02:33'),
(84464, 39, 0, 1, '2018-05-23 09:02:37'),
(84465, 136, 318, 1, '2018-05-23 09:02:42'),
(84466, 216, 315, 1, '2018-05-23 09:02:46'),
(84467, 209, 301, 1, '2018-05-23 09:02:51'),
(84468, 89, 102, 1, '2018-05-23 09:02:55'),
(84469, 95, 124, 1, '2018-05-23 09:02:59'),
(84470, 166, 218, 1, '2018-05-23 09:03:04'),
(84471, 21, 125, 1, '2018-05-23 09:03:06'),
(84472, 130, 279, 1, '2018-05-23 09:03:10'),
(84473, 133, 177, 1, '2018-05-23 09:03:12'),
(84474, 187, 282, 1, '2018-05-23 09:03:17'),
(84475, 135, 182, 1, '2018-05-23 09:03:22'),
(84476, 167, 222, 1, '2018-05-23 09:03:24'),
(84477, 26, 260, 1, '2018-05-23 09:03:28'),
(84478, 172, 235, 1, '2018-05-23 09:03:33'),
(84479, 27, 278, 1, '2018-05-23 09:03:37'),
(84480, 174, 232, 1, '2018-05-23 09:03:41'),
(84481, 128, 165, 1, '2018-05-23 09:03:46'),
(84482, 169, 228, 1, '2018-05-23 09:03:50'),
(84483, 163, 212, 1, '2018-05-23 09:03:57'),
(84484, 205, 297, 1, '2018-05-23 09:04:04'),
(84485, 203, 294, 1, '2018-05-23 09:04:08'),
(84486, 197, 270, 1, '2018-05-23 09:04:13'),
(84487, 204, 295, 1, '2018-05-23 09:04:17'),
(84488, 129, 167, 1, '2018-05-23 09:04:25'),
(84489, 94, 119, 1, '2018-05-23 09:04:29'),
(84490, 218, 319, 1, '2018-05-23 09:04:34'),
(84491, 213, 320, 1, '2018-05-23 09:04:41'),
(84492, 212, 307, 1, '2018-05-23 09:04:46'),
(84493, 131, 170, 1, '2018-05-23 09:04:53'),
(84494, 201, 289, 1, '2018-05-23 09:04:58'),
(84495, 92, 112, 1, '2018-05-23 09:05:02'),
(84496, 206, 298, 1, '2018-05-23 09:05:07'),
(84497, 165, 216, 1, '2018-05-23 09:05:12'),
(84498, 210, 303, 1, '2018-05-23 09:05:17'),
(84499, 207, 299, 1, '2018-05-23 09:05:22'),
(84500, 214, 313, 1, '2018-05-23 09:05:26'),
(84501, 199, 273, 1, '2018-05-23 09:05:31'),
(84502, 171, 284, 1, '2018-05-23 09:05:35'),
(84503, 139, 281, 1, '2018-05-23 09:05:40'),
(84504, 138, 280, 1, '2018-05-23 09:05:44'),
(84505, 81, 0, 1, '2018-05-23 09:05:48'),
(84506, 143, 0, 1, '2018-05-23 09:05:53'),
(84507, 41, 0, 1, '2018-05-23 09:05:57'),
(84508, 184, 0, 1, '2018-05-23 09:06:02'),
(84509, 161, 0, 1, '2018-05-23 09:06:06'),
(84510, 144, 0, 1, '2018-05-23 09:06:10'),
(84511, 190, 0, 1, '2018-05-23 09:06:15'),
(84512, 44, 0, 1, '2018-05-23 09:06:17'),
(84513, 193, 0, 1, '2018-05-23 09:06:24'),
(84514, 153, 0, 1, '2018-05-23 09:06:28'),
(84515, 189, 266, 1, '2018-05-23 09:06:32'),
(84516, 149, 0, 1, '2018-05-23 09:06:37'),
(84517, 42, 0, 1, '2018-05-23 09:06:41'),
(84518, 191, 0, 1, '2018-05-23 09:06:46'),
(84519, 155, 0, 1, '2018-05-23 09:06:50'),
(84520, 148, 238, 1, '2018-05-23 09:06:54'),
(84521, 147, 236, 1, '2018-05-23 09:06:59'),
(84522, 196, 0, 1, '2018-05-23 09:07:03'),
(84523, 90, 110, 1, '2018-05-23 09:07:16'),
(84524, 110, 0, 1, '2018-05-23 09:08:04'),
(84525, 111, 0, 1, '2018-05-23 09:08:06'),
(84526, 89, 102, 1, '2018-05-23 09:08:13'),
(84527, 166, 218, 1, '2018-05-23 09:08:15'),
(84528, 172, 235, 1, '2018-05-23 09:08:41'),
(84529, 39, 0, 1, '2018-05-23 09:08:48'),
(84530, 109, 0, 1, '2018-05-23 09:08:50'),
(84531, 156, 0, 1, '2018-05-23 09:08:52'),
(84532, 196, 0, 1, '2018-05-23 14:32:51'),
(84533, 218, 319, 1, '2018-05-23 14:39:25'),
(84534, 209, 301, 1, '2018-05-23 14:40:20'),
(84535, 128, 165, 1, '2018-05-23 16:02:27'),
(84536, 21, 125, 1, '2018-05-23 17:56:59'),
(84537, 218, 319, 1, '2018-05-23 18:49:25'),
(84538, 218, 319, 1, '2018-05-23 18:55:06'),
(84539, 144, 0, 1, '2018-05-23 20:09:21'),
(84540, 169, 228, 1, '2018-05-23 20:20:39'),
(84541, 112, 0, 1, '2018-05-23 23:32:50'),
(84542, 129, 167, 1, '2018-05-24 02:39:57'),
(84543, 95, 124, 1, '2018-05-24 04:00:06'),
(84544, 112, 0, 1, '2018-05-24 04:54:47'),
(84545, 41, 0, 1, '2018-05-24 05:08:37'),
(84546, 172, 235, 1, '2018-05-24 06:53:37'),
(84547, 172, 235, 1, '2018-05-24 07:06:52'),
(84548, 26, 260, 1, '2018-05-24 08:31:47'),
(84549, 44, 0, 1, '2018-05-24 13:02:44'),
(84550, 163, 212, 1, '2018-05-24 15:40:51'),
(84551, 196, 0, 1, '2018-05-24 17:59:56'),
(84552, 133, 177, 1, '2018-05-24 20:39:26'),
(84553, 199, 273, 1, '2018-05-24 21:56:30'),
(84554, 21, 125, 1, '2018-05-24 22:11:48'),
(84555, 41, 0, 1, '2018-05-24 22:27:41'),
(84556, 144, 0, 1, '2018-05-25 00:36:28'),
(84557, 169, 228, 1, '2018-05-25 00:42:43'),
(84558, 167, 222, 1, '2018-05-25 01:48:12'),
(84559, 112, 0, 1, '2018-05-25 03:34:06'),
(84560, 41, 0, 1, '2018-05-25 05:00:35'),
(84561, 136, 318, 1, '2018-05-25 05:01:34'),
(84562, 136, 318, 1, '2018-05-25 05:01:39'),
(84563, 136, 318, 1, '2018-05-25 05:03:52'),
(84564, 157, 0, 1, '2018-05-25 06:41:08'),
(84565, 156, 0, 1, '2018-05-25 06:45:41'),
(84566, 204, 295, 1, '2018-05-25 07:06:13'),
(84567, 204, 295, 1, '2018-05-25 07:08:12'),
(84568, 204, 295, 1, '2018-05-25 07:08:22'),
(84569, 204, 295, 1, '2018-05-25 07:09:48'),
(84570, 153, 0, 1, '2018-05-25 07:54:46'),
(84571, 159, 0, 1, '2018-05-25 10:02:45'),
(84572, 203, 294, 1, '2018-05-25 10:51:50'),
(84573, 90, 110, 1, '2018-05-25 10:55:39'),
(84574, 203, 294, 1, '2018-05-25 10:56:31'),
(84575, 90, 110, 1, '2018-05-25 10:57:48'),
(84576, 203, 294, 1, '2018-05-25 10:59:13'),
(84577, 90, 110, 1, '2018-05-25 11:00:10'),
(84578, 26, 260, 1, '2018-05-25 11:27:00'),
(84579, 26, 260, 1, '2018-05-25 11:27:15'),
(84580, 26, 260, 1, '2018-05-25 11:31:30'),
(84581, 81, 0, 1, '2018-05-25 12:13:48'),
(84582, 155, 0, 1, '2018-05-25 12:14:18'),
(84583, 159, 0, 1, '2018-05-25 14:59:55'),
(84584, 44, 0, 1, '2018-05-25 15:59:36'),
(84585, 197, 270, 1, '2018-05-25 18:38:33'),
(84586, 196, 0, 1, '2018-05-25 21:40:35'),
(84587, 21, 125, 1, '2018-05-26 01:36:28'),
(84588, 144, 0, 1, '2018-05-26 03:35:01'),
(84589, 204, 295, 1, '2018-05-26 10:38:55'),
(84590, 157, 0, 1, '2018-05-26 11:28:04'),
(84591, 113, 0, 1, '2018-05-26 14:23:01'),
(84592, 184, 0, 1, '2018-05-26 15:24:09'),
(84593, 155, 0, 1, '2018-05-26 15:26:53'),
(84594, 158, 0, 1, '2018-05-26 15:38:36'),
(84595, 155, 0, 1, '2018-05-26 16:04:11'),
(84596, 155, 0, 1, '2018-05-26 20:43:20'),
(84597, 189, 266, 1, '2018-05-26 23:02:26'),
(84598, 163, 212, 1, '2018-05-27 00:38:57'),
(84599, 209, 301, 1, '2018-05-27 03:12:38'),
(84600, 196, 0, 1, '2018-05-27 04:18:43'),
(84601, 128, 165, 1, '2018-05-27 04:31:30'),
(84602, 130, 279, 1, '2018-05-27 05:04:13'),
(84603, 130, 279, 1, '2018-05-27 05:07:14'),
(84604, 130, 279, 1, '2018-05-27 05:07:55'),
(84605, 130, 279, 1, '2018-05-27 05:10:34'),
(84606, 133, 177, 1, '2018-05-27 07:00:17'),
(84607, 133, 177, 1, '2018-05-27 07:01:23'),
(84608, 133, 177, 1, '2018-05-27 07:04:04'),
(84609, 199, 273, 1, '2018-05-27 09:13:35'),
(84610, 21, 125, 1, '2018-05-27 09:40:20'),
(84611, 41, 0, 1, '2018-05-27 11:32:47'),
(84612, 133, 177, 1, '2018-05-27 13:39:10'),
(84613, 148, 238, 1, '2018-05-27 14:10:43'),
(84614, 44, 0, 1, '2018-05-27 14:10:44'),
(84615, 174, 232, 1, '2018-05-27 14:10:45'),
(84616, 172, 235, 1, '2018-05-27 14:10:48'),
(84617, 136, 318, 1, '2018-05-27 14:10:50'),
(84618, 131, 170, 1, '2018-05-27 14:10:51'),
(84619, 163, 212, 1, '2018-05-27 14:10:52'),
(84620, 212, 307, 1, '2018-05-27 14:10:53'),
(84621, 21, 125, 1, '2018-05-27 14:10:55'),
(84622, 187, 282, 1, '2018-05-27 14:10:55'),
(84623, 216, 315, 1, '2018-05-27 14:10:56'),
(84624, 135, 182, 1, '2018-05-27 14:10:56'),
(84625, 27, 278, 1, '2018-05-27 14:10:56'),
(84626, 166, 218, 1, '2018-05-27 14:10:59'),
(84627, 128, 165, 1, '2018-05-27 14:11:00'),
(84628, 209, 301, 1, '2018-05-27 14:11:01'),
(84629, 130, 279, 1, '2018-05-27 14:11:03'),
(84630, 95, 124, 1, '2018-05-27 14:11:03'),
(84631, 167, 222, 1, '2018-05-27 14:11:05'),
(84632, 26, 260, 1, '2018-05-27 14:11:08'),
(84633, 89, 102, 1, '2018-05-27 14:11:09'),
(84634, 133, 177, 1, '2018-05-27 14:11:10'),
(84635, 169, 228, 1, '2018-05-27 14:11:10'),
(84636, 155, 0, 1, '2018-05-27 14:11:13'),
(84637, 184, 0, 1, '2018-05-27 14:11:15'),
(84638, 144, 0, 1, '2018-05-27 14:11:16'),
(84639, 161, 0, 1, '2018-05-27 14:11:19'),
(84640, 41, 0, 1, '2018-05-27 14:11:19'),
(84641, 147, 236, 1, '2018-05-27 14:11:21'),
(84642, 153, 0, 1, '2018-05-27 14:11:24'),
(84643, 81, 0, 1, '2018-05-27 14:11:24'),
(84644, 42, 0, 1, '2018-05-27 14:11:24'),
(84645, 190, 0, 1, '2018-05-27 14:11:26'),
(84646, 193, 0, 1, '2018-05-27 14:11:28'),
(84647, 149, 0, 1, '2018-05-27 14:11:35'),
(84648, 191, 0, 1, '2018-05-27 14:11:36'),
(84649, 143, 0, 1, '2018-05-27 14:11:39'),
(84650, 189, 266, 1, '2018-05-27 14:11:40'),
(84651, 173, 0, 1, '2018-05-27 14:11:43'),
(84652, 39, 0, 1, '2018-05-27 14:11:44'),
(84653, 109, 0, 1, '2018-05-27 14:11:47'),
(84654, 201, 289, 1, '2018-05-27 14:11:48'),
(84655, 94, 119, 1, '2018-05-27 14:11:48'),
(84656, 156, 0, 1, '2018-05-27 14:11:51'),
(84657, 110, 0, 1, '2018-05-27 14:11:51'),
(84658, 111, 0, 1, '2018-05-27 14:11:51'),
(84659, 159, 0, 1, '2018-05-27 14:11:53'),
(84660, 188, 0, 1, '2018-05-27 14:11:55'),
(84661, 157, 0, 1, '2018-05-27 14:11:56'),
(84662, 90, 110, 1, '2018-05-27 14:11:57'),
(84663, 199, 273, 1, '2018-05-27 14:12:01'),
(84664, 113, 0, 1, '2018-05-27 14:12:01'),
(84665, 196, 0, 1, '2018-05-27 14:12:02'),
(84666, 206, 298, 1, '2018-05-27 14:12:03'),
(84667, 197, 270, 1, '2018-05-27 14:12:04'),
(84668, 204, 295, 1, '2018-05-27 14:12:05'),
(84669, 125, 305, 1, '2018-05-27 14:12:09'),
(84670, 218, 319, 1, '2018-05-27 14:12:12'),
(84671, 213, 320, 1, '2018-05-27 14:12:12'),
(84672, 205, 297, 1, '2018-05-27 14:12:15'),
(84673, 129, 167, 1, '2018-05-27 14:12:18'),
(84674, 203, 294, 1, '2018-05-27 14:12:19'),
(84675, 90, 110, 1, '2018-05-27 14:12:20'),
(84676, 195, 0, 1, '2018-05-27 14:12:28'),
(84677, 207, 299, 1, '2018-05-27 14:12:30'),
(84678, 171, 284, 1, '2018-05-27 14:12:34'),
(84679, 139, 281, 1, '2018-05-27 14:12:34'),
(84680, 214, 313, 1, '2018-05-27 14:12:35'),
(84681, 138, 280, 1, '2018-05-27 14:12:36'),
(84682, 210, 303, 1, '2018-05-27 14:12:37'),
(84683, 112, 0, 1, '2018-05-27 14:12:40'),
(84684, 158, 0, 1, '2018-05-27 14:12:40'),
(84685, 165, 216, 1, '2018-05-27 14:12:43'),
(84686, 92, 112, 1, '2018-05-27 14:12:45'),
(84687, 173, 0, 1, '2018-05-27 14:12:54'),
(84688, 109, 0, 1, '2018-05-27 14:13:27'),
(84689, 39, 0, 1, '2018-05-27 14:13:28'),
(84690, 172, 235, 1, '2018-05-27 14:13:55'),
(84691, 89, 102, 1, '2018-05-27 14:13:57'),
(84692, 166, 218, 1, '2018-05-27 14:13:57'),
(84693, 111, 0, 1, '2018-05-27 14:13:59'),
(84694, 110, 0, 1, '2018-05-27 14:14:01'),
(84695, 27, 278, 1, '2018-05-27 14:14:01'),
(84696, 156, 0, 1, '2018-05-27 14:14:04'),
(84697, 157, 0, 1, '2018-05-27 14:14:56'),
(84698, 165, 216, 1, '2018-05-27 17:59:45'),
(84699, 129, 167, 1, '2018-05-27 19:37:39'),
(84700, 204, 295, 1, '2018-05-27 21:16:19'),
(84701, 41, 0, 1, '2018-05-27 22:23:32'),
(84702, 110, 0, 1, '2018-05-27 22:36:47'),
(84703, 206, 298, 1, '2018-05-28 00:04:55'),
(84704, 184, 0, 1, '2018-05-28 02:41:34'),
(84705, 26, 260, 1, '2018-05-28 02:43:41'),
(84706, 158, 0, 1, '2018-05-28 02:53:30'),
(84707, 81, 0, 1, '2018-05-28 03:46:02'),
(84708, 196, 0, 1, '2018-05-28 04:34:14'),
(84709, 133, 177, 1, '2018-05-28 05:02:55'),
(84710, 163, 212, 1, '2018-05-28 05:08:39'),
(84711, 21, 125, 1, '2018-05-28 05:20:07'),
(84712, 148, 238, 1, '2018-05-28 05:23:10'),
(84713, 42, 0, 1, '2018-05-28 05:28:44'),
(84714, 153, 0, 1, '2018-05-28 05:43:06'),
(84715, 169, 228, 1, '2018-05-28 05:54:35'),
(84716, 165, 216, 1, '2018-05-28 06:03:12'),
(84717, 94, 119, 1, '2018-05-28 06:08:56'),
(84718, 167, 222, 1, '2018-05-28 06:17:33'),
(84719, 111, 0, 1, '2018-05-28 06:23:17'),
(84720, 112, 0, 1, '2018-05-28 06:29:01'),
(84721, 112, 0, 1, '2018-05-28 06:31:53'),
(84722, 128, 165, 1, '2018-05-28 08:15:40'),
(84723, 44, 0, 1, '2018-05-28 08:43:51'),
(84724, 189, 266, 1, '2018-05-28 10:34:36'),
(84725, 197, 270, 1, '2018-05-28 11:35:46'),
(84726, 163, 212, 1, '2018-05-28 12:14:55'),
(84727, 42, 0, 1, '2018-05-28 12:19:00'),
(84728, 42, 0, 1, '2018-05-28 12:19:43'),
(84729, 165, 216, 1, '2018-05-28 15:57:36'),
(84730, 190, 0, 1, '2018-05-28 16:00:18'),
(84731, 213, 320, 1, '2018-05-28 16:08:55'),
(84732, 111, 0, 1, '2018-05-28 16:17:31'),
(84733, 166, 218, 1, '2018-05-28 16:40:28'),
(84734, 129, 167, 1, '2018-05-28 16:49:04'),
(84735, 110, 0, 1, '2018-05-28 17:09:10'),
(84736, 195, 0, 1, '2018-05-28 17:19:16'),
(84737, 191, 0, 1, '2018-05-28 17:29:17'),
(84738, 169, 228, 1, '2018-05-28 17:49:23'),
(84739, 163, 212, 1, '2018-05-28 17:58:23'),
(84740, 144, 0, 1, '2018-05-28 18:07:48'),
(84741, 21, 125, 1, '2018-05-28 18:15:13'),
(84742, 90, 110, 1, '2018-05-28 18:23:49'),
(84743, 21, 125, 1, '2018-05-28 19:28:02'),
(84744, 166, 218, 1, '2018-05-28 23:32:01'),
(84745, 128, 165, 1, '2018-05-29 00:40:56'),
(84746, 112, 0, 1, '2018-05-29 01:44:36'),
(84747, 165, 216, 1, '2018-05-29 03:54:54'),
(84748, 129, 167, 1, '2018-05-29 05:42:48'),
(84749, 128, 165, 1, '2018-05-29 06:12:54'),
(84750, 147, 236, 1, '2018-05-29 07:34:19'),
(84751, 197, 270, 1, '2018-05-29 07:37:26'),
(84752, 206, 298, 1, '2018-05-29 09:26:22'),
(84753, 157, 0, 1, '2018-05-29 10:15:01'),
(84754, 26, 260, 1, '2018-05-29 11:24:36'),
(84755, 155, 0, 1, '2018-05-29 12:31:08'),
(84756, 109, 0, 1, '2018-05-29 16:07:41'),
(84757, 94, 119, 1, '2018-05-29 16:24:09'),
(84758, 147, 236, 1, '2018-05-29 16:27:44'),
(84759, 133, 177, 1, '2018-05-29 16:35:37'),
(84760, 44, 0, 1, '2018-05-29 16:37:57'),
(84761, 44, 0, 1, '2018-05-29 16:41:23'),
(84762, 44, 0, 1, '2018-05-29 16:44:21'),
(84763, 161, 0, 1, '2018-05-29 17:16:12'),
(84764, 161, 0, 1, '2018-05-29 17:16:22'),
(84765, 161, 0, 1, '2018-05-29 17:19:13'),
(84766, 161, 0, 1, '2018-05-29 17:19:15'),
(84767, 143, 0, 1, '2018-05-29 17:58:14'),
(84768, 143, 0, 1, '2018-05-29 18:15:43'),
(84769, 196, 0, 1, '2018-05-29 22:59:43'),
(84770, 191, 0, 1, '2018-05-29 23:35:17'),
(84771, 199, 273, 1, '2018-05-29 23:41:29'),
(84772, 167, 222, 1, '2018-05-29 23:45:58'),
(84773, 113, 0, 1, '2018-05-29 23:54:43'),
(84774, 42, 0, 1, '2018-05-30 00:03:20'),
(84775, 167, 222, 1, '2018-05-30 00:06:12'),
(84776, 44, 0, 1, '2018-05-30 00:23:24'),
(84777, 191, 0, 1, '2018-05-30 00:34:52'),
(84778, 41, 0, 1, '2018-05-30 00:44:01'),
(84779, 26, 260, 1, '2018-05-30 00:58:11'),
(84780, 109, 0, 1, '2018-05-30 00:58:36'),
(84781, 195, 0, 1, '2018-05-30 01:23:09'),
(84782, 158, 0, 1, '2018-05-30 01:25:24'),
(84783, 21, 125, 1, '2018-05-30 03:12:22'),
(84784, 144, 0, 1, '2018-05-30 05:23:00'),
(84785, 144, 0, 1, '2018-05-30 05:26:22'),
(84786, 144, 0, 1, '2018-05-30 05:29:33'),
(84787, 112, 0, 1, '2018-05-30 08:47:59'),
(84788, 129, 167, 1, '2018-05-30 11:49:19'),
(84789, 147, 236, 1, '2018-05-30 13:31:04'),
(84790, 41, 0, 1, '2018-05-30 13:54:11'),
(84791, 128, 165, 1, '2018-05-30 17:36:45'),
(84792, 110, 0, 1, '2018-05-30 17:51:53'),
(84793, 184, 0, 1, '2018-05-30 17:55:06'),
(84794, 184, 0, 1, '2018-05-30 17:55:21'),
(84795, 184, 0, 1, '2018-05-30 17:56:00'),
(84796, 157, 0, 1, '2018-05-30 18:37:20'),
(84797, 155, 0, 1, '2018-05-30 18:46:54'),
(84798, 81, 0, 1, '2018-05-30 18:48:27'),
(84799, 81, 0, 1, '2018-05-30 18:51:25'),
(84800, 155, 0, 1, '2018-05-30 18:52:27'),
(84801, 81, 0, 1, '2018-05-30 18:54:21'),
(84802, 155, 0, 1, '2018-05-30 18:55:26'),
(84803, 166, 218, 1, '2018-05-31 00:27:38'),
(84804, 81, 0, 1, '2018-05-31 00:36:15'),
(84805, 27, 278, 1, '2018-05-31 00:39:07'),
(84806, 143, 0, 1, '2018-05-31 00:39:55'),
(84807, 111, 0, 1, '2018-05-31 00:50:35'),
(84808, 166, 218, 1, '2018-05-31 00:59:11'),
(84809, 149, 0, 1, '2018-05-31 01:10:39'),
(84810, 26, 260, 1, '2018-05-31 01:13:35'),
(84811, 149, 0, 1, '2018-05-31 01:16:23'),
(84812, 188, 0, 1, '2018-05-31 01:37:55'),
(84813, 196, 0, 1, '2018-05-31 01:42:15'),
(84814, 44, 0, 1, '2018-05-31 01:47:59'),
(84815, 110, 0, 1, '2018-05-31 01:50:50'),
(84816, 41, 0, 1, '2018-05-31 01:59:27'),
(84817, 110, 0, 1, '2018-05-31 02:03:28'),
(84818, 218, 319, 1, '2018-05-31 02:13:50'),
(84819, 163, 212, 1, '2018-05-31 02:28:14'),
(84820, 113, 0, 1, '2018-05-31 02:31:02'),
(84821, 89, 102, 1, '2018-05-31 02:39:38'),
(84822, 158, 0, 1, '2018-05-31 02:42:45'),
(84823, 143, 0, 1, '2018-05-31 02:52:57'),
(84824, 161, 0, 1, '2018-05-31 02:54:00'),
(84825, 112, 0, 1, '2018-05-31 03:08:22'),
(84826, 42, 0, 1, '2018-05-31 03:09:54'),
(84827, 42, 0, 1, '2018-05-31 03:10:17'),
(84828, 42, 0, 1, '2018-05-31 04:36:34'),
(84829, 196, 0, 1, '2018-05-31 05:32:17'),
(84830, 188, 0, 1, '2018-05-31 06:59:09'),
(84831, 109, 0, 1, '2018-05-31 06:59:14'),
(84832, 159, 0, 1, '2018-05-31 06:59:19'),
(84833, 157, 0, 1, '2018-05-31 06:59:23'),
(84834, 173, 0, 1, '2018-05-31 06:59:28'),
(84835, 90, 110, 1, '2018-05-31 06:59:32'),
(84836, 156, 0, 1, '2018-05-31 06:59:48'),
(84837, 111, 0, 1, '2018-05-31 06:59:53'),
(84838, 110, 0, 1, '2018-05-31 06:59:57'),
(84839, 195, 0, 1, '2018-05-31 07:00:02'),
(84840, 158, 0, 1, '2018-05-31 07:00:06'),
(84841, 113, 0, 1, '2018-05-31 07:00:21'),
(84842, 112, 0, 1, '2018-05-31 07:00:26'),
(84843, 125, 305, 1, '2018-05-31 07:00:40'),
(84844, 39, 0, 1, '2018-05-31 07:00:45'),
(84845, 136, 318, 1, '2018-05-31 07:00:50'),
(84846, 216, 315, 1, '2018-05-31 07:00:54'),
(84847, 209, 301, 1, '2018-05-31 07:01:10'),
(84848, 89, 102, 1, '2018-05-31 07:01:15'),
(84849, 95, 124, 1, '2018-05-31 07:01:19'),
(84850, 166, 218, 1, '2018-05-31 07:01:23'),
(84851, 21, 125, 1, '2018-05-31 07:01:25'),
(84852, 130, 279, 1, '2018-05-31 07:01:40'),
(84853, 133, 177, 1, '2018-05-31 07:01:42'),
(84854, 187, 282, 1, '2018-05-31 07:01:46'),
(84855, 135, 182, 1, '2018-05-31 07:01:54'),
(84856, 167, 222, 1, '2018-05-31 07:02:07'),
(84857, 26, 260, 1, '2018-05-31 07:02:12'),
(84858, 172, 235, 1, '2018-05-31 07:02:17'),
(84859, 27, 278, 1, '2018-05-31 07:02:22'),
(84860, 174, 232, 1, '2018-05-31 07:02:37'),
(84861, 128, 165, 1, '2018-05-31 07:02:41'),
(84862, 169, 228, 1, '2018-05-31 07:02:46'),
(84863, 163, 212, 1, '2018-05-31 07:03:04'),
(84864, 205, 297, 1, '2018-05-31 07:03:11'),
(84865, 203, 294, 1, '2018-05-31 07:03:16'),
(84866, 197, 270, 1, '2018-05-31 07:03:32'),
(84867, 204, 295, 1, '2018-05-31 07:03:37'),
(84868, 129, 167, 1, '2018-05-31 07:03:55'),
(84869, 94, 119, 1, '2018-05-31 07:04:00'),
(84870, 218, 319, 1, '2018-05-31 07:04:04'),
(84871, 213, 320, 1, '2018-05-31 07:04:22'),
(84872, 212, 307, 1, '2018-05-31 07:04:27'),
(84873, 131, 170, 1, '2018-05-31 07:04:44'),
(84874, 201, 289, 1, '2018-05-31 07:04:48'),
(84875, 92, 112, 1, '2018-05-31 07:04:53'),
(84876, 206, 298, 1, '2018-05-31 07:04:58'),
(84877, 165, 216, 1, '2018-05-31 07:05:14'),
(84878, 210, 303, 1, '2018-05-31 07:05:18'),
(84879, 207, 299, 1, '2018-05-31 07:05:23'),
(84880, 214, 313, 1, '2018-05-31 07:05:27'),
(84881, 199, 273, 1, '2018-05-31 07:05:42'),
(84882, 171, 284, 1, '2018-05-31 07:05:46'),
(84883, 139, 281, 1, '2018-05-31 07:05:50'),
(84884, 138, 280, 1, '2018-05-31 07:06:05'),
(84885, 81, 0, 1, '2018-05-31 07:06:10'),
(84886, 143, 0, 1, '2018-05-31 07:06:15'),
(84887, 41, 0, 1, '2018-05-31 07:06:30'),
(84888, 184, 0, 1, '2018-05-31 07:06:34'),
(84889, 161, 0, 1, '2018-05-31 07:06:38'),
(84890, 144, 0, 1, '2018-05-31 07:06:43'),
(84891, 190, 0, 1, '2018-05-31 07:06:47'),
(84892, 44, 0, 1, '2018-05-31 07:07:01'),
(84893, 193, 0, 1, '2018-05-31 07:07:08'),
(84894, 153, 0, 1, '2018-05-31 07:07:23'),
(84895, 189, 266, 1, '2018-05-31 07:07:30'),
(84896, 149, 0, 1, '2018-05-31 07:07:45'),
(84897, 42, 0, 1, '2018-05-31 07:07:50'),
(84898, 191, 0, 1, '2018-05-31 07:07:55'),
(84899, 155, 0, 1, '2018-05-31 07:08:10'),
(84900, 148, 238, 1, '2018-05-31 07:08:15'),
(84901, 147, 236, 1, '2018-05-31 07:08:30'),
(84902, 196, 0, 1, '2018-05-31 07:08:34'),
(84903, 90, 110, 1, '2018-05-31 07:09:05'),
(84904, 110, 0, 1, '2018-05-31 07:10:32'),
(84905, 111, 0, 1, '2018-05-31 07:10:35'),
(84906, 89, 102, 1, '2018-05-31 07:10:41'),
(84907, 166, 218, 1, '2018-05-31 07:10:43'),
(84908, 172, 235, 1, '2018-05-31 07:11:09'),
(84909, 39, 0, 1, '2018-05-31 07:11:25'),
(84910, 109, 0, 1, '2018-05-31 07:11:27'),
(84911, 156, 0, 1, '2018-05-31 07:11:30'),
(84912, 195, 0, 1, '2018-05-31 07:16:23'),
(84913, 199, 273, 1, '2018-05-31 08:56:05'),
(84914, 199, 273, 1, '2018-05-31 09:04:04'),
(84915, 144, 0, 1, '2018-05-31 11:24:12'),
(84916, 193, 0, 1, '2018-05-31 11:41:33'),
(84917, 184, 0, 1, '2018-05-31 11:45:50'),
(84918, 167, 222, 1, '2018-05-31 12:47:42'),
(84919, 166, 218, 1, '2018-05-31 17:19:17'),
(84920, 153, 0, 1, '2018-05-31 19:43:59'),
(84921, 147, 236, 1, '2018-05-31 19:55:11'),
(84922, 153, 0, 1, '2018-05-31 19:56:21'),
(84923, 147, 236, 1, '2018-05-31 19:58:11'),
(84924, 147, 236, 1, '2018-05-31 20:00:28'),
(84925, 153, 0, 1, '2018-05-31 20:01:22'),
(84926, 153, 0, 1, '2018-05-31 20:03:44'),
(84927, 41, 0, 1, '2018-05-31 20:21:17'),
(84928, 193, 0, 1, '2018-05-31 21:22:38'),
(84929, 157, 0, 1, '2018-05-31 22:32:05'),
(84930, 157, 0, 1, '2018-05-31 22:32:48'),
(84931, 157, 0, 1, '2018-05-31 22:34:08'),
(84932, 26, 260, 1, '2018-06-01 00:12:16'),
(84933, 26, 260, 1, '2018-06-01 00:13:25'),
(84934, 26, 260, 1, '2018-06-01 00:16:23'),
(84935, 184, 0, 1, '2018-06-01 00:23:48'),
(84936, 184, 0, 1, '2018-06-01 00:24:38'),
(84937, 184, 0, 1, '2018-06-01 00:25:42'),
(84938, 158, 0, 1, '2018-06-01 00:27:44'),
(84939, 197, 270, 1, '2018-06-01 00:56:47'),
(84940, 188, 0, 1, '2018-06-01 03:24:16'),
(84941, 109, 0, 1, '2018-06-01 03:24:20'),
(84942, 159, 0, 1, '2018-06-01 03:24:25'),
(84943, 157, 0, 1, '2018-06-01 03:24:29'),
(84944, 173, 0, 1, '2018-06-01 03:24:33'),
(84945, 90, 110, 1, '2018-06-01 03:24:38'),
(84946, 156, 0, 1, '2018-06-01 03:24:42'),
(84947, 111, 0, 1, '2018-06-01 03:24:46'),
(84948, 110, 0, 1, '2018-06-01 03:24:51'),
(84949, 195, 0, 1, '2018-06-01 03:24:55'),
(84950, 158, 0, 1, '2018-06-01 03:24:59'),
(84951, 113, 0, 1, '2018-06-01 03:25:04'),
(84952, 112, 0, 1, '2018-06-01 03:25:08'),
(84953, 125, 305, 1, '2018-06-01 03:25:12'),
(84954, 39, 0, 1, '2018-06-01 03:25:17'),
(84955, 136, 318, 1, '2018-06-01 03:25:21'),
(84956, 216, 315, 1, '2018-06-01 03:25:26'),
(84957, 209, 301, 1, '2018-06-01 03:25:30'),
(84958, 89, 102, 1, '2018-06-01 03:25:34'),
(84959, 95, 124, 1, '2018-06-01 03:25:39'),
(84960, 166, 218, 1, '2018-06-01 03:25:43'),
(84961, 21, 125, 1, '2018-06-01 03:25:45'),
(84962, 130, 279, 1, '2018-06-01 03:25:49'),
(84963, 133, 177, 1, '2018-06-01 03:25:52'),
(84964, 187, 282, 1, '2018-06-01 03:25:56'),
(84965, 135, 182, 1, '2018-06-01 03:26:00'),
(84966, 167, 222, 1, '2018-06-01 03:26:02'),
(84967, 26, 260, 1, '2018-06-01 03:26:07'),
(84968, 172, 235, 1, '2018-06-01 03:26:11'),
(84969, 27, 278, 1, '2018-06-01 03:26:15'),
(84970, 174, 232, 1, '2018-06-01 03:26:20'),
(84971, 128, 165, 1, '2018-06-01 03:26:24'),
(84972, 169, 228, 1, '2018-06-01 03:26:28'),
(84973, 163, 212, 1, '2018-06-01 03:26:35'),
(84974, 205, 297, 1, '2018-06-01 03:26:42'),
(84975, 203, 294, 1, '2018-06-01 03:26:47'),
(84976, 197, 270, 1, '2018-06-01 03:26:51'),
(84977, 204, 295, 1, '2018-06-01 03:26:55'),
(84978, 129, 167, 1, '2018-06-01 03:27:02'),
(84979, 94, 119, 1, '2018-06-01 03:27:06'),
(84980, 218, 319, 1, '2018-06-01 03:27:10'),
(84981, 213, 320, 1, '2018-06-01 03:27:17'),
(84982, 212, 307, 1, '2018-06-01 03:27:22'),
(84983, 131, 170, 1, '2018-06-01 03:27:28'),
(84984, 201, 289, 1, '2018-06-01 03:27:33'),
(84985, 92, 112, 1, '2018-06-01 03:27:37'),
(84986, 206, 298, 1, '2018-06-01 03:27:41'),
(84987, 165, 216, 1, '2018-06-01 03:27:45'),
(84988, 210, 303, 1, '2018-06-01 03:27:50'),
(84989, 207, 299, 1, '2018-06-01 03:27:54'),
(84990, 214, 313, 1, '2018-06-01 03:27:58'),
(84991, 199, 273, 1, '2018-06-01 03:28:02'),
(84992, 171, 284, 1, '2018-06-01 03:28:07'),
(84993, 139, 281, 1, '2018-06-01 03:28:11'),
(84994, 138, 280, 1, '2018-06-01 03:28:15'),
(84995, 81, 0, 1, '2018-06-01 03:28:20'),
(84996, 143, 0, 1, '2018-06-01 03:28:24'),
(84997, 41, 0, 1, '2018-06-01 03:28:29'),
(84998, 184, 0, 1, '2018-06-01 03:28:33'),
(84999, 161, 0, 1, '2018-06-01 03:28:37'),
(85000, 144, 0, 1, '2018-06-01 03:28:41'),
(85001, 190, 0, 1, '2018-06-01 03:28:46'),
(85002, 44, 0, 1, '2018-06-01 03:28:48'),
(85003, 193, 0, 1, '2018-06-01 03:28:54'),
(85004, 153, 0, 1, '2018-06-01 03:28:59'),
(85005, 189, 266, 1, '2018-06-01 03:29:03'),
(85006, 149, 0, 1, '2018-06-01 03:29:07'),
(85007, 42, 0, 1, '2018-06-01 03:29:12'),
(85008, 191, 0, 1, '2018-06-01 03:29:16'),
(85009, 155, 0, 1, '2018-06-01 03:29:20'),
(85010, 148, 238, 1, '2018-06-01 03:29:25'),
(85011, 147, 236, 1, '2018-06-01 03:29:29'),
(85012, 196, 0, 1, '2018-06-01 03:29:33'),
(85013, 90, 110, 1, '2018-06-01 03:29:46'),
(85014, 110, 0, 1, '2018-06-01 03:30:31'),
(85015, 111, 0, 1, '2018-06-01 03:30:33'),
(85016, 89, 102, 1, '2018-06-01 03:30:39'),
(85017, 166, 218, 1, '2018-06-01 03:30:41'),
(85018, 172, 235, 1, '2018-06-01 03:30:56'),
(85019, 39, 0, 1, '2018-06-01 03:31:03'),
(85020, 109, 0, 1, '2018-06-01 03:31:05'),
(85021, 156, 0, 1, '2018-06-01 03:31:07'),
(85022, 44, 0, 1, '2018-06-01 05:37:44'),
(85023, 188, 0, 1, '2018-06-01 06:30:47'),
(85024, 109, 0, 1, '2018-06-01 06:30:52'),
(85025, 159, 0, 1, '2018-06-01 06:30:56'),
(85026, 157, 0, 1, '2018-06-01 06:31:00'),
(85027, 173, 0, 1, '2018-06-01 06:31:05'),
(85028, 90, 110, 1, '2018-06-01 06:31:09'),
(85029, 156, 0, 1, '2018-06-01 06:31:14'),
(85030, 111, 0, 1, '2018-06-01 06:31:18'),
(85031, 110, 0, 1, '2018-06-01 06:31:22'),
(85032, 195, 0, 1, '2018-06-01 06:31:27'),
(85033, 158, 0, 1, '2018-06-01 06:31:31'),
(85034, 113, 0, 1, '2018-06-01 06:31:35'),
(85035, 112, 0, 1, '2018-06-01 06:31:40'),
(85036, 125, 305, 1, '2018-06-01 06:31:44'),
(85037, 39, 0, 1, '2018-06-01 06:31:49'),
(85038, 136, 318, 1, '2018-06-01 06:31:53'),
(85039, 216, 315, 1, '2018-06-01 06:31:57'),
(85040, 209, 301, 1, '2018-06-01 06:32:01'),
(85041, 89, 102, 1, '2018-06-01 06:32:06'),
(85042, 95, 124, 1, '2018-06-01 06:32:10'),
(85043, 166, 218, 1, '2018-06-01 06:32:15'),
(85044, 21, 125, 1, '2018-06-01 06:32:17'),
(85045, 130, 279, 1, '2018-06-01 06:32:22'),
(85046, 133, 177, 1, '2018-06-01 06:32:24'),
(85047, 187, 282, 1, '2018-06-01 06:32:28'),
(85048, 135, 182, 1, '2018-06-01 06:32:32'),
(85049, 167, 222, 1, '2018-06-01 06:32:34'),
(85050, 26, 260, 1, '2018-06-01 06:32:39'),
(85051, 172, 235, 1, '2018-06-01 06:32:43'),
(85052, 27, 278, 1, '2018-06-01 06:32:48'),
(85053, 174, 232, 1, '2018-06-01 06:32:52'),
(85054, 128, 165, 1, '2018-06-01 06:32:56'),
(85055, 169, 228, 1, '2018-06-01 06:33:01'),
(85056, 163, 212, 1, '2018-06-01 06:33:07'),
(85057, 205, 297, 1, '2018-06-01 06:33:14'),
(85058, 203, 294, 1, '2018-06-01 06:33:18'),
(85059, 197, 270, 1, '2018-06-01 06:33:23'),
(85060, 204, 295, 1, '2018-06-01 06:33:27'),
(85061, 129, 167, 1, '2018-06-01 06:33:34'),
(85062, 94, 119, 1, '2018-06-01 06:33:38'),
(85063, 218, 319, 1, '2018-06-01 06:33:42'),
(85064, 213, 320, 1, '2018-06-01 06:33:49'),
(85065, 212, 307, 1, '2018-06-01 06:33:53'),
(85066, 131, 170, 1, '2018-06-01 06:34:00'),
(85067, 201, 289, 1, '2018-06-01 06:34:05'),
(85068, 92, 112, 1, '2018-06-01 06:34:09'),
(85069, 206, 298, 1, '2018-06-01 06:34:14'),
(85070, 165, 216, 1, '2018-06-01 06:34:18'),
(85071, 210, 303, 1, '2018-06-01 06:34:23'),
(85072, 207, 299, 1, '2018-06-01 06:34:27'),
(85073, 214, 313, 1, '2018-06-01 06:34:32'),
(85074, 199, 273, 1, '2018-06-01 06:34:36'),
(85075, 171, 284, 1, '2018-06-01 06:34:40'),
(85076, 139, 281, 1, '2018-06-01 06:34:45'),
(85077, 138, 280, 1, '2018-06-01 06:34:49'),
(85078, 81, 0, 1, '2018-06-01 06:34:53'),
(85079, 143, 0, 1, '2018-06-01 06:34:58'),
(85080, 41, 0, 1, '2018-06-01 06:35:02'),
(85081, 184, 0, 1, '2018-06-01 06:35:07'),
(85082, 161, 0, 1, '2018-06-01 06:35:11'),
(85083, 144, 0, 1, '2018-06-01 06:35:16'),
(85084, 190, 0, 1, '2018-06-01 06:35:20'),
(85085, 44, 0, 1, '2018-06-01 06:35:22'),
(85086, 193, 0, 1, '2018-06-01 06:35:29'),
(85087, 153, 0, 1, '2018-06-01 06:35:33'),
(85088, 189, 266, 1, '2018-06-01 06:35:37'),
(85089, 149, 0, 1, '2018-06-01 06:35:42'),
(85090, 42, 0, 1, '2018-06-01 06:35:46'),
(85091, 191, 0, 1, '2018-06-01 06:35:50'),
(85092, 155, 0, 1, '2018-06-01 06:35:55'),
(85093, 148, 238, 1, '2018-06-01 06:35:59'),
(85094, 147, 236, 1, '2018-06-01 06:36:04'),
(85095, 196, 0, 1, '2018-06-01 06:36:08'),
(85096, 90, 110, 1, '2018-06-01 06:36:21'),
(85097, 110, 0, 1, '2018-06-01 06:37:07'),
(85098, 111, 0, 1, '2018-06-01 06:37:09'),
(85099, 89, 102, 1, '2018-06-01 06:37:16'),
(85100, 166, 218, 1, '2018-06-01 06:37:18'),
(85101, 172, 235, 1, '2018-06-01 06:37:34'),
(85102, 39, 0, 1, '2018-06-01 06:37:41'),
(85103, 109, 0, 1, '2018-06-01 06:37:43'),
(85104, 156, 0, 1, '2018-06-01 06:37:45'),
(85105, 44, 0, 1, '2018-06-01 07:30:38'),
(85106, 161, 0, 1, '2018-06-01 10:02:15'),
(85107, 188, 0, 1, '2018-06-01 10:59:54'),
(85108, 109, 0, 1, '2018-06-01 10:59:58'),
(85109, 159, 0, 1, '2018-06-01 11:00:03'),
(85110, 157, 0, 1, '2018-06-01 11:00:07'),
(85111, 173, 0, 1, '2018-06-01 11:00:11'),
(85112, 90, 110, 1, '2018-06-01 11:00:16'),
(85113, 156, 0, 1, '2018-06-01 11:00:20'),
(85114, 111, 0, 1, '2018-06-01 11:00:25'),
(85115, 110, 0, 1, '2018-06-01 11:00:29'),
(85116, 195, 0, 1, '2018-06-01 11:00:33'),
(85117, 158, 0, 1, '2018-06-01 11:00:37'),
(85118, 113, 0, 1, '2018-06-01 11:00:42'),
(85119, 112, 0, 1, '2018-06-01 11:00:46'),
(85120, 125, 305, 1, '2018-06-01 11:00:51'),
(85121, 39, 0, 1, '2018-06-01 11:00:55'),
(85122, 136, 318, 1, '2018-06-01 11:00:59'),
(85123, 216, 315, 1, '2018-06-01 11:01:04'),
(85124, 209, 301, 1, '2018-06-01 11:01:08'),
(85125, 89, 102, 1, '2018-06-01 11:01:13'),
(85126, 95, 124, 1, '2018-06-01 11:01:17'),
(85127, 166, 218, 1, '2018-06-01 11:01:21'),
(85128, 21, 125, 1, '2018-06-01 11:01:23'),
(85129, 130, 279, 1, '2018-06-01 11:01:28'),
(85130, 133, 177, 1, '2018-06-01 11:01:30'),
(85131, 187, 282, 1, '2018-06-01 11:01:34'),
(85132, 135, 182, 1, '2018-06-01 11:01:39'),
(85133, 167, 222, 1, '2018-06-01 11:01:41'),
(85134, 26, 260, 1, '2018-06-01 11:01:45'),
(85135, 172, 235, 1, '2018-06-01 11:01:49'),
(85136, 27, 278, 1, '2018-06-01 11:01:54'),
(85137, 174, 232, 1, '2018-06-01 11:01:59'),
(85138, 128, 165, 1, '2018-06-01 11:02:03'),
(85139, 169, 228, 1, '2018-06-01 11:02:08'),
(85140, 163, 212, 1, '2018-06-01 11:02:14'),
(85141, 205, 297, 1, '2018-06-01 11:02:22'),
(85142, 203, 294, 1, '2018-06-01 11:02:26'),
(85143, 197, 270, 1, '2018-06-01 11:02:30'),
(85144, 204, 295, 1, '2018-06-01 11:02:35'),
(85145, 129, 167, 1, '2018-06-01 11:02:41'),
(85146, 94, 119, 1, '2018-06-01 11:02:46'),
(85147, 218, 319, 1, '2018-06-01 11:02:50'),
(85148, 213, 320, 1, '2018-06-01 11:02:57'),
(85149, 212, 307, 1, '2018-06-01 11:03:01'),
(85150, 131, 170, 1, '2018-06-01 11:03:08'),
(85151, 201, 289, 1, '2018-06-01 11:03:12'),
(85152, 92, 112, 1, '2018-06-01 11:03:16'),
(85153, 206, 298, 1, '2018-06-01 11:03:21'),
(85154, 165, 216, 1, '2018-06-01 11:03:26'),
(85155, 210, 303, 1, '2018-06-01 11:03:30'),
(85156, 207, 299, 1, '2018-06-01 11:03:34'),
(85157, 214, 313, 1, '2018-06-01 11:03:39'),
(85158, 199, 273, 1, '2018-06-01 11:03:43'),
(85159, 171, 284, 1, '2018-06-01 11:03:47'),
(85160, 139, 281, 1, '2018-06-01 11:03:52'),
(85161, 138, 280, 1, '2018-06-01 11:03:56'),
(85162, 81, 0, 1, '2018-06-01 11:04:00'),
(85163, 143, 0, 1, '2018-06-01 11:04:05'),
(85164, 41, 0, 1, '2018-06-01 11:04:10'),
(85165, 184, 0, 1, '2018-06-01 11:04:14'),
(85166, 161, 0, 1, '2018-06-01 11:04:18'),
(85167, 144, 0, 1, '2018-06-01 11:04:23'),
(85168, 190, 0, 1, '2018-06-01 11:04:27'),
(85169, 44, 0, 1, '2018-06-01 11:04:30'),
(85170, 193, 0, 1, '2018-06-01 11:04:37'),
(85171, 153, 0, 1, '2018-06-01 11:04:41'),
(85172, 189, 266, 1, '2018-06-01 11:04:46'),
(85173, 149, 0, 1, '2018-06-01 11:04:50'),
(85174, 42, 0, 1, '2018-06-01 11:04:55'),
(85175, 191, 0, 1, '2018-06-01 11:04:59'),
(85176, 155, 0, 1, '2018-06-01 11:05:04'),
(85177, 148, 238, 1, '2018-06-01 11:05:09'),
(85178, 147, 236, 1, '2018-06-01 11:05:13'),
(85179, 196, 0, 1, '2018-06-01 11:05:18'),
(85180, 90, 110, 1, '2018-06-01 11:05:31'),
(85181, 110, 0, 1, '2018-06-01 11:06:17'),
(85182, 111, 0, 1, '2018-06-01 11:06:19'),
(85183, 89, 102, 1, '2018-06-01 11:06:26'),
(85184, 166, 218, 1, '2018-06-01 11:06:28'),
(85185, 172, 235, 1, '2018-06-01 11:06:43'),
(85186, 39, 0, 1, '2018-06-01 11:06:50'),
(85187, 109, 0, 1, '2018-06-01 11:06:52'),
(85188, 156, 0, 1, '2018-06-01 11:06:54'),
(85189, 149, 0, 1, '2018-06-01 13:23:57'),
(85190, 149, 0, 1, '2018-06-01 13:28:07'),
(85191, 149, 0, 1, '2018-06-01 13:31:21'),
(85192, 149, 0, 1, '2018-06-01 13:35:04'),
(85193, 148, 238, 1, '2018-06-01 15:55:59'),
(85194, 148, 238, 1, '2018-06-01 15:56:54'),
(85195, 148, 238, 1, '2018-06-01 15:58:58'),
(85196, 144, 0, 1, '2018-06-01 17:19:17'),
(85197, 95, 124, 1, '2018-06-01 21:17:00'),
(85198, 112, 0, 1, '2018-06-01 21:40:28'),
(85199, 129, 167, 1, '2018-06-02 00:56:30'),
(85200, 129, 167, 1, '2018-06-02 00:56:42'),
(85201, 129, 167, 1, '2018-06-02 01:01:21'),
(85202, 193, 0, 1, '2018-06-02 04:41:59'),
(85203, 193, 0, 1, '2018-06-02 04:46:18'),
(85204, 193, 0, 1, '2018-06-02 04:46:23'),
(85205, 184, 0, 1, '2018-06-02 07:20:04'),
(85206, 158, 0, 1, '2018-06-02 07:42:57'),
(85207, 204, 295, 1, '2018-06-02 09:34:25'),
(85208, 113, 0, 1, '2018-06-02 10:50:13'),
(85209, 44, 0, 1, '2018-06-02 12:50:22'),
(85210, 44, 0, 1, '2018-06-02 12:51:20'),
(85211, 44, 0, 1, '2018-06-02 12:51:22'),
(85212, 161, 0, 1, '2018-06-02 13:23:44'),
(85213, 161, 0, 1, '2018-06-02 13:24:49'),
(85214, 161, 0, 1, '2018-06-02 13:26:14'),
(85215, 42, 0, 1, '2018-06-02 16:02:17'),
(85216, 42, 0, 1, '2018-06-02 16:02:35'),
(85217, 129, 167, 1, '2018-06-02 17:09:09'),
(85218, 196, 0, 1, '2018-06-02 18:43:21'),
(85219, 195, 0, 1, '2018-06-02 20:42:37'),
(85220, 199, 273, 1, '2018-06-02 23:14:38'),
(85221, 135, 182, 1, '2018-06-03 00:26:40'),
(85222, 144, 0, 1, '2018-06-03 01:57:01'),
(85223, 149, 0, 1, '2018-06-03 01:59:41'),
(85224, 39, 0, 1, '2018-06-03 05:39:41'),
(85225, 89, 102, 1, '2018-06-03 05:51:08'),
(85226, 109, 0, 1, '2018-06-03 09:36:57'),
(85227, 147, 236, 1, '2018-06-03 10:19:37'),
(85228, 41, 0, 1, '2018-06-03 10:43:05'),
(85229, 41, 0, 1, '2018-06-03 10:43:53'),
(85230, 41, 0, 1, '2018-06-03 10:44:51'),
(85231, 193, 0, 1, '2018-06-03 11:29:46'),
(85232, 190, 0, 1, '2018-06-03 11:52:00'),
(85233, 190, 0, 1, '2018-06-03 11:59:07'),
(85234, 190, 0, 1, '2018-06-03 11:59:16'),
(85235, 190, 0, 1, '2018-06-03 12:01:23'),
(85236, 41, 0, 1, '2018-06-03 13:22:36'),
(85237, 41, 0, 1, '2018-06-03 13:46:34'),
(85238, 155, 0, 1, '2018-06-03 15:07:37'),
(85239, 155, 0, 1, '2018-06-03 15:08:29'),
(85240, 155, 0, 1, '2018-06-03 15:10:23'),
(85241, 159, 0, 1, '2018-06-03 18:08:56'),
(85242, 191, 0, 1, '2018-06-03 18:27:58'),
(85243, 143, 0, 1, '2018-06-03 20:29:12'),
(85244, 143, 0, 1, '2018-06-03 20:29:33'),
(85245, 143, 0, 1, '2018-06-03 20:30:17'),
(85246, 143, 0, 1, '2018-06-03 20:31:01'),
(85247, 111, 0, 1, '2018-06-03 23:32:25'),
(85248, 130, 279, 1, '2018-06-04 02:06:05'),
(85249, 130, 279, 1, '2018-06-04 02:06:43'),
(85250, 130, 279, 1, '2018-06-04 02:09:14'),
(85251, 130, 279, 1, '2018-06-04 02:09:20'),
(85252, 172, 235, 1, '2018-06-04 02:49:24'),
(85253, 212, 307, 1, '2018-06-04 02:49:28'),
(85254, 163, 212, 1, '2018-06-04 02:49:28'),
(85255, 131, 170, 1, '2018-06-04 02:49:30'),
(85256, 187, 282, 1, '2018-06-04 02:49:30'),
(85257, 136, 318, 1, '2018-06-04 02:49:33'),
(85258, 174, 232, 1, '2018-06-04 02:49:35'),
(85259, 143, 0, 1, '2018-06-04 02:49:39'),
(85260, 213, 320, 1, '2018-06-04 02:49:39'),
(85261, 218, 319, 1, '2018-06-04 02:49:42'),
(85262, 27, 278, 1, '2018-06-04 02:49:42'),
(85263, 42, 0, 1, '2018-06-04 02:49:47'),
(85264, 41, 0, 1, '2018-06-04 02:49:49'),
(85265, 184, 0, 1, '2018-06-04 02:49:50'),
(85266, 147, 236, 1, '2018-06-04 02:49:50'),
(85267, 161, 0, 1, '2018-06-04 02:49:53'),
(85268, 149, 0, 1, '2018-06-04 02:49:55'),
(85269, 193, 0, 1, '2018-06-04 02:49:55'),
(85270, 191, 0, 1, '2018-06-04 02:49:58'),
(85271, 148, 238, 1, '2018-06-04 02:49:58'),
(85272, 153, 0, 1, '2018-06-04 02:50:03'),
(85273, 44, 0, 1, '2018-06-04 02:50:03'),
(85274, 81, 0, 1, '2018-06-04 02:50:10'),
(85275, 189, 266, 1, '2018-06-04 02:50:10'),
(85276, 155, 0, 1, '2018-06-04 02:50:11'),
(85277, 144, 0, 1, '2018-06-04 02:50:13'),
(85278, 190, 0, 1, '2018-06-04 02:50:15'),
(85279, 196, 0, 1, '2018-06-04 02:50:24'),
(85280, 195, 0, 1, '2018-06-04 02:50:27'),
(85281, 166, 218, 1, '2018-06-04 02:50:30'),
(85282, 167, 222, 1, '2018-06-04 02:50:33'),
(85283, 216, 315, 1, '2018-06-04 02:50:35'),
(85284, 26, 260, 1, '2018-06-04 02:50:36'),
(85285, 95, 124, 1, '2018-06-04 02:50:38'),
(85286, 209, 301, 1, '2018-06-04 02:50:39'),
(85287, 89, 102, 1, '2018-06-04 02:50:40'),
(85288, 169, 228, 1, '2018-06-04 02:50:40'),
(85289, 133, 177, 1, '2018-06-04 02:50:45'),
(85290, 135, 182, 1, '2018-06-04 02:50:49'),
(85291, 128, 165, 1, '2018-06-04 02:50:50'),
(85292, 130, 279, 1, '2018-06-04 02:50:53'),
(85293, 21, 125, 1, '2018-06-04 02:50:54'),
(85294, 165, 216, 1, '2018-06-04 02:50:57'),
(85295, 188, 0, 1, '2018-06-04 02:50:58'),
(85296, 206, 298, 1, '2018-06-04 02:50:58'),
(85297, 157, 0, 1, '2018-06-04 02:50:59'),
(85298, 159, 0, 1, '2018-06-04 02:51:03'),
(85299, 111, 0, 1, '2018-06-04 02:51:03'),
(85300, 156, 0, 1, '2018-06-04 02:51:08'),
(85301, 173, 0, 1, '2018-06-04 02:51:10'),
(85302, 90, 110, 1, '2018-06-04 02:51:12'),
(85303, 110, 0, 1, '2018-06-04 02:51:13'),
(85304, 109, 0, 1, '2018-06-04 02:51:13'),
(85305, 112, 0, 1, '2018-06-04 02:51:15'),
(85306, 113, 0, 1, '2018-06-04 02:51:18'),
(85307, 158, 0, 1, '2018-06-04 02:51:19'),
(85308, 92, 112, 1, '2018-06-04 02:51:20'),
(85309, 201, 289, 1, '2018-06-04 02:51:24'),
(85310, 204, 295, 1, '2018-06-04 02:51:29'),
(85311, 199, 273, 1, '2018-06-04 02:51:30'),
(85312, 197, 270, 1, '2018-06-04 02:51:31'),
(85313, 39, 0, 1, '2018-06-04 02:51:33'),
(85314, 125, 305, 1, '2018-06-04 02:51:36'),
(85315, 90, 110, 1, '2018-06-04 02:51:38'),
(85316, 139, 281, 1, '2018-06-04 02:51:41'),
(85317, 207, 299, 1, '2018-06-04 02:51:43'),
(85318, 171, 284, 1, '2018-06-04 02:51:43'),
(85319, 214, 313, 1, '2018-06-04 02:51:45'),
(85320, 210, 303, 1, '2018-06-04 02:51:47'),
(85321, 138, 280, 1, '2018-06-04 02:51:47'),
(85322, 129, 167, 1, '2018-06-04 02:51:49'),
(85323, 203, 294, 1, '2018-06-04 02:51:50'),
(85324, 94, 119, 1, '2018-06-04 02:51:52'),
(85325, 205, 297, 1, '2018-06-04 02:51:54'),
(85326, 173, 0, 1, '2018-06-04 02:51:59'),
(85327, 109, 0, 1, '2018-06-04 02:53:12'),
(85328, 39, 0, 1, '2018-06-04 02:53:13'),
(85329, 110, 0, 1, '2018-06-04 02:53:41'),
(85330, 156, 0, 1, '2018-06-04 02:53:42'),
(85331, 89, 102, 1, '2018-06-04 02:53:45'),
(85332, 166, 218, 1, '2018-06-04 02:53:46'),
(85333, 111, 0, 1, '2018-06-04 02:53:48'),
(85334, 172, 235, 1, '2018-06-04 02:54:00'),
(85335, 157, 0, 1, '2018-06-04 02:54:03'),
(85336, 27, 278, 1, '2018-06-04 02:54:08'),
(85337, 149, 0, 1, '2018-06-04 03:42:57'),
(85338, 149, 0, 1, '2018-06-04 04:04:27'),
(85339, 149, 0, 1, '2018-06-04 04:05:08'),
(85340, 149, 0, 1, '2018-06-04 04:06:24'),
(85341, 148, 238, 1, '2018-06-04 06:25:15'),
(85342, 188, 0, 1, '2018-06-04 06:29:20'),
(85343, 144, 0, 1, '2018-06-04 08:03:35'),
(85344, 199, 273, 1, '2018-06-04 09:17:22'),
(85345, 39, 0, 1, '2018-06-04 11:09:07'),
(85346, 153, 0, 1, '2018-06-04 15:48:49'),
(85347, 147, 236, 1, '2018-06-04 15:59:04'),
(85348, 147, 236, 1, '2018-06-04 16:03:16'),
(85349, 153, 0, 1, '2018-06-04 16:06:25'),
(85350, 147, 236, 1, '2018-06-04 16:10:04'),
(85351, 147, 236, 1, '2018-06-04 16:11:26'),
(85352, 41, 0, 1, '2018-06-04 16:22:06'),
(85353, 41, 0, 1, '2018-06-04 16:23:08'),
(85354, 41, 0, 1, '2018-06-04 16:26:25'),
(85355, 190, 0, 1, '2018-06-04 17:30:05'),
(85356, 190, 0, 1, '2018-06-04 17:30:54'),
(85357, 190, 0, 1, '2018-06-04 17:31:14'),
(85358, 156, 0, 1, '2018-06-04 20:10:00'),
(85359, 184, 0, 1, '2018-06-04 20:16:43'),
(85360, 184, 0, 1, '2018-06-04 20:17:28'),
(85361, 184, 0, 1, '2018-06-04 20:21:25'),
(85362, 155, 0, 1, '2018-06-04 20:39:09'),
(85363, 155, 0, 1, '2018-06-04 20:39:14'),
(85364, 155, 0, 1, '2018-06-04 20:41:24'),
(85365, 81, 0, 1, '2018-06-04 20:42:55'),
(85366, 81, 0, 1, '2018-06-04 20:43:10'),
(85367, 81, 0, 1, '2018-06-04 20:45:22'),
(85368, 159, 0, 1, '2018-06-05 00:19:38'),
(85369, 44, 0, 1, '2018-06-05 01:53:03'),
(85370, 44, 0, 1, '2018-06-05 01:53:49'),
(85371, 44, 0, 1, '2018-06-05 01:55:35'),
(85372, 155, 0, 1, '2018-06-05 03:04:36'),
(85373, 26, 260, 1, '2018-06-05 05:36:17'),
(85374, 130, 279, 1, '2018-06-05 08:31:08'),
(85375, 130, 279, 1, '2018-06-05 08:32:16'),
(85376, 130, 279, 1, '2018-06-05 08:32:32'),
(85377, 130, 279, 1, '2018-06-05 08:34:27'),
(85378, 149, 0, 1, '2018-06-05 10:36:27'),
(85379, 188, 0, 1, '2018-06-05 12:51:47'),
(85380, 155, 0, 1, '2018-06-05 13:46:45'),
(85381, 184, 0, 1, '2018-06-05 20:36:42'),
(85382, 157, 0, 1, '2018-06-05 20:37:00'),
(85383, 189, 266, 1, '2018-06-05 20:37:18'),
(85384, 147, 236, 1, '2018-06-05 20:38:01'),
(85385, 42, 0, 1, '2018-06-05 20:38:45'),
(85386, 191, 0, 1, '2018-06-05 20:41:09'),
(85387, 143, 0, 1, '2018-06-05 20:41:54'),
(85388, 193, 0, 1, '2018-06-05 20:42:42'),
(85389, 144, 0, 1, '2018-06-05 20:43:24'),
(85390, 153, 0, 1, '2018-06-05 20:44:13'),
(85391, 184, 0, 1, '2018-06-05 20:45:23'),
(85392, 149, 0, 1, '2018-06-05 20:46:07'),
(85393, 161, 0, 1, '2018-06-05 20:46:55'),
(85394, 41, 0, 1, '2018-06-05 20:47:44'),
(85395, 155, 0, 1, '2018-06-05 20:48:27'),
(85396, 190, 0, 1, '2018-06-05 20:49:11'),
(85397, 44, 0, 1, '2018-06-05 20:50:31'),
(85398, 148, 238, 1, '2018-06-05 20:52:44'),
(85399, 81, 0, 1, '2018-06-05 20:56:36'),
(85400, 109, 0, 1, '2018-06-05 22:08:35'),
(85401, 147, 236, 1, '2018-06-05 22:42:31'),
(85402, 41, 0, 1, '2018-06-05 23:05:48'),
(85403, 110, 0, 1, '2018-06-05 23:20:32'),
(85404, 193, 0, 1, '2018-06-05 23:48:22'),
(85405, 190, 0, 1, '2018-06-06 00:24:19'),
(85406, 157, 0, 1, '2018-06-06 01:17:54'),
(85407, 161, 0, 1, '2018-06-06 07:26:01'),
(85408, 188, 0, 1, '2018-06-06 09:09:36'),
(85409, 109, 0, 1, '2018-06-06 09:09:41'),
(85410, 159, 0, 1, '2018-06-06 09:09:46'),
(85411, 157, 0, 1, '2018-06-06 09:09:50'),
(85412, 173, 0, 1, '2018-06-06 09:09:55'),
(85413, 90, 110, 1, '2018-06-06 09:10:00'),
(85414, 156, 0, 1, '2018-06-06 09:10:05'),
(85415, 111, 0, 1, '2018-06-06 09:10:09'),
(85416, 110, 0, 1, '2018-06-06 09:10:14'),
(85417, 195, 0, 1, '2018-06-06 09:10:18'),
(85418, 158, 0, 1, '2018-06-06 09:10:23'),
(85419, 113, 0, 1, '2018-06-06 09:10:28'),
(85420, 112, 0, 1, '2018-06-06 09:10:32'),
(85421, 125, 305, 1, '2018-06-06 09:10:37'),
(85422, 39, 0, 1, '2018-06-06 09:10:41'),
(85423, 136, 318, 1, '2018-06-06 09:10:46'),
(85424, 216, 315, 1, '2018-06-06 09:10:50'),
(85425, 209, 301, 1, '2018-06-06 09:10:55'),
(85426, 89, 102, 1, '2018-06-06 09:10:59'),
(85427, 95, 124, 1, '2018-06-06 09:11:04'),
(85428, 166, 218, 1, '2018-06-06 09:11:08'),
(85429, 21, 125, 1, '2018-06-06 09:11:10'),
(85430, 130, 279, 1, '2018-06-06 09:11:15'),
(85431, 133, 177, 1, '2018-06-06 09:11:17'),
(85432, 187, 282, 1, '2018-06-06 09:11:22'),
(85433, 135, 182, 1, '2018-06-06 09:11:26'),
(85434, 167, 222, 1, '2018-06-06 09:11:28'),
(85435, 26, 260, 1, '2018-06-06 09:11:33'),
(85436, 172, 235, 1, '2018-06-06 09:11:38'),
(85437, 27, 278, 1, '2018-06-06 09:11:42'),
(85438, 174, 232, 1, '2018-06-06 09:11:47'),
(85439, 128, 165, 1, '2018-06-06 09:11:51'),
(85440, 169, 228, 1, '2018-06-06 09:11:56'),
(85441, 163, 212, 1, '2018-06-06 09:12:03'),
(85442, 205, 297, 1, '2018-06-06 09:12:10'),
(85443, 203, 294, 1, '2018-06-06 09:12:14'),
(85444, 197, 270, 1, '2018-06-06 09:12:19'),
(85445, 204, 295, 1, '2018-06-06 09:12:23'),
(85446, 129, 167, 1, '2018-06-06 09:12:30'),
(85447, 94, 119, 1, '2018-06-06 09:12:35'),
(85448, 218, 319, 1, '2018-06-06 09:12:39'),
(85449, 213, 320, 1, '2018-06-06 09:12:46'),
(85450, 212, 307, 1, '2018-06-06 09:12:50'),
(85451, 131, 170, 1, '2018-06-06 09:12:57'),
(85452, 201, 289, 1, '2018-06-06 09:13:02'),
(85453, 92, 112, 1, '2018-06-06 09:13:06'),
(85454, 206, 298, 1, '2018-06-06 09:13:11'),
(85455, 165, 216, 1, '2018-06-06 09:13:15'),
(85456, 210, 303, 1, '2018-06-06 09:13:20'),
(85457, 207, 299, 1, '2018-06-06 09:13:25'),
(85458, 214, 313, 1, '2018-06-06 09:13:30'),
(85459, 199, 273, 1, '2018-06-06 09:13:34'),
(85460, 171, 284, 1, '2018-06-06 09:13:39'),
(85461, 139, 281, 1, '2018-06-06 09:13:43'),
(85462, 138, 280, 1, '2018-06-06 09:13:48'),
(85463, 81, 0, 1, '2018-06-06 09:13:53'),
(85464, 143, 0, 1, '2018-06-06 09:13:58'),
(85465, 41, 0, 1, '2018-06-06 09:14:03'),
(85466, 184, 0, 1, '2018-06-06 09:14:08'),
(85467, 161, 0, 1, '2018-06-06 09:14:13'),
(85468, 144, 0, 1, '2018-06-06 09:14:18'),
(85469, 190, 0, 1, '2018-06-06 09:14:22'),
(85470, 44, 0, 1, '2018-06-06 09:14:25'),
(85471, 193, 0, 1, '2018-06-06 09:14:32'),
(85472, 153, 0, 1, '2018-06-06 09:14:37'),
(85473, 189, 266, 1, '2018-06-06 09:14:41'),
(85474, 149, 0, 1, '2018-06-06 09:14:46'),
(85475, 42, 0, 1, '2018-06-06 09:14:51'),
(85476, 191, 0, 1, '2018-06-06 09:14:56'),
(85477, 155, 0, 1, '2018-06-06 09:15:00'),
(85478, 148, 238, 1, '2018-06-06 09:15:05'),
(85479, 147, 236, 1, '2018-06-06 09:15:10'),
(85480, 196, 0, 1, '2018-06-06 09:15:14'),
(85481, 90, 110, 1, '2018-06-06 09:15:30'),
(85482, 110, 0, 1, '2018-06-06 09:16:19'),
(85483, 111, 0, 1, '2018-06-06 09:16:21'),
(85484, 89, 102, 1, '2018-06-06 09:16:28'),
(85485, 166, 218, 1, '2018-06-06 09:16:30'),
(85486, 172, 235, 1, '2018-06-06 09:16:46'),
(85487, 39, 0, 1, '2018-06-06 09:16:53'),
(85488, 109, 0, 1, '2018-06-06 09:16:55'),
(85489, 156, 0, 1, '2018-06-06 09:16:57'),
(85490, 112, 0, 1, '2018-06-06 10:27:29'),
(85491, 130, 279, 1, '2018-06-06 12:31:19'),
(85492, 130, 279, 1, '2018-06-06 12:32:02'),
(85493, 130, 279, 1, '2018-06-06 12:36:24'),
(85494, 188, 0, 1, '2018-06-06 13:24:45'),
(85495, 109, 0, 1, '2018-06-06 13:24:50'),
(85496, 159, 0, 1, '2018-06-06 13:24:55'),
(85497, 157, 0, 1, '2018-06-06 13:24:59'),
(85498, 173, 0, 1, '2018-06-06 13:25:03'),
(85499, 90, 110, 1, '2018-06-06 13:25:08'),
(85500, 156, 0, 1, '2018-06-06 13:25:12'),
(85501, 111, 0, 1, '2018-06-06 13:25:17'),
(85502, 110, 0, 1, '2018-06-06 13:25:22'),
(85503, 195, 0, 1, '2018-06-06 13:25:26'),
(85504, 158, 0, 1, '2018-06-06 13:25:31'),
(85505, 113, 0, 1, '2018-06-06 13:25:35'),
(85506, 112, 0, 1, '2018-06-06 13:25:40'),
(85507, 125, 305, 1, '2018-06-06 13:25:44'),
(85508, 39, 0, 1, '2018-06-06 13:25:49'),
(85509, 136, 318, 1, '2018-06-06 13:25:53'),
(85510, 216, 315, 1, '2018-06-06 13:25:57'),
(85511, 209, 301, 1, '2018-06-06 13:26:02'),
(85512, 89, 102, 1, '2018-06-06 13:26:06'),
(85513, 95, 124, 1, '2018-06-06 13:26:11'),
(85514, 166, 218, 1, '2018-06-06 13:26:15'),
(85515, 21, 125, 1, '2018-06-06 13:26:18'),
(85516, 130, 279, 1, '2018-06-06 13:26:22'),
(85517, 133, 177, 1, '2018-06-06 13:26:25'),
(85518, 187, 282, 1, '2018-06-06 13:26:29'),
(85519, 135, 182, 1, '2018-06-06 13:26:34'),
(85520, 167, 222, 1, '2018-06-06 13:26:36'),
(85521, 26, 260, 1, '2018-06-06 13:26:40'),
(85522, 172, 235, 1, '2018-06-06 13:26:45'),
(85523, 27, 278, 1, '2018-06-06 13:26:49'),
(85524, 174, 232, 1, '2018-06-06 13:26:54'),
(85525, 128, 165, 1, '2018-06-06 13:26:58'),
(85526, 169, 228, 1, '2018-06-06 13:27:03'),
(85527, 163, 212, 1, '2018-06-06 13:27:11'),
(85528, 205, 297, 1, '2018-06-06 13:27:18'),
(85529, 203, 294, 1, '2018-06-06 13:27:23'),
(85530, 197, 270, 1, '2018-06-06 13:27:27'),
(85531, 204, 295, 1, '2018-06-06 13:27:32'),
(85532, 129, 167, 1, '2018-06-06 13:27:38'),
(85533, 94, 119, 1, '2018-06-06 13:27:43'),
(85534, 218, 319, 1, '2018-06-06 13:27:48'),
(85535, 213, 320, 1, '2018-06-06 13:27:55'),
(85536, 212, 307, 1, '2018-06-06 13:27:59'),
(85537, 131, 170, 1, '2018-06-06 13:28:06'),
(85538, 201, 289, 1, '2018-06-06 13:28:11'),
(85539, 92, 112, 1, '2018-06-06 13:28:15'),
(85540, 206, 298, 1, '2018-06-06 13:28:20'),
(85541, 165, 216, 1, '2018-06-06 13:28:24'),
(85542, 210, 303, 1, '2018-06-06 13:28:29'),
(85543, 207, 299, 1, '2018-06-06 13:28:33'),
(85544, 214, 313, 1, '2018-06-06 13:28:37'),
(85545, 199, 273, 1, '2018-06-06 13:28:42'),
(85546, 171, 284, 1, '2018-06-06 13:28:47'),
(85547, 139, 281, 1, '2018-06-06 13:28:51'),
(85548, 138, 280, 1, '2018-06-06 13:28:56'),
(85549, 81, 0, 1, '2018-06-06 13:29:00'),
(85550, 143, 0, 1, '2018-06-06 13:29:05'),
(85551, 41, 0, 1, '2018-06-06 13:29:09'),
(85552, 184, 0, 1, '2018-06-06 13:29:14'),
(85553, 161, 0, 1, '2018-06-06 13:29:18'),
(85554, 144, 0, 1, '2018-06-06 13:29:23'),
(85555, 190, 0, 1, '2018-06-06 13:29:28'),
(85556, 44, 0, 1, '2018-06-06 13:29:30'),
(85557, 193, 0, 1, '2018-06-06 13:29:37'),
(85558, 153, 0, 1, '2018-06-06 13:29:42'),
(85559, 189, 266, 1, '2018-06-06 13:29:47'),
(85560, 149, 0, 1, '2018-06-06 13:29:51'),
(85561, 42, 0, 1, '2018-06-06 13:29:56'),
(85562, 191, 0, 1, '2018-06-06 13:30:01'),
(85563, 155, 0, 1, '2018-06-06 13:30:06'),
(85564, 148, 238, 1, '2018-06-06 13:30:10'),
(85565, 147, 236, 1, '2018-06-06 13:30:15'),
(85566, 196, 0, 1, '2018-06-06 13:30:21'),
(85567, 90, 110, 1, '2018-06-06 13:30:34'),
(85568, 110, 0, 1, '2018-06-06 13:31:20'),
(85569, 111, 0, 1, '2018-06-06 13:31:22'),
(85570, 89, 102, 1, '2018-06-06 13:31:29'),
(85571, 166, 218, 1, '2018-06-06 13:31:31'),
(85572, 172, 235, 1, '2018-06-06 13:31:48'),
(85573, 39, 0, 1, '2018-06-06 13:31:55'),
(85574, 109, 0, 1, '2018-06-06 13:31:57'),
(85575, 156, 0, 1, '2018-06-06 13:31:59'),
(85576, 195, 0, 1, '2018-06-06 14:04:21'),
(85577, 149, 0, 1, '2018-06-06 14:26:20'),
(85578, 149, 0, 1, '2018-06-06 14:26:31'),
(85579, 149, 0, 1, '2018-06-06 14:28:32'),
(85580, 144, 0, 1, '2018-06-06 18:25:03'),
(85581, 144, 0, 1, '2018-06-06 18:26:20'),
(85582, 144, 0, 1, '2018-06-06 18:29:33'),
(85583, 155, 0, 1, '2018-06-06 21:30:39'),
(85584, 128, 165, 1, '2018-06-07 01:30:24'),
(85585, 204, 295, 1, '2018-06-07 02:12:38'),
(85586, 204, 295, 1, '2018-06-07 02:13:33'),
(85587, 204, 295, 1, '2018-06-07 02:14:54'),
(85588, 147, 236, 1, '2018-06-07 02:55:03'),
(85589, 153, 0, 1, '2018-06-07 02:56:09'),
(85590, 110, 0, 1, '2018-06-07 03:20:45'),
(85591, 193, 0, 1, '2018-06-07 04:12:36'),
(85592, 193, 0, 1, '2018-06-07 04:13:14'),
(85593, 193, 0, 1, '2018-06-07 04:13:49'),
(85594, 193, 0, 1, '2018-06-07 04:14:59'),
(85595, 190, 0, 1, '2018-06-07 04:40:06'),
(85596, 190, 0, 1, '2018-06-07 04:40:12'),
(85597, 190, 0, 1, '2018-06-07 04:40:59'),
(85598, 190, 0, 1, '2018-06-07 04:41:21'),
(85599, 156, 0, 1, '2018-06-07 06:32:22'),
(85600, 184, 0, 1, '2018-06-07 06:32:22'),
(85601, 184, 0, 1, '2018-06-07 06:34:00'),
(85602, 184, 0, 1, '2018-06-07 06:35:25'),
(85603, 191, 0, 1, '2018-06-07 10:30:45'),
(85604, 191, 0, 1, '2018-06-07 10:31:27'),
(85605, 191, 0, 1, '2018-06-07 10:34:17'),
(85606, 143, 0, 1, '2018-06-07 12:17:56'),
(85607, 143, 0, 1, '2018-06-07 12:18:59'),
(85608, 143, 0, 1, '2018-06-07 12:20:13'),
(85609, 143, 0, 1, '2018-06-07 12:21:38'),
(85610, 189, 266, 1, '2018-06-07 12:51:48'),
(85611, 189, 266, 1, '2018-06-07 12:52:30');
INSERT INTO `dds_cart_product` (`id_cart`, `id_product`, `id_product_attribute`, `quantity`, `date_add`) VALUES
(85612, 189, 266, 1, '2018-06-07 12:56:25'),
(85613, 110, 0, 1, '2018-06-07 13:12:21'),
(85614, 130, 279, 1, '2018-06-07 17:09:31'),
(85615, 130, 279, 1, '2018-06-07 17:11:25'),
(85616, 130, 279, 1, '2018-06-07 17:15:20'),
(85617, 149, 0, 1, '2018-06-07 18:31:20'),
(85618, 149, 0, 1, '2018-06-07 18:36:23'),
(85619, 149, 0, 1, '2018-06-07 18:38:43'),
(85620, 149, 0, 1, '2018-06-07 18:39:37'),
(85621, 148, 238, 1, '2018-06-07 21:15:26'),
(85622, 188, 0, 1, '2018-06-07 21:18:56'),
(85623, 144, 0, 1, '2018-06-07 23:04:14'),
(85624, 144, 0, 1, '2018-06-07 23:04:39'),
(85625, 144, 0, 1, '2018-06-07 23:06:22'),
(85626, 199, 273, 1, '2018-06-07 23:43:55'),
(85627, 167, 222, 1, '2018-06-07 23:46:09'),
(85628, 41, 0, 1, '2018-06-08 06:56:54'),
(85629, 41, 0, 1, '2018-06-08 06:57:15'),
(85630, 41, 0, 1, '2018-06-08 07:00:05'),
(85631, 193, 0, 1, '2018-06-08 07:35:24'),
(85632, 190, 0, 1, '2018-06-08 08:13:18'),
(85633, 184, 0, 1, '2018-06-08 10:11:06'),
(85634, 155, 0, 1, '2018-06-08 10:51:24'),
(85635, 155, 0, 1, '2018-06-08 10:51:55'),
(85636, 155, 0, 1, '2018-06-08 10:54:02'),
(85637, 191, 0, 1, '2018-06-08 13:34:22'),
(85638, 161, 0, 1, '2018-06-08 14:59:43'),
(85639, 161, 0, 1, '2018-06-08 15:01:24'),
(85640, 161, 0, 1, '2018-06-08 15:04:07'),
(85641, 143, 0, 1, '2018-06-08 15:32:42'),
(85642, 111, 0, 1, '2018-06-08 18:15:00'),
(85643, 195, 0, 1, '2018-06-08 21:44:52'),
(85644, 149, 0, 1, '2018-06-08 22:00:54'),
(85645, 149, 0, 1, '2018-06-08 22:01:27'),
(85646, 149, 0, 1, '2018-06-08 22:04:09'),
(85647, 188, 0, 1, '2018-06-09 00:33:47'),
(85648, 148, 238, 1, '2018-06-09 00:43:59'),
(85649, 149, 0, 1, '2018-06-09 03:57:13'),
(85650, 147, 236, 1, '2018-06-09 09:42:22'),
(85651, 147, 236, 1, '2018-06-09 09:50:10'),
(85652, 147, 236, 1, '2018-06-09 09:50:49'),
(85653, 147, 236, 1, '2018-06-09 09:51:25'),
(85654, 193, 0, 1, '2018-06-09 10:43:57'),
(85655, 190, 0, 1, '2018-06-09 11:20:54'),
(85656, 157, 0, 1, '2018-06-09 12:07:28'),
(85657, 191, 0, 1, '2018-06-09 16:53:15'),
(85658, 161, 0, 1, '2018-06-09 18:23:54'),
(85659, 195, 0, 1, '2018-06-09 18:57:08'),
(85660, 189, 266, 1, '2018-06-09 19:28:36'),
(85661, 189, 266, 1, '2018-06-09 19:29:17'),
(85662, 189, 266, 1, '2018-06-09 19:31:27'),
(85663, 111, 0, 1, '2018-06-09 21:51:29'),
(85664, 196, 0, 1, '2018-06-09 23:38:33'),
(85665, 159, 0, 1, '2018-06-10 00:00:20'),
(85666, 149, 0, 1, '2018-06-10 01:45:50'),
(85667, 149, 0, 1, '2018-06-10 01:46:39'),
(85668, 149, 0, 1, '2018-06-10 01:51:24'),
(85669, 149, 0, 1, '2018-06-10 01:54:07'),
(85670, 188, 0, 1, '2018-06-10 03:14:26'),
(85671, 188, 0, 1, '2018-06-10 03:14:29'),
(85672, 188, 0, 1, '2018-06-10 03:14:33'),
(85673, 188, 0, 1, '2018-06-10 03:14:34'),
(85674, 188, 0, 1, '2018-06-10 03:14:35'),
(85675, 188, 0, 1, '2018-06-10 03:14:35'),
(85676, 188, 0, 1, '2018-06-10 03:14:38'),
(85677, 188, 0, 1, '2018-06-10 03:14:39'),
(85678, 188, 0, 1, '2018-06-10 03:14:40'),
(85679, 188, 0, 1, '2018-06-10 03:14:42'),
(85680, 188, 0, 1, '2018-06-10 03:14:42'),
(85681, 188, 0, 1, '2018-06-10 03:14:44'),
(85682, 188, 0, 1, '2018-06-10 03:14:45'),
(85683, 188, 0, 1, '2018-06-10 03:14:46'),
(85684, 188, 0, 1, '2018-06-10 03:14:48'),
(85685, 188, 0, 1, '2018-06-10 03:14:48'),
(85686, 188, 0, 1, '2018-06-10 03:14:50'),
(85687, 188, 0, 1, '2018-06-10 03:14:53'),
(85688, 188, 0, 1, '2018-06-10 03:14:53'),
(85689, 188, 0, 1, '2018-06-10 03:14:55'),
(85690, 188, 0, 1, '2018-06-10 03:14:57'),
(85691, 188, 0, 1, '2018-06-10 03:14:57'),
(85692, 188, 0, 1, '2018-06-10 03:14:59'),
(85693, 188, 0, 1, '2018-06-10 03:15:00'),
(85694, 188, 0, 1, '2018-06-10 03:15:02'),
(85695, 188, 0, 1, '2018-06-10 03:15:02'),
(85696, 188, 0, 1, '2018-06-10 03:15:05'),
(85697, 188, 0, 1, '2018-06-10 03:15:05'),
(85698, 188, 0, 1, '2018-06-10 03:15:08'),
(85699, 188, 0, 1, '2018-06-10 03:15:09'),
(85700, 188, 0, 1, '2018-06-10 03:15:12'),
(85701, 188, 0, 1, '2018-06-10 03:15:12'),
(85702, 188, 0, 1, '2018-06-10 03:15:15'),
(85703, 188, 0, 1, '2018-06-10 03:15:15'),
(85704, 188, 0, 1, '2018-06-10 03:15:18'),
(85705, 188, 0, 1, '2018-06-10 03:15:18'),
(85706, 188, 0, 1, '2018-06-10 03:15:21'),
(85707, 188, 0, 1, '2018-06-10 03:15:21'),
(85708, 188, 0, 1, '2018-06-10 03:15:23'),
(85709, 188, 0, 1, '2018-06-10 03:15:24'),
(85710, 188, 0, 1, '2018-06-10 03:15:25'),
(85711, 188, 0, 1, '2018-06-10 03:15:26'),
(85712, 188, 0, 1, '2018-06-10 03:15:27'),
(85713, 188, 0, 1, '2018-06-10 03:15:28'),
(85714, 188, 0, 1, '2018-06-10 03:15:30'),
(85715, 188, 0, 1, '2018-06-10 03:15:30'),
(85716, 188, 0, 1, '2018-06-10 03:15:33'),
(85717, 188, 0, 1, '2018-06-10 03:15:33'),
(85718, 188, 0, 1, '2018-06-10 03:15:35'),
(85719, 188, 0, 1, '2018-06-10 03:15:35'),
(85720, 188, 0, 1, '2018-06-10 03:15:37'),
(85721, 188, 0, 1, '2018-06-10 03:15:38'),
(85722, 188, 0, 1, '2018-06-10 03:15:40'),
(85723, 188, 0, 1, '2018-06-10 03:15:41'),
(85724, 188, 0, 1, '2018-06-10 03:15:42'),
(85725, 188, 0, 1, '2018-06-10 03:15:43'),
(85726, 188, 0, 1, '2018-06-10 03:15:43'),
(85727, 188, 0, 1, '2018-06-10 03:15:46'),
(85728, 188, 0, 1, '2018-06-10 03:15:46'),
(85729, 188, 0, 1, '2018-06-10 03:15:49'),
(85730, 188, 0, 1, '2018-06-10 03:15:52'),
(85731, 188, 0, 1, '2018-06-10 03:15:53'),
(85732, 188, 0, 1, '2018-06-10 03:15:54'),
(85733, 188, 0, 1, '2018-06-10 03:15:54'),
(85734, 188, 0, 1, '2018-06-10 03:15:55'),
(85735, 188, 0, 1, '2018-06-10 03:15:57'),
(85736, 188, 0, 1, '2018-06-10 03:15:58'),
(85737, 188, 0, 1, '2018-06-10 03:15:58'),
(85738, 188, 0, 1, '2018-06-10 03:16:00'),
(85739, 188, 0, 1, '2018-06-10 03:16:00'),
(85740, 188, 0, 1, '2018-06-10 03:16:01'),
(85741, 188, 0, 1, '2018-06-10 03:16:01'),
(85742, 188, 0, 1, '2018-06-10 03:16:02'),
(85743, 188, 0, 1, '2018-06-10 03:16:03'),
(85744, 188, 0, 1, '2018-06-10 03:16:03'),
(85745, 188, 0, 1, '2018-06-10 03:16:04'),
(85746, 188, 0, 1, '2018-06-10 03:16:05'),
(85747, 188, 0, 1, '2018-06-10 03:16:06'),
(85748, 188, 0, 1, '2018-06-10 03:16:06'),
(85749, 188, 0, 1, '2018-06-10 03:16:08'),
(85750, 188, 0, 1, '2018-06-10 03:16:09'),
(85751, 188, 0, 1, '2018-06-10 03:16:09'),
(85752, 188, 0, 1, '2018-06-10 03:16:10'),
(85753, 188, 0, 1, '2018-06-10 03:16:10'),
(85754, 188, 0, 1, '2018-06-10 03:16:11'),
(85755, 188, 0, 1, '2018-06-10 03:16:12'),
(85756, 188, 0, 1, '2018-06-10 03:16:13'),
(85757, 188, 0, 1, '2018-06-10 03:16:13'),
(85758, 188, 0, 1, '2018-06-10 03:16:13'),
(85759, 188, 0, 1, '2018-06-10 03:16:14'),
(85760, 188, 0, 1, '2018-06-10 03:16:15'),
(85761, 188, 0, 1, '2018-06-10 03:16:16'),
(85762, 188, 0, 1, '2018-06-10 03:16:16'),
(85763, 188, 0, 1, '2018-06-10 03:16:17'),
(85764, 188, 0, 1, '2018-06-10 03:16:17'),
(85765, 188, 0, 1, '2018-06-10 03:16:19'),
(85766, 188, 0, 1, '2018-06-10 03:16:19'),
(85767, 188, 0, 1, '2018-06-10 03:16:20'),
(85768, 188, 0, 1, '2018-06-10 03:16:20'),
(85769, 188, 0, 1, '2018-06-10 03:16:21'),
(85770, 188, 0, 1, '2018-06-10 03:16:22'),
(85771, 188, 0, 1, '2018-06-10 03:16:23'),
(85772, 188, 0, 1, '2018-06-10 03:16:23'),
(85773, 188, 0, 1, '2018-06-10 03:16:24'),
(85774, 188, 0, 1, '2018-06-10 03:16:24'),
(85775, 188, 0, 1, '2018-06-10 03:16:25'),
(85776, 188, 0, 1, '2018-06-10 03:16:25'),
(85777, 188, 0, 1, '2018-06-10 03:16:25'),
(85778, 188, 0, 1, '2018-06-10 03:16:25'),
(85779, 188, 0, 1, '2018-06-10 03:16:26'),
(85780, 188, 0, 1, '2018-06-10 03:16:26'),
(85781, 188, 0, 1, '2018-06-10 03:16:26'),
(85782, 188, 0, 1, '2018-06-10 03:16:26'),
(85783, 188, 0, 1, '2018-06-10 03:16:26'),
(85784, 188, 0, 1, '2018-06-10 03:16:27'),
(85785, 188, 0, 1, '2018-06-10 03:16:27'),
(85786, 188, 0, 1, '2018-06-10 03:16:27'),
(85787, 188, 0, 1, '2018-06-10 03:16:27'),
(85788, 188, 0, 1, '2018-06-10 03:16:28'),
(85789, 188, 0, 1, '2018-06-10 03:16:28'),
(85790, 188, 0, 1, '2018-06-10 03:16:28'),
(85791, 188, 0, 1, '2018-06-10 03:16:28'),
(85792, 188, 0, 1, '2018-06-10 03:16:28'),
(85793, 188, 0, 1, '2018-06-10 03:16:29'),
(85794, 188, 0, 1, '2018-06-10 03:16:29'),
(85795, 188, 0, 1, '2018-06-10 03:16:29'),
(85796, 188, 0, 1, '2018-06-10 03:16:29'),
(85797, 188, 0, 1, '2018-06-10 03:16:29'),
(85798, 188, 0, 1, '2018-06-10 03:16:30'),
(85799, 188, 0, 1, '2018-06-10 03:16:30'),
(85800, 188, 0, 1, '2018-06-10 03:16:30'),
(85801, 188, 0, 1, '2018-06-10 03:16:30'),
(85802, 188, 0, 1, '2018-06-10 03:16:30'),
(85803, 188, 0, 1, '2018-06-10 03:16:30'),
(85804, 188, 0, 1, '2018-06-10 03:16:31'),
(85805, 188, 0, 1, '2018-06-10 03:16:31'),
(85806, 188, 0, 1, '2018-06-10 03:16:31'),
(85807, 188, 0, 1, '2018-06-10 03:16:31'),
(85808, 188, 0, 1, '2018-06-10 03:16:32'),
(85809, 188, 0, 1, '2018-06-10 03:16:32'),
(85810, 188, 0, 1, '2018-06-10 03:16:32'),
(85811, 188, 0, 1, '2018-06-10 03:16:33'),
(85812, 188, 0, 1, '2018-06-10 03:16:33'),
(85813, 188, 0, 1, '2018-06-10 03:16:33'),
(85814, 188, 0, 1, '2018-06-10 03:16:33'),
(85815, 188, 0, 1, '2018-06-10 03:16:33'),
(85816, 188, 0, 1, '2018-06-10 03:16:34'),
(85817, 188, 0, 1, '2018-06-10 03:16:34'),
(85818, 188, 0, 1, '2018-06-10 03:16:34'),
(85819, 188, 0, 1, '2018-06-10 03:16:34'),
(85820, 188, 0, 1, '2018-06-10 03:16:34'),
(85821, 188, 0, 1, '2018-06-10 03:16:35'),
(85822, 188, 0, 1, '2018-06-10 03:16:35'),
(85823, 188, 0, 1, '2018-06-10 03:16:35'),
(85824, 188, 0, 1, '2018-06-10 03:16:35'),
(85825, 188, 0, 1, '2018-06-10 03:16:35'),
(85826, 188, 0, 1, '2018-06-10 03:16:36'),
(85827, 188, 0, 1, '2018-06-10 03:16:36'),
(85828, 188, 0, 1, '2018-06-10 03:16:36'),
(85829, 188, 0, 1, '2018-06-10 03:16:36'),
(85830, 188, 0, 1, '2018-06-10 03:16:37'),
(85831, 188, 0, 1, '2018-06-10 03:16:37'),
(85832, 188, 0, 1, '2018-06-10 03:16:37'),
(85833, 188, 0, 1, '2018-06-10 03:16:37'),
(85834, 188, 0, 1, '2018-06-10 03:16:37'),
(85835, 188, 0, 1, '2018-06-10 03:16:38'),
(85836, 188, 0, 1, '2018-06-10 03:16:38'),
(85837, 188, 0, 1, '2018-06-10 03:16:38'),
(85838, 188, 0, 1, '2018-06-10 03:16:39'),
(85839, 188, 0, 1, '2018-06-10 03:16:39'),
(85840, 188, 0, 1, '2018-06-10 03:16:39'),
(85841, 188, 0, 1, '2018-06-10 03:16:39'),
(85842, 188, 0, 1, '2018-06-10 03:16:40'),
(85843, 188, 0, 1, '2018-06-10 03:16:40'),
(85844, 188, 0, 1, '2018-06-10 03:16:40'),
(85845, 188, 0, 1, '2018-06-10 03:16:40'),
(85846, 188, 0, 1, '2018-06-10 03:16:40'),
(85847, 188, 0, 1, '2018-06-10 03:16:40'),
(85848, 188, 0, 1, '2018-06-10 03:16:41'),
(85849, 188, 0, 1, '2018-06-10 03:16:41'),
(85850, 188, 0, 1, '2018-06-10 03:16:42'),
(85851, 188, 0, 1, '2018-06-10 03:16:42'),
(85852, 188, 0, 1, '2018-06-10 03:16:42'),
(85853, 188, 0, 1, '2018-06-10 03:16:43'),
(85854, 188, 0, 1, '2018-06-10 03:16:43'),
(85855, 188, 0, 1, '2018-06-10 03:16:43'),
(85856, 188, 0, 1, '2018-06-10 03:16:44'),
(85857, 188, 0, 1, '2018-06-10 03:16:44'),
(85858, 188, 0, 1, '2018-06-10 03:16:44'),
(85859, 188, 0, 1, '2018-06-10 03:16:44'),
(85860, 188, 0, 1, '2018-06-10 03:16:44'),
(85861, 188, 0, 1, '2018-06-10 03:16:45'),
(85862, 188, 0, 1, '2018-06-10 03:16:45'),
(85863, 188, 0, 1, '2018-06-10 03:16:45'),
(85864, 188, 0, 1, '2018-06-10 03:16:45'),
(85865, 188, 0, 1, '2018-06-10 03:16:46'),
(85866, 188, 0, 1, '2018-06-10 03:16:46'),
(85867, 188, 0, 1, '2018-06-10 03:16:46'),
(85868, 188, 0, 1, '2018-06-10 03:16:46'),
(85869, 188, 0, 1, '2018-06-10 03:16:46'),
(85870, 188, 0, 1, '2018-06-10 03:16:47'),
(85871, 188, 0, 1, '2018-06-10 03:16:47'),
(85872, 188, 0, 1, '2018-06-10 03:16:47'),
(85873, 188, 0, 1, '2018-06-10 03:16:48'),
(85874, 188, 0, 1, '2018-06-10 03:16:48'),
(85875, 188, 0, 1, '2018-06-10 03:16:48'),
(85876, 188, 0, 1, '2018-06-10 03:16:49'),
(85877, 188, 0, 1, '2018-06-10 03:16:49'),
(85878, 188, 0, 1, '2018-06-10 03:16:49'),
(85879, 188, 0, 1, '2018-06-10 03:16:50'),
(85880, 188, 0, 1, '2018-06-10 03:16:50'),
(85881, 188, 0, 1, '2018-06-10 03:16:50'),
(85882, 188, 0, 1, '2018-06-10 03:16:50'),
(85883, 188, 0, 1, '2018-06-10 03:16:51'),
(85884, 188, 0, 1, '2018-06-10 03:16:51'),
(85885, 188, 0, 1, '2018-06-10 03:16:51'),
(85886, 188, 0, 1, '2018-06-10 03:16:51'),
(85887, 188, 0, 1, '2018-06-10 03:16:51'),
(85888, 188, 0, 1, '2018-06-10 03:16:51'),
(85889, 188, 0, 1, '2018-06-10 03:16:52'),
(85890, 188, 0, 1, '2018-06-10 03:16:52'),
(85891, 188, 0, 1, '2018-06-10 03:16:52'),
(85892, 188, 0, 1, '2018-06-10 03:16:52'),
(85893, 188, 0, 1, '2018-06-10 03:16:53'),
(85894, 188, 0, 1, '2018-06-10 03:16:53'),
(85895, 188, 0, 1, '2018-06-10 03:16:53'),
(85896, 188, 0, 1, '2018-06-10 03:16:53'),
(85897, 188, 0, 1, '2018-06-10 03:16:54'),
(85898, 188, 0, 1, '2018-06-10 03:16:54'),
(85899, 188, 0, 1, '2018-06-10 03:16:54'),
(85900, 188, 0, 1, '2018-06-10 03:16:54'),
(85901, 188, 0, 1, '2018-06-10 03:16:54'),
(85902, 188, 0, 1, '2018-06-10 03:16:54'),
(85903, 188, 0, 1, '2018-06-10 03:16:55'),
(85904, 188, 0, 1, '2018-06-10 03:16:55'),
(85905, 188, 0, 1, '2018-06-10 03:16:55'),
(85906, 188, 0, 1, '2018-06-10 03:16:55'),
(85907, 188, 0, 1, '2018-06-10 03:16:56'),
(85908, 188, 0, 1, '2018-06-10 03:16:56'),
(85909, 188, 0, 1, '2018-06-10 03:16:56'),
(85910, 188, 0, 1, '2018-06-10 03:16:56'),
(85911, 188, 0, 1, '2018-06-10 03:16:56'),
(85912, 188, 0, 1, '2018-06-10 03:16:56'),
(85913, 188, 0, 1, '2018-06-10 03:16:57'),
(85914, 188, 0, 1, '2018-06-10 03:16:57'),
(85915, 188, 0, 1, '2018-06-10 03:16:57'),
(85916, 188, 0, 1, '2018-06-10 03:16:57'),
(85917, 188, 0, 1, '2018-06-10 03:16:58'),
(85918, 188, 0, 1, '2018-06-10 03:16:58'),
(85919, 188, 0, 1, '2018-06-10 03:16:59'),
(85920, 188, 0, 1, '2018-06-10 03:16:59'),
(85921, 188, 0, 1, '2018-06-10 03:16:59'),
(85922, 188, 0, 1, '2018-06-10 03:17:00'),
(85923, 188, 0, 1, '2018-06-10 03:17:00'),
(85924, 188, 0, 1, '2018-06-10 03:17:00'),
(85925, 188, 0, 1, '2018-06-10 03:17:00'),
(85926, 188, 0, 1, '2018-06-10 03:17:01'),
(85927, 188, 0, 1, '2018-06-10 03:17:01'),
(85928, 188, 0, 1, '2018-06-10 03:17:01'),
(85929, 188, 0, 1, '2018-06-10 03:17:01'),
(85930, 188, 0, 1, '2018-06-10 03:17:02'),
(85931, 188, 0, 1, '2018-06-10 03:17:02'),
(85932, 188, 0, 1, '2018-06-10 03:17:02'),
(85933, 188, 0, 1, '2018-06-10 03:17:02'),
(85934, 188, 0, 1, '2018-06-10 03:17:03'),
(85935, 188, 0, 1, '2018-06-10 03:17:03'),
(85936, 188, 0, 1, '2018-06-10 03:17:03'),
(85937, 188, 0, 1, '2018-06-10 03:17:03'),
(85938, 188, 0, 1, '2018-06-10 03:17:03'),
(85939, 188, 0, 1, '2018-06-10 03:17:03'),
(85940, 188, 0, 1, '2018-06-10 03:17:04'),
(85941, 188, 0, 1, '2018-06-10 03:17:04'),
(85942, 188, 0, 1, '2018-06-10 03:17:05'),
(85943, 188, 0, 1, '2018-06-10 03:17:05'),
(85944, 188, 0, 1, '2018-06-10 03:17:05'),
(85945, 188, 0, 1, '2018-06-10 03:17:05'),
(85946, 188, 0, 1, '2018-06-10 03:17:05'),
(85947, 188, 0, 1, '2018-06-10 03:17:06'),
(85948, 188, 0, 1, '2018-06-10 03:17:06'),
(85949, 188, 0, 1, '2018-06-10 03:17:06'),
(85950, 188, 0, 1, '2018-06-10 03:17:06'),
(85951, 188, 0, 1, '2018-06-10 03:17:07'),
(85952, 188, 0, 1, '2018-06-10 03:17:07'),
(85953, 188, 0, 1, '2018-06-10 03:17:07'),
(85954, 188, 0, 1, '2018-06-10 03:17:08'),
(85955, 188, 0, 1, '2018-06-10 03:17:08'),
(85956, 188, 0, 1, '2018-06-10 03:17:08'),
(85957, 188, 0, 1, '2018-06-10 03:17:09'),
(85958, 188, 0, 1, '2018-06-10 03:17:09'),
(85959, 188, 0, 1, '2018-06-10 03:17:09'),
(85960, 188, 0, 1, '2018-06-10 03:17:09'),
(85961, 188, 0, 1, '2018-06-10 03:17:10'),
(85962, 188, 0, 1, '2018-06-10 03:17:10'),
(85963, 188, 0, 1, '2018-06-10 03:17:10'),
(85964, 188, 0, 1, '2018-06-10 03:17:10'),
(85965, 188, 0, 1, '2018-06-10 03:17:11'),
(85966, 188, 0, 1, '2018-06-10 03:17:11'),
(85967, 188, 0, 1, '2018-06-10 03:17:11'),
(85968, 188, 0, 1, '2018-06-10 03:17:12'),
(85969, 188, 0, 1, '2018-06-10 03:17:12'),
(85970, 188, 0, 1, '2018-06-10 03:17:12'),
(85971, 188, 0, 1, '2018-06-10 03:17:13'),
(85972, 188, 0, 1, '2018-06-10 03:17:13'),
(85973, 188, 0, 1, '2018-06-10 03:17:13'),
(85974, 188, 0, 1, '2018-06-10 03:17:13'),
(85975, 188, 0, 1, '2018-06-10 03:17:14'),
(85976, 188, 0, 1, '2018-06-10 03:17:14'),
(85977, 188, 0, 1, '2018-06-10 03:17:14'),
(85978, 188, 0, 1, '2018-06-10 03:17:14'),
(85979, 188, 0, 1, '2018-06-10 03:17:15'),
(85980, 188, 0, 1, '2018-06-10 03:17:15'),
(85981, 188, 0, 1, '2018-06-10 03:17:15'),
(85982, 188, 0, 1, '2018-06-10 03:17:16'),
(85983, 188, 0, 1, '2018-06-10 03:17:16'),
(85984, 188, 0, 1, '2018-06-10 03:17:16'),
(85985, 188, 0, 1, '2018-06-10 03:17:16'),
(85986, 188, 0, 1, '2018-06-10 03:17:17'),
(85987, 188, 0, 1, '2018-06-10 03:17:17'),
(85988, 188, 0, 1, '2018-06-10 03:17:17'),
(85989, 188, 0, 1, '2018-06-10 03:17:18'),
(85990, 188, 0, 1, '2018-06-10 03:17:18'),
(85991, 188, 0, 1, '2018-06-10 03:17:18'),
(85992, 188, 0, 1, '2018-06-10 03:17:19'),
(85993, 188, 0, 1, '2018-06-10 03:17:19'),
(85994, 188, 0, 1, '2018-06-10 03:17:19'),
(85995, 188, 0, 1, '2018-06-10 03:17:20'),
(85996, 188, 0, 1, '2018-06-10 03:17:20'),
(85997, 188, 0, 1, '2018-06-10 03:17:20'),
(85998, 188, 0, 1, '2018-06-10 03:17:21'),
(85999, 188, 0, 1, '2018-06-10 03:17:21'),
(86000, 188, 0, 1, '2018-06-10 03:17:21'),
(86001, 188, 0, 1, '2018-06-10 03:17:21'),
(86002, 188, 0, 1, '2018-06-10 03:17:21'),
(86003, 188, 0, 1, '2018-06-10 03:17:22'),
(86004, 188, 0, 1, '2018-06-10 03:17:22'),
(86005, 188, 0, 1, '2018-06-10 03:17:22'),
(86006, 188, 0, 1, '2018-06-10 03:17:22'),
(86007, 188, 0, 1, '2018-06-10 03:17:22'),
(86008, 188, 0, 1, '2018-06-10 03:17:23'),
(86009, 188, 0, 1, '2018-06-10 03:17:23'),
(86010, 188, 0, 1, '2018-06-10 03:17:23'),
(86011, 188, 0, 1, '2018-06-10 03:17:23'),
(86012, 188, 0, 1, '2018-06-10 03:17:24'),
(86013, 188, 0, 1, '2018-06-10 03:17:24'),
(86014, 188, 0, 1, '2018-06-10 03:17:24'),
(86015, 188, 0, 1, '2018-06-10 03:17:24'),
(86016, 188, 0, 1, '2018-06-10 03:17:24'),
(86017, 188, 0, 1, '2018-06-10 03:17:24'),
(86018, 188, 0, 1, '2018-06-10 03:17:25'),
(86019, 188, 0, 1, '2018-06-10 03:17:25'),
(86020, 188, 0, 1, '2018-06-10 03:17:25'),
(86021, 188, 0, 1, '2018-06-10 03:17:25'),
(86022, 188, 0, 1, '2018-06-10 03:17:26'),
(86023, 188, 0, 1, '2018-06-10 03:17:26'),
(86024, 188, 0, 1, '2018-06-10 03:17:26'),
(86025, 188, 0, 1, '2018-06-10 03:17:26'),
(86026, 188, 0, 1, '2018-06-10 03:17:26'),
(86027, 188, 0, 1, '2018-06-10 03:17:27'),
(86028, 188, 0, 1, '2018-06-10 03:17:27'),
(86029, 188, 0, 1, '2018-06-10 03:17:27'),
(86030, 188, 0, 1, '2018-06-10 03:17:27'),
(86032, 188, 0, 1, '2018-06-10 03:17:27'),
(86031, 188, 0, 1, '2018-06-10 03:17:27'),
(86033, 188, 0, 1, '2018-06-10 03:17:28'),
(86034, 188, 0, 1, '2018-06-10 03:17:28'),
(86035, 188, 0, 1, '2018-06-10 03:17:28'),
(86036, 188, 0, 1, '2018-06-10 03:17:28'),
(86037, 188, 0, 1, '2018-06-10 03:17:29'),
(86038, 188, 0, 1, '2018-06-10 03:17:29'),
(86039, 188, 0, 1, '2018-06-10 03:17:29'),
(86040, 188, 0, 1, '2018-06-10 03:17:29'),
(86041, 188, 0, 1, '2018-06-10 03:17:29'),
(86042, 188, 0, 1, '2018-06-10 03:17:30'),
(86043, 188, 0, 1, '2018-06-10 03:17:30'),
(86044, 188, 0, 1, '2018-06-10 03:17:30'),
(86045, 188, 0, 1, '2018-06-10 03:17:30'),
(86046, 188, 0, 1, '2018-06-10 03:17:30'),
(86047, 188, 0, 1, '2018-06-10 03:17:31'),
(86048, 188, 0, 1, '2018-06-10 03:17:31'),
(86049, 188, 0, 1, '2018-06-10 03:17:31'),
(86050, 188, 0, 1, '2018-06-10 03:17:31'),
(86051, 188, 0, 1, '2018-06-10 03:17:31'),
(86052, 188, 0, 1, '2018-06-10 03:17:32'),
(86053, 188, 0, 1, '2018-06-10 03:17:32'),
(86054, 188, 0, 1, '2018-06-10 03:17:32'),
(86055, 188, 0, 1, '2018-06-10 03:17:32'),
(86056, 188, 0, 1, '2018-06-10 03:17:33'),
(86057, 188, 0, 1, '2018-06-10 03:17:33'),
(86058, 188, 0, 1, '2018-06-10 03:17:33'),
(86059, 188, 0, 1, '2018-06-10 03:17:33'),
(86060, 188, 0, 1, '2018-06-10 03:17:34'),
(86061, 188, 0, 1, '2018-06-10 03:17:34'),
(86062, 188, 0, 1, '2018-06-10 03:17:34'),
(86063, 188, 0, 1, '2018-06-10 03:17:34'),
(86064, 188, 0, 1, '2018-06-10 03:17:34'),
(86065, 188, 0, 1, '2018-06-10 03:17:35'),
(86066, 188, 0, 1, '2018-06-10 03:17:35'),
(86067, 188, 0, 1, '2018-06-10 03:17:35'),
(86068, 188, 0, 1, '2018-06-10 03:17:35'),
(86069, 188, 0, 1, '2018-06-10 03:17:35'),
(86070, 188, 0, 1, '2018-06-10 03:17:36'),
(86071, 188, 0, 1, '2018-06-10 03:17:36'),
(86072, 188, 0, 1, '2018-06-10 03:17:36'),
(86073, 188, 0, 1, '2018-06-10 03:17:36'),
(86074, 188, 0, 1, '2018-06-10 03:17:37'),
(86075, 188, 0, 1, '2018-06-10 03:17:37'),
(86076, 188, 0, 1, '2018-06-10 03:17:37'),
(86077, 188, 0, 1, '2018-06-10 03:17:37'),
(86078, 188, 0, 1, '2018-06-10 03:17:37'),
(86079, 188, 0, 1, '2018-06-10 03:17:38'),
(86080, 188, 0, 1, '2018-06-10 03:17:38'),
(86081, 188, 0, 1, '2018-06-10 03:17:38'),
(86082, 188, 0, 1, '2018-06-10 03:17:38'),
(86083, 188, 0, 1, '2018-06-10 03:17:38'),
(86084, 188, 0, 1, '2018-06-10 03:17:39'),
(86085, 188, 0, 1, '2018-06-10 03:17:39'),
(86086, 188, 0, 1, '2018-06-10 03:17:39'),
(86087, 188, 0, 1, '2018-06-10 03:17:39'),
(86088, 188, 0, 1, '2018-06-10 03:17:39'),
(86089, 188, 0, 1, '2018-06-10 03:17:40'),
(86090, 188, 0, 1, '2018-06-10 03:17:40'),
(86091, 188, 0, 1, '2018-06-10 03:17:40'),
(86092, 188, 0, 1, '2018-06-10 03:17:40'),
(86093, 188, 0, 1, '2018-06-10 03:17:40'),
(86094, 188, 0, 1, '2018-06-10 03:17:41'),
(86095, 188, 0, 1, '2018-06-10 03:17:41'),
(86096, 188, 0, 1, '2018-06-10 03:17:41'),
(86097, 188, 0, 1, '2018-06-10 03:17:41'),
(86098, 188, 0, 1, '2018-06-10 03:17:41'),
(86099, 188, 0, 1, '2018-06-10 03:17:42'),
(86100, 188, 0, 1, '2018-06-10 03:17:42'),
(86101, 188, 0, 1, '2018-06-10 03:17:42'),
(86102, 188, 0, 1, '2018-06-10 03:17:42'),
(86103, 188, 0, 1, '2018-06-10 03:17:42'),
(86104, 188, 0, 1, '2018-06-10 03:17:43'),
(86105, 188, 0, 1, '2018-06-10 03:17:43'),
(86106, 188, 0, 1, '2018-06-10 03:17:44'),
(86107, 188, 0, 1, '2018-06-10 03:17:44'),
(86108, 188, 0, 1, '2018-06-10 03:17:44'),
(86109, 188, 0, 1, '2018-06-10 03:17:45'),
(86110, 188, 0, 1, '2018-06-10 03:17:45'),
(86111, 188, 0, 1, '2018-06-10 03:17:45'),
(86112, 188, 0, 1, '2018-06-10 03:17:45'),
(86113, 188, 0, 1, '2018-06-10 03:17:46'),
(86114, 188, 0, 1, '2018-06-10 03:17:46'),
(86115, 188, 0, 1, '2018-06-10 03:17:46'),
(86116, 188, 0, 1, '2018-06-10 03:17:46'),
(86117, 188, 0, 1, '2018-06-10 03:17:46'),
(86118, 188, 0, 1, '2018-06-10 03:17:47'),
(86119, 188, 0, 1, '2018-06-10 03:17:47'),
(86120, 188, 0, 1, '2018-06-10 03:17:47'),
(86121, 188, 0, 1, '2018-06-10 03:17:47'),
(86122, 188, 0, 1, '2018-06-10 03:17:47'),
(86123, 188, 0, 1, '2018-06-10 03:17:48'),
(86124, 188, 0, 1, '2018-06-10 03:17:48'),
(86125, 188, 0, 1, '2018-06-10 03:17:48'),
(86126, 188, 0, 1, '2018-06-10 03:17:48'),
(86127, 188, 0, 1, '2018-06-10 03:17:49'),
(86128, 188, 0, 1, '2018-06-10 03:17:49'),
(86129, 188, 0, 1, '2018-06-10 03:17:49'),
(86130, 188, 0, 1, '2018-06-10 03:17:49'),
(86132, 188, 0, 1, '2018-06-10 03:17:50'),
(86131, 188, 0, 1, '2018-06-10 03:17:50'),
(86133, 188, 0, 1, '2018-06-10 03:17:50'),
(86134, 188, 0, 1, '2018-06-10 03:17:50'),
(86135, 188, 0, 1, '2018-06-10 03:17:50'),
(86136, 188, 0, 1, '2018-06-10 03:17:50'),
(86137, 188, 0, 1, '2018-06-10 03:17:51'),
(86138, 188, 0, 1, '2018-06-10 03:17:51'),
(86139, 188, 0, 1, '2018-06-10 03:17:51'),
(86140, 188, 0, 1, '2018-06-10 03:17:51'),
(86141, 188, 0, 1, '2018-06-10 03:17:52'),
(86142, 188, 0, 1, '2018-06-10 03:17:52'),
(86143, 188, 0, 1, '2018-06-10 03:17:52'),
(86144, 188, 0, 1, '2018-06-10 03:17:52'),
(86145, 188, 0, 1, '2018-06-10 03:17:53'),
(86146, 188, 0, 1, '2018-06-10 03:17:53'),
(86147, 188, 0, 1, '2018-06-10 03:17:53'),
(86148, 188, 0, 1, '2018-06-10 03:17:53'),
(86149, 188, 0, 1, '2018-06-10 03:17:54'),
(86150, 188, 0, 1, '2018-06-10 03:17:54'),
(86151, 188, 0, 1, '2018-06-10 03:17:54'),
(86152, 188, 0, 1, '2018-06-10 03:17:55'),
(86153, 188, 0, 1, '2018-06-10 03:17:55'),
(86154, 188, 0, 1, '2018-06-10 03:17:55'),
(86155, 188, 0, 1, '2018-06-10 03:17:56'),
(86156, 188, 0, 1, '2018-06-10 03:17:56'),
(86157, 188, 0, 1, '2018-06-10 03:17:56'),
(86158, 188, 0, 1, '2018-06-10 03:17:56'),
(86159, 188, 0, 1, '2018-06-10 03:17:57'),
(86160, 188, 0, 1, '2018-06-10 03:17:57'),
(86161, 188, 0, 1, '2018-06-10 03:17:57'),
(86162, 188, 0, 1, '2018-06-10 03:17:57'),
(86163, 188, 0, 1, '2018-06-10 03:17:57'),
(86164, 188, 0, 1, '2018-06-10 03:17:58'),
(86165, 188, 0, 1, '2018-06-10 03:17:58'),
(86166, 188, 0, 1, '2018-06-10 03:17:58'),
(86167, 188, 0, 1, '2018-06-10 03:17:58'),
(86168, 188, 0, 1, '2018-06-10 03:17:58'),
(86169, 188, 0, 1, '2018-06-10 03:17:59'),
(86170, 188, 0, 1, '2018-06-10 03:17:59'),
(86171, 188, 0, 1, '2018-06-10 03:17:59'),
(86172, 188, 0, 1, '2018-06-10 03:17:59'),
(86173, 188, 0, 1, '2018-06-10 03:17:59'),
(86174, 188, 0, 1, '2018-06-10 03:18:00'),
(86175, 188, 0, 1, '2018-06-10 03:18:00'),
(86176, 188, 0, 1, '2018-06-10 03:18:00'),
(86177, 188, 0, 1, '2018-06-10 03:18:00'),
(86178, 188, 0, 1, '2018-06-10 03:18:00'),
(86179, 188, 0, 1, '2018-06-10 03:18:01'),
(86180, 188, 0, 1, '2018-06-10 03:18:01'),
(86181, 188, 0, 1, '2018-06-10 03:18:01'),
(86182, 188, 0, 1, '2018-06-10 03:18:02'),
(86183, 188, 0, 1, '2018-06-10 03:18:02'),
(86184, 188, 0, 1, '2018-06-10 03:18:03'),
(86185, 188, 0, 1, '2018-06-10 03:18:03'),
(86186, 188, 0, 1, '2018-06-10 03:18:03'),
(86187, 188, 0, 1, '2018-06-10 03:18:04'),
(86188, 188, 0, 1, '2018-06-10 03:18:04'),
(86189, 188, 0, 1, '2018-06-10 03:18:05'),
(86190, 188, 0, 1, '2018-06-10 03:18:05'),
(86191, 188, 0, 1, '2018-06-10 03:18:05'),
(86192, 188, 0, 1, '2018-06-10 03:18:06'),
(86193, 188, 0, 1, '2018-06-10 03:18:06'),
(86194, 188, 0, 1, '2018-06-10 03:18:07'),
(86195, 188, 0, 1, '2018-06-10 03:18:07'),
(86196, 188, 0, 1, '2018-06-10 03:18:08'),
(86197, 188, 0, 1, '2018-06-10 03:18:08'),
(86198, 188, 0, 1, '2018-06-10 03:18:09'),
(86199, 188, 0, 1, '2018-06-10 03:18:09'),
(86200, 188, 0, 1, '2018-06-10 03:18:10'),
(86201, 188, 0, 1, '2018-06-10 03:18:10'),
(86202, 188, 0, 1, '2018-06-10 03:18:10'),
(86203, 188, 0, 1, '2018-06-10 03:18:11'),
(86204, 188, 0, 1, '2018-06-10 03:18:11'),
(86205, 188, 0, 1, '2018-06-10 03:18:12'),
(86206, 188, 0, 1, '2018-06-10 03:18:12'),
(86207, 188, 0, 1, '2018-06-10 03:18:12'),
(86208, 188, 0, 1, '2018-06-10 03:18:13'),
(86209, 188, 0, 1, '2018-06-10 03:18:13'),
(86210, 188, 0, 1, '2018-06-10 03:18:13'),
(86211, 188, 0, 1, '2018-06-10 04:37:06'),
(86212, 148, 238, 1, '2018-06-10 04:39:01'),
(86213, 95, 124, 1, '2018-06-10 12:24:32'),
(86214, 95, 124, 1, '2018-06-10 12:34:06'),
(86215, 95, 124, 1, '2018-06-10 12:35:51'),
(86216, 193, 0, 1, '2018-06-10 14:21:53'),
(86217, 193, 0, 1, '2018-06-10 14:24:03'),
(86218, 190, 0, 1, '2018-06-10 14:45:31'),
(86219, 190, 0, 1, '2018-06-10 14:47:36'),
(86220, 190, 0, 1, '2018-06-10 14:49:08'),
(86221, 172, 235, 1, '2018-06-10 15:37:57'),
(86222, 172, 235, 1, '2018-06-10 15:38:38'),
(86223, 172, 235, 1, '2018-06-10 15:39:37'),
(86224, 143, 0, 1, '2018-06-10 22:05:08'),
(86225, 94, 119, 1, '2018-06-10 22:41:18'),
(86226, 189, 266, 1, '2018-06-10 23:23:02'),
(86227, 189, 266, 1, '2018-06-10 23:24:30'),
(86228, 189, 266, 1, '2018-06-10 23:25:59'),
(86229, 197, 270, 1, '2018-06-11 00:07:58'),
(86230, 130, 279, 1, '2018-06-11 03:13:48'),
(86231, 130, 279, 1, '2018-06-11 03:30:10'),
(86232, 195, 0, 1, '2018-06-11 04:43:24'),
(86233, 195, 0, 1, '2018-06-11 04:47:40'),
(86234, 195, 0, 1, '2018-06-11 04:49:09'),
(86235, 188, 0, 1, '2018-06-11 07:37:18'),
(86236, 26, 260, 1, '2018-06-11 15:37:50'),
(86237, 26, 260, 1, '2018-06-11 15:38:08'),
(86238, 26, 260, 1, '2018-06-11 15:39:37'),
(86239, 147, 236, 1, '2018-06-11 16:06:05'),
(86240, 193, 0, 1, '2018-06-11 17:37:01'),
(86241, 159, 0, 1, '2018-06-11 18:57:04'),
(86242, 109, 0, 1, '2018-06-11 21:33:06'),
(86243, 94, 119, 1, '2018-06-12 02:24:12'),
(86244, 111, 0, 1, '2018-06-12 05:23:08'),
(86245, 188, 0, 1, '2018-06-12 07:04:48'),
(86246, 95, 124, 1, '2018-06-12 08:45:08'),
(86247, 44, 0, 1, '2018-06-12 08:48:36'),
(86248, 133, 177, 1, '2018-06-12 09:02:28'),
(86249, 167, 222, 1, '2018-06-12 09:05:56'),
(86250, 195, 0, 1, '2018-06-12 09:07:42'),
(86251, 189, 266, 1, '2018-06-12 09:09:24'),
(86252, 113, 0, 1, '2018-06-12 09:16:21'),
(86253, 204, 295, 1, '2018-06-12 09:19:48'),
(86254, 166, 218, 1, '2018-06-12 09:23:16'),
(86255, 174, 232, 1, '2018-06-12 10:39:44'),
(86255, 136, 318, 1, '2018-06-12 10:39:46'),
(86255, 163, 212, 1, '2018-06-12 10:39:48'),
(86255, 187, 282, 1, '2018-06-12 10:39:49'),
(86255, 212, 307, 1, '2018-06-12 10:39:52'),
(86255, 131, 170, 1, '2018-06-12 10:39:55'),
(86255, 172, 235, 1, '2018-06-12 10:39:56'),
(86255, 189, 266, 1, '2018-06-12 10:39:58'),
(86255, 193, 0, 1, '2018-06-12 10:40:01'),
(86255, 166, 218, 1, '2018-06-12 10:40:03'),
(86255, 165, 216, 1, '2018-06-12 10:40:05'),
(86255, 206, 298, 1, '2018-06-12 10:40:06'),
(86255, 167, 222, 1, '2018-06-12 10:40:07'),
(86255, 191, 0, 1, '2018-06-12 10:40:09'),
(86255, 190, 0, 1, '2018-06-12 10:40:11'),
(86255, 161, 0, 1, '2018-06-12 10:40:13'),
(86256, 148, 238, 1, '2018-06-12 11:47:26'),
(86257, 166, 218, 1, '2018-06-12 18:13:41'),
(86258, 187, 282, 1, '2018-06-12 18:53:47'),
(86259, 128, 165, 1, '2018-06-12 19:27:06'),
(86260, 147, 236, 1, '2018-06-12 21:15:20'),
(86261, 190, 0, 1, '2018-06-13 01:29:06'),
(86262, 156, 0, 1, '2018-06-13 02:35:04'),
(86263, 143, 0, 1, '2018-06-13 07:59:49'),
(86264, 131, 170, 1, '2018-06-13 08:20:03'),
(86265, 172, 235, 1, '2018-06-13 08:23:04'),
(86266, 92, 112, 1, '2018-06-13 08:54:06'),
(86267, 167, 222, 1, '2018-06-13 09:04:42'),
(86268, 184, 0, 1, '2018-06-13 09:53:15'),
(86269, 197, 270, 1, '2018-06-13 09:56:43'),
(86270, 197, 270, 1, '2018-06-13 10:00:10'),
(86271, 41, 0, 1, '2018-06-13 10:07:07'),
(86272, 111, 0, 1, '2018-06-13 10:10:58'),
(86273, 206, 298, 1, '2018-06-13 10:27:55'),
(86274, 21, 125, 1, '2018-06-13 10:52:11'),
(86275, 130, 279, 1, '2018-06-13 12:06:12'),
(86276, 130, 279, 1, '2018-06-13 12:06:26'),
(86277, 130, 279, 1, '2018-06-13 12:09:20'),
(86278, 133, 177, 1, '2018-06-13 13:31:40'),
(86279, 149, 0, 1, '2018-06-13 13:43:27'),
(86280, 148, 238, 1, '2018-06-13 16:19:21'),
(86281, 188, 0, 1, '2018-06-13 16:21:41'),
(86282, 144, 0, 1, '2018-06-13 18:02:32'),
(86283, 216, 315, 1, '2018-06-13 20:26:10'),
(86284, 136, 318, 1, '2018-06-13 22:58:18'),
(86285, 111, 0, 1, '2018-06-14 00:11:22'),
(86286, 109, 0, 1, '2018-06-14 02:11:27'),
(86287, 147, 236, 1, '2018-06-14 02:43:03'),
(86288, 41, 0, 1, '2018-06-14 02:59:13'),
(86289, 190, 0, 1, '2018-06-14 04:21:56'),
(86290, 166, 218, 1, '2018-06-14 04:44:19'),
(86291, 81, 0, 1, '2018-06-14 07:42:27'),
(86292, 188, 0, 1, '2018-06-14 08:24:54'),
(86293, 109, 0, 1, '2018-06-14 08:24:58'),
(86294, 159, 0, 1, '2018-06-14 08:25:03'),
(86295, 157, 0, 1, '2018-06-14 08:25:08'),
(86296, 173, 0, 1, '2018-06-14 08:25:12'),
(86297, 90, 110, 1, '2018-06-14 08:25:17'),
(86298, 156, 0, 1, '2018-06-14 08:25:21'),
(86299, 111, 0, 1, '2018-06-14 08:25:25'),
(86300, 110, 0, 1, '2018-06-14 08:25:30'),
(86301, 195, 0, 1, '2018-06-14 08:25:34'),
(86302, 158, 0, 1, '2018-06-14 08:25:39'),
(86303, 113, 0, 1, '2018-06-14 08:25:43'),
(86304, 112, 0, 1, '2018-06-14 08:25:47'),
(86305, 125, 305, 1, '2018-06-14 08:25:52'),
(86306, 39, 0, 1, '2018-06-14 08:25:56'),
(86307, 136, 318, 1, '2018-06-14 08:26:00'),
(86308, 216, 315, 1, '2018-06-14 08:26:05'),
(86309, 209, 301, 1, '2018-06-14 08:26:09'),
(86310, 89, 102, 1, '2018-06-14 08:26:14'),
(86311, 95, 124, 1, '2018-06-14 08:26:18'),
(86312, 166, 218, 1, '2018-06-14 08:26:22'),
(86313, 21, 125, 1, '2018-06-14 08:26:25'),
(86314, 130, 279, 1, '2018-06-14 08:26:29'),
(86315, 133, 177, 1, '2018-06-14 08:26:31'),
(86316, 187, 282, 1, '2018-06-14 08:26:35'),
(86317, 135, 182, 1, '2018-06-14 08:26:40'),
(86318, 167, 222, 1, '2018-06-14 08:26:42'),
(86319, 26, 260, 1, '2018-06-14 08:26:46'),
(86320, 172, 235, 1, '2018-06-14 08:26:51'),
(86321, 27, 278, 1, '2018-06-14 08:26:55'),
(86322, 174, 232, 1, '2018-06-14 08:26:59'),
(86323, 128, 165, 1, '2018-06-14 08:27:04'),
(86324, 169, 228, 1, '2018-06-14 08:27:08'),
(86325, 163, 212, 1, '2018-06-14 08:27:15'),
(86326, 205, 297, 1, '2018-06-14 08:27:22'),
(86327, 203, 294, 1, '2018-06-14 08:27:26'),
(86328, 197, 270, 1, '2018-06-14 08:27:30'),
(86329, 204, 295, 1, '2018-06-14 08:27:35'),
(86330, 129, 167, 1, '2018-06-14 08:27:41'),
(86331, 94, 119, 1, '2018-06-14 08:27:46'),
(86332, 218, 319, 1, '2018-06-14 08:27:50'),
(86333, 213, 320, 1, '2018-06-14 08:27:56'),
(86334, 212, 307, 1, '2018-06-14 08:28:01'),
(86335, 131, 170, 1, '2018-06-14 08:28:07'),
(86336, 201, 289, 1, '2018-06-14 08:28:12'),
(86337, 92, 112, 1, '2018-06-14 08:28:16'),
(86338, 206, 298, 1, '2018-06-14 08:28:21'),
(86339, 165, 216, 1, '2018-06-14 08:28:25'),
(86340, 210, 303, 1, '2018-06-14 08:28:30'),
(86341, 207, 299, 1, '2018-06-14 08:28:34'),
(86342, 214, 313, 1, '2018-06-14 08:28:39'),
(86343, 199, 273, 1, '2018-06-14 08:28:43'),
(86344, 171, 284, 1, '2018-06-14 08:28:47'),
(86345, 139, 281, 1, '2018-06-14 08:28:52'),
(86346, 138, 280, 1, '2018-06-14 08:28:56'),
(86347, 81, 0, 1, '2018-06-14 08:29:00'),
(86348, 143, 0, 1, '2018-06-14 08:29:05'),
(86349, 41, 0, 1, '2018-06-14 08:29:09'),
(86350, 184, 0, 1, '2018-06-14 08:29:13'),
(86351, 161, 0, 1, '2018-06-14 08:29:18'),
(86352, 144, 0, 1, '2018-06-14 08:29:22'),
(86353, 190, 0, 1, '2018-06-14 08:29:26'),
(86354, 44, 0, 1, '2018-06-14 08:29:28'),
(86355, 193, 0, 1, '2018-06-14 08:29:35'),
(86356, 153, 0, 1, '2018-06-14 08:29:39'),
(86357, 189, 266, 1, '2018-06-14 08:29:44'),
(86358, 149, 0, 1, '2018-06-14 08:29:48'),
(86359, 42, 0, 1, '2018-06-14 08:29:52'),
(86360, 191, 0, 1, '2018-06-14 08:29:57'),
(86361, 155, 0, 1, '2018-06-14 08:30:01'),
(86362, 148, 238, 1, '2018-06-14 08:30:06'),
(86363, 147, 236, 1, '2018-06-14 08:30:10'),
(86364, 196, 0, 1, '2018-06-14 08:30:15'),
(86365, 90, 110, 1, '2018-06-14 08:30:28'),
(86366, 110, 0, 1, '2018-06-14 08:31:13'),
(86367, 111, 0, 1, '2018-06-14 08:31:15'),
(86368, 89, 102, 1, '2018-06-14 08:31:22'),
(86369, 166, 218, 1, '2018-06-14 08:31:24'),
(86370, 172, 235, 1, '2018-06-14 08:31:40'),
(86371, 39, 0, 1, '2018-06-14 08:31:47'),
(86372, 109, 0, 1, '2018-06-14 08:31:49'),
(86373, 156, 0, 1, '2018-06-14 08:31:51'),
(86374, 191, 0, 1, '2018-06-14 10:15:39'),
(86375, 135, 182, 1, '2018-06-14 10:20:59'),
(86376, 161, 0, 1, '2018-06-14 11:43:43'),
(86377, 94, 119, 1, '2018-06-14 11:59:29'),
(86378, 143, 0, 1, '2018-06-14 12:17:34'),
(86379, 131, 170, 1, '2018-06-14 12:52:59'),
(86380, 111, 0, 1, '2018-06-14 14:49:31'),
(86381, 130, 279, 1, '2018-06-14 16:44:46'),
(86382, 149, 0, 1, '2018-06-14 17:46:48'),
(86383, 42, 0, 1, '2018-06-14 17:51:49'),
(86384, 21, 125, 1, '2018-06-14 20:14:26'),
(86385, 21, 125, 1, '2018-06-14 20:15:48'),
(86386, 21, 125, 1, '2018-06-14 20:16:26'),
(86387, 148, 238, 1, '2018-06-14 21:17:34'),
(86388, 188, 0, 1, '2018-06-14 21:19:12'),
(86389, 41, 0, 1, '2018-06-14 21:43:33'),
(86390, 144, 0, 1, '2018-06-14 22:37:04'),
(86391, 39, 0, 1, '2018-06-15 02:22:24'),
(86392, 153, 0, 1, '2018-06-15 03:53:01'),
(86393, 188, 0, 1, '2018-06-15 05:31:29'),
(86394, 109, 0, 1, '2018-06-15 05:31:33'),
(86395, 159, 0, 1, '2018-06-15 05:31:38'),
(86396, 157, 0, 1, '2018-06-15 05:31:42'),
(86397, 173, 0, 1, '2018-06-15 05:31:47'),
(86398, 90, 110, 1, '2018-06-15 05:31:51'),
(86399, 156, 0, 1, '2018-06-15 05:31:55'),
(86400, 111, 0, 1, '2018-06-15 05:32:00'),
(86401, 110, 0, 1, '2018-06-15 05:32:04'),
(86402, 195, 0, 1, '2018-06-15 05:32:09'),
(86403, 158, 0, 1, '2018-06-15 05:32:13'),
(86404, 113, 0, 1, '2018-06-15 05:32:18'),
(86405, 112, 0, 1, '2018-06-15 05:32:22'),
(86406, 125, 305, 1, '2018-06-15 05:32:27'),
(86407, 39, 0, 1, '2018-06-15 05:32:31'),
(86408, 136, 318, 1, '2018-06-15 05:32:35'),
(86409, 216, 315, 1, '2018-06-15 05:32:40'),
(86410, 209, 301, 1, '2018-06-15 05:32:44'),
(86411, 89, 102, 1, '2018-06-15 05:32:49'),
(86412, 95, 124, 1, '2018-06-15 05:32:53'),
(86413, 166, 218, 1, '2018-06-15 05:32:58'),
(86414, 21, 125, 1, '2018-06-15 05:33:00'),
(86415, 130, 279, 1, '2018-06-15 05:33:04'),
(86416, 133, 177, 1, '2018-06-15 05:33:06'),
(86417, 187, 282, 1, '2018-06-15 05:33:11'),
(86418, 135, 182, 1, '2018-06-15 05:33:15'),
(86419, 167, 222, 1, '2018-06-15 05:33:17'),
(86420, 26, 260, 1, '2018-06-15 05:33:22'),
(86421, 172, 235, 1, '2018-06-15 05:33:26'),
(86422, 27, 278, 1, '2018-06-15 05:33:31'),
(86423, 174, 232, 1, '2018-06-15 05:33:35'),
(86424, 128, 165, 1, '2018-06-15 05:33:40'),
(86425, 169, 228, 1, '2018-06-15 05:33:44'),
(86426, 163, 212, 1, '2018-06-15 05:33:51'),
(86427, 205, 297, 1, '2018-06-15 05:33:58'),
(86428, 203, 294, 1, '2018-06-15 05:34:02'),
(86429, 197, 270, 1, '2018-06-15 05:34:07'),
(86430, 204, 295, 1, '2018-06-15 05:34:11'),
(86431, 129, 167, 1, '2018-06-15 05:34:18'),
(86432, 94, 119, 1, '2018-06-15 05:34:23'),
(86433, 218, 319, 1, '2018-06-15 05:34:28'),
(86434, 213, 320, 1, '2018-06-15 05:34:35'),
(86435, 212, 307, 1, '2018-06-15 05:34:40'),
(86436, 131, 170, 1, '2018-06-15 05:34:46'),
(86437, 201, 289, 1, '2018-06-15 05:34:51'),
(86438, 92, 112, 1, '2018-06-15 05:34:55'),
(86439, 206, 298, 1, '2018-06-15 05:34:59'),
(86440, 165, 216, 1, '2018-06-15 05:35:04'),
(86441, 210, 303, 1, '2018-06-15 05:35:08'),
(86442, 207, 299, 1, '2018-06-15 05:35:12'),
(86443, 214, 313, 1, '2018-06-15 05:35:17'),
(86444, 199, 273, 1, '2018-06-15 05:35:21'),
(86445, 171, 284, 1, '2018-06-15 05:35:25'),
(86446, 139, 281, 1, '2018-06-15 05:35:30'),
(86447, 138, 280, 1, '2018-06-15 05:35:34'),
(86448, 81, 0, 1, '2018-06-15 05:35:39'),
(86449, 143, 0, 1, '2018-06-15 05:35:43'),
(86450, 41, 0, 1, '2018-06-15 05:35:47'),
(86451, 184, 0, 1, '2018-06-15 05:35:52'),
(86452, 161, 0, 1, '2018-06-15 05:35:56'),
(86453, 144, 0, 1, '2018-06-15 05:36:01'),
(86454, 190, 0, 1, '2018-06-15 05:36:05'),
(86455, 44, 0, 1, '2018-06-15 05:36:07'),
(86456, 193, 0, 1, '2018-06-15 05:36:14'),
(86457, 153, 0, 1, '2018-06-15 05:36:18'),
(86458, 189, 266, 1, '2018-06-15 05:36:23'),
(86459, 149, 0, 1, '2018-06-15 05:36:27'),
(86460, 42, 0, 1, '2018-06-15 05:36:31'),
(86461, 191, 0, 1, '2018-06-15 05:36:36'),
(86462, 155, 0, 1, '2018-06-15 05:36:40'),
(86463, 148, 238, 1, '2018-06-15 05:36:44'),
(86464, 147, 236, 1, '2018-06-15 05:36:49'),
(86465, 196, 0, 1, '2018-06-15 05:36:53'),
(86466, 90, 110, 1, '2018-06-15 05:37:06'),
(86467, 110, 0, 1, '2018-06-15 05:37:51'),
(86468, 111, 0, 1, '2018-06-15 05:37:55'),
(86469, 188, 0, 1, '2018-06-15 05:37:55'),
(86470, 109, 0, 1, '2018-06-15 05:38:00'),
(86471, 89, 102, 1, '2018-06-15 05:38:02'),
(86472, 166, 218, 1, '2018-06-15 05:38:04'),
(86473, 159, 0, 1, '2018-06-15 05:38:04'),
(86474, 157, 0, 1, '2018-06-15 05:38:08'),
(86475, 173, 0, 1, '2018-06-15 05:38:13'),
(86476, 90, 110, 1, '2018-06-15 05:38:17'),
(86477, 172, 235, 1, '2018-06-15 05:38:19'),
(86478, 156, 0, 1, '2018-06-15 05:38:22'),
(86479, 39, 0, 1, '2018-06-15 05:38:25'),
(86480, 111, 0, 1, '2018-06-15 05:38:26'),
(86481, 109, 0, 1, '2018-06-15 05:38:28'),
(86482, 156, 0, 1, '2018-06-15 05:38:30'),
(86483, 110, 0, 1, '2018-06-15 05:38:30'),
(86484, 195, 0, 1, '2018-06-15 05:38:35'),
(86485, 158, 0, 1, '2018-06-15 05:38:39'),
(86486, 113, 0, 1, '2018-06-15 05:38:43'),
(86487, 112, 0, 1, '2018-06-15 05:38:48'),
(86488, 125, 305, 1, '2018-06-15 05:38:52'),
(86489, 39, 0, 1, '2018-06-15 05:38:57'),
(86490, 136, 318, 1, '2018-06-15 05:39:01'),
(86491, 216, 315, 1, '2018-06-15 05:39:05'),
(86492, 209, 301, 1, '2018-06-15 05:39:10'),
(86493, 89, 102, 1, '2018-06-15 05:39:14'),
(86494, 95, 124, 1, '2018-06-15 05:39:19'),
(86495, 166, 218, 1, '2018-06-15 05:39:23'),
(86496, 21, 125, 1, '2018-06-15 05:39:25'),
(86497, 130, 279, 1, '2018-06-15 05:39:29'),
(86498, 133, 177, 1, '2018-06-15 05:39:31'),
(86499, 187, 282, 1, '2018-06-15 05:39:36'),
(86500, 135, 182, 1, '2018-06-15 05:39:40'),
(86501, 167, 222, 1, '2018-06-15 05:39:42'),
(86502, 26, 260, 1, '2018-06-15 05:39:47'),
(86503, 172, 235, 1, '2018-06-15 05:39:51'),
(86504, 27, 278, 1, '2018-06-15 05:39:55'),
(86505, 174, 232, 1, '2018-06-15 05:40:00'),
(86506, 128, 165, 1, '2018-06-15 05:40:04'),
(86507, 169, 228, 1, '2018-06-15 05:40:09'),
(86508, 163, 212, 1, '2018-06-15 05:40:15'),
(86509, 205, 297, 1, '2018-06-15 05:40:22'),
(86510, 203, 294, 1, '2018-06-15 05:40:26'),
(86511, 197, 270, 1, '2018-06-15 05:40:31'),
(86512, 204, 295, 1, '2018-06-15 05:40:35'),
(86513, 129, 167, 1, '2018-06-15 05:40:42'),
(86514, 94, 119, 1, '2018-06-15 05:40:46'),
(86515, 218, 319, 1, '2018-06-15 05:40:50'),
(86516, 213, 320, 1, '2018-06-15 05:40:57'),
(86517, 212, 307, 1, '2018-06-15 05:41:01'),
(86518, 131, 170, 1, '2018-06-15 05:41:08'),
(86519, 201, 289, 1, '2018-06-15 05:41:13'),
(86520, 92, 112, 1, '2018-06-15 05:41:17'),
(86521, 206, 298, 1, '2018-06-15 05:41:22'),
(86522, 165, 216, 1, '2018-06-15 05:41:26'),
(86523, 210, 303, 1, '2018-06-15 05:41:30'),
(86524, 207, 299, 1, '2018-06-15 05:41:35'),
(86525, 214, 313, 1, '2018-06-15 05:41:39'),
(86526, 199, 273, 1, '2018-06-15 05:41:44'),
(86527, 171, 284, 1, '2018-06-15 05:41:48'),
(86528, 139, 281, 1, '2018-06-15 05:41:52'),
(86529, 138, 280, 1, '2018-06-15 05:41:57'),
(86530, 81, 0, 1, '2018-06-15 05:42:01'),
(86531, 143, 0, 1, '2018-06-15 05:42:06'),
(86532, 41, 0, 1, '2018-06-15 05:42:10'),
(86533, 184, 0, 1, '2018-06-15 05:42:14'),
(86534, 161, 0, 1, '2018-06-15 05:42:19'),
(86535, 144, 0, 1, '2018-06-15 05:42:23'),
(86536, 190, 0, 1, '2018-06-15 05:42:27'),
(86537, 44, 0, 1, '2018-06-15 05:42:29'),
(86538, 193, 0, 1, '2018-06-15 05:42:36'),
(86539, 153, 0, 1, '2018-06-15 05:42:40'),
(86540, 189, 266, 1, '2018-06-15 05:42:44'),
(86541, 149, 0, 1, '2018-06-15 05:42:49'),
(86542, 42, 0, 1, '2018-06-15 05:42:53'),
(86543, 191, 0, 1, '2018-06-15 05:42:58'),
(86544, 155, 0, 1, '2018-06-15 05:43:02'),
(86545, 148, 238, 1, '2018-06-15 05:43:06'),
(86546, 147, 236, 1, '2018-06-15 05:43:11'),
(86547, 196, 0, 1, '2018-06-15 05:43:15'),
(86548, 90, 110, 1, '2018-06-15 05:43:28'),
(86549, 110, 0, 1, '2018-06-15 05:44:13'),
(86550, 111, 0, 1, '2018-06-15 05:44:15'),
(86551, 89, 102, 1, '2018-06-15 05:44:22'),
(86552, 166, 218, 1, '2018-06-15 05:44:24'),
(86553, 172, 235, 1, '2018-06-15 05:44:39'),
(86554, 39, 0, 1, '2018-06-15 05:44:46'),
(86555, 109, 0, 1, '2018-06-15 05:44:48'),
(86556, 156, 0, 1, '2018-06-15 05:44:50'),
(86557, 188, 0, 1, '2018-06-15 06:41:01'),
(86558, 109, 0, 1, '2018-06-15 06:41:06'),
(86559, 159, 0, 1, '2018-06-15 06:41:10'),
(86560, 157, 0, 1, '2018-06-15 06:41:14'),
(86561, 173, 0, 1, '2018-06-15 06:41:19'),
(86562, 90, 110, 1, '2018-06-15 06:41:23'),
(86563, 156, 0, 1, '2018-06-15 06:41:27'),
(86564, 111, 0, 1, '2018-06-15 06:41:32'),
(86565, 110, 0, 1, '2018-06-15 06:41:36'),
(86566, 195, 0, 1, '2018-06-15 06:41:40'),
(86567, 158, 0, 1, '2018-06-15 06:41:45'),
(86568, 113, 0, 1, '2018-06-15 06:41:49'),
(86569, 112, 0, 1, '2018-06-15 06:41:53'),
(86570, 125, 305, 1, '2018-06-15 06:41:58'),
(86571, 39, 0, 1, '2018-06-15 06:42:02'),
(86572, 136, 318, 1, '2018-06-15 06:42:07'),
(86573, 216, 315, 1, '2018-06-15 06:42:11'),
(86574, 209, 301, 1, '2018-06-15 06:42:15'),
(86575, 89, 102, 1, '2018-06-15 06:42:20'),
(86576, 95, 124, 1, '2018-06-15 06:42:24'),
(86577, 166, 218, 1, '2018-06-15 06:42:28'),
(86578, 21, 125, 1, '2018-06-15 06:42:30'),
(86579, 130, 279, 1, '2018-06-15 06:42:35'),
(86580, 133, 177, 1, '2018-06-15 06:42:37'),
(86581, 187, 282, 1, '2018-06-15 06:42:41'),
(86582, 135, 182, 1, '2018-06-15 06:42:45'),
(86583, 167, 222, 1, '2018-06-15 06:42:48'),
(86584, 26, 260, 1, '2018-06-15 06:42:52'),
(86585, 172, 235, 1, '2018-06-15 06:42:56'),
(86586, 27, 278, 1, '2018-06-15 06:43:01'),
(86587, 174, 232, 1, '2018-06-15 06:43:05'),
(86588, 128, 165, 1, '2018-06-15 06:43:10'),
(86589, 169, 228, 1, '2018-06-15 06:43:14'),
(86590, 163, 212, 1, '2018-06-15 06:43:21'),
(86591, 205, 297, 1, '2018-06-15 06:43:28'),
(86592, 203, 294, 1, '2018-06-15 06:43:32'),
(86593, 197, 270, 1, '2018-06-15 06:43:36'),
(86594, 204, 295, 1, '2018-06-15 06:43:40'),
(86595, 129, 167, 1, '2018-06-15 06:43:47'),
(86596, 94, 119, 1, '2018-06-15 06:43:51'),
(86597, 218, 319, 1, '2018-06-15 06:43:56'),
(86598, 213, 320, 1, '2018-06-15 06:44:03'),
(86599, 212, 307, 1, '2018-06-15 06:44:07'),
(86600, 131, 170, 1, '2018-06-15 06:44:14'),
(86601, 201, 289, 1, '2018-06-15 06:44:18'),
(86602, 92, 112, 1, '2018-06-15 06:44:23'),
(86603, 206, 298, 1, '2018-06-15 06:44:27'),
(86604, 165, 216, 1, '2018-06-15 06:44:31'),
(86605, 210, 303, 1, '2018-06-15 06:44:36'),
(86606, 207, 299, 1, '2018-06-15 06:44:40'),
(86607, 214, 313, 1, '2018-06-15 06:44:44'),
(86608, 199, 273, 1, '2018-06-15 06:44:49'),
(86609, 171, 284, 1, '2018-06-15 06:44:53'),
(86610, 139, 281, 1, '2018-06-15 06:44:58'),
(86611, 138, 280, 1, '2018-06-15 06:45:02'),
(86612, 81, 0, 1, '2018-06-15 06:45:06'),
(86613, 143, 0, 1, '2018-06-15 06:45:11'),
(86614, 41, 0, 1, '2018-06-15 06:45:15'),
(86615, 184, 0, 1, '2018-06-15 06:45:19'),
(86616, 161, 0, 1, '2018-06-15 06:45:24'),
(86617, 144, 0, 1, '2018-06-15 06:45:28'),
(86618, 190, 0, 1, '2018-06-15 06:45:33'),
(86619, 44, 0, 1, '2018-06-15 06:45:35'),
(86620, 193, 0, 1, '2018-06-15 06:45:41'),
(86621, 153, 0, 1, '2018-06-15 06:45:46'),
(86622, 189, 266, 1, '2018-06-15 06:45:50'),
(86623, 149, 0, 1, '2018-06-15 06:45:54'),
(86624, 42, 0, 1, '2018-06-15 06:45:59'),
(86625, 191, 0, 1, '2018-06-15 06:46:03'),
(86626, 155, 0, 1, '2018-06-15 06:46:07'),
(86627, 148, 238, 1, '2018-06-15 06:46:12'),
(86628, 147, 236, 1, '2018-06-15 06:46:16'),
(86629, 196, 0, 1, '2018-06-15 06:46:20'),
(86630, 90, 110, 1, '2018-06-15 06:46:34'),
(86631, 110, 0, 1, '2018-06-15 06:47:18'),
(86632, 111, 0, 1, '2018-06-15 06:47:20'),
(86633, 89, 102, 1, '2018-06-15 06:47:26'),
(86634, 166, 218, 1, '2018-06-15 06:47:29'),
(86635, 172, 235, 1, '2018-06-15 06:47:44'),
(86636, 39, 0, 1, '2018-06-15 06:47:50'),
(86637, 109, 0, 1, '2018-06-15 06:47:52'),
(86638, 156, 0, 1, '2018-06-15 06:47:54'),
(86639, 147, 236, 1, '2018-06-15 06:53:05'),
(86640, 157, 0, 1, '2018-06-15 09:30:15'),
(86641, 39, 0, 1, '2018-06-15 09:49:47'),
(86642, 161, 0, 1, '2018-06-15 15:43:32'),
(86643, 133, 177, 1, '2018-06-15 15:45:13'),
(86644, 172, 235, 1, '2018-06-15 16:36:25'),
(86645, 197, 270, 1, '2018-06-15 17:33:11'),
(86646, 197, 270, 1, '2018-06-15 17:33:44'),
(86647, 197, 270, 1, '2018-06-15 17:36:23'),
(86648, 130, 279, 1, '2018-06-15 21:17:39'),
(86649, 149, 0, 1, '2018-06-15 23:11:18'),
(86650, 161, 0, 1, '2018-06-15 23:44:40'),
(86651, 188, 0, 1, '2018-06-16 01:39:53'),
(86652, 209, 301, 1, '2018-06-16 05:10:48'),
(86653, 171, 284, 1, '2018-06-16 05:10:51'),
(86654, 139, 281, 1, '2018-06-16 05:10:52'),
(86655, 138, 280, 1, '2018-06-16 05:10:54'),
(86656, 214, 313, 1, '2018-06-16 05:10:55'),
(86657, 199, 273, 1, '2018-06-16 05:10:57'),
(86658, 207, 299, 1, '2018-06-16 05:10:58'),
(86659, 210, 303, 1, '2018-06-16 05:10:59'),
(86660, 197, 270, 1, '2018-06-16 05:11:01'),
(86661, 89, 102, 1, '2018-06-16 05:11:02'),
(86662, 125, 305, 1, '2018-06-16 05:11:05'),
(86663, 193, 0, 1, '2018-06-16 05:11:08'),
(86664, 189, 266, 1, '2018-06-16 05:11:08'),
(86665, 42, 0, 1, '2018-06-16 05:11:11'),
(86666, 41, 0, 1, '2018-06-16 05:11:13'),
(86667, 155, 0, 1, '2018-06-16 05:11:15'),
(86668, 81, 0, 1, '2018-06-16 05:11:17'),
(86669, 147, 236, 1, '2018-06-16 05:11:18'),
(86670, 136, 318, 1, '2018-06-16 05:11:19'),
(86671, 172, 235, 1, '2018-06-16 05:11:22'),
(86672, 187, 282, 1, '2018-06-16 05:11:24'),
(86673, 163, 212, 1, '2018-06-16 05:11:26'),
(86674, 212, 307, 1, '2018-06-16 05:11:28'),
(86675, 174, 232, 1, '2018-06-16 05:11:30'),
(86676, 131, 170, 1, '2018-06-16 05:11:31'),
(86677, 201, 289, 1, '2018-06-16 05:11:33'),
(86678, 167, 222, 1, '2018-06-16 05:11:33'),
(86679, 166, 218, 1, '2018-06-16 05:11:35'),
(86680, 148, 238, 1, '2018-06-16 05:11:36'),
(86681, 44, 0, 1, '2018-06-16 05:11:37'),
(86682, 21, 125, 1, '2018-06-16 05:11:38'),
(86683, 94, 119, 1, '2018-06-16 05:11:38'),
(86684, 174, 232, 1, '2018-06-16 05:11:38'),
(86685, 39, 0, 1, '2018-06-16 05:11:39'),
(86686, 173, 0, 1, '2018-06-16 05:11:39'),
(86687, 109, 0, 1, '2018-06-16 05:11:39'),
(86688, 172, 235, 1, '2018-06-16 05:11:43'),
(86689, 136, 318, 1, '2018-06-16 05:11:46'),
(86690, 131, 170, 1, '2018-06-16 05:11:46'),
(86691, 112, 0, 1, '2018-06-16 05:11:48'),
(86692, 158, 0, 1, '2018-06-16 05:11:48'),
(86693, 195, 0, 1, '2018-06-16 05:11:48'),
(86694, 163, 212, 1, '2018-06-16 05:11:49'),
(86695, 113, 0, 1, '2018-06-16 05:11:50'),
(86696, 165, 216, 1, '2018-06-16 05:11:52'),
(86697, 212, 307, 1, '2018-06-16 05:11:52'),
(86698, 206, 298, 1, '2018-06-16 05:11:53'),
(86699, 187, 282, 1, '2018-06-16 05:11:54'),
(86700, 21, 125, 1, '2018-06-16 05:11:54'),
(86701, 216, 315, 1, '2018-06-16 05:11:55'),
(86702, 26, 260, 1, '2018-06-16 05:11:55'),
(86703, 130, 279, 1, '2018-06-16 05:11:56'),
(86704, 135, 182, 1, '2018-06-16 05:11:58'),
(86705, 27, 278, 1, '2018-06-16 05:11:58'),
(86706, 133, 177, 1, '2018-06-16 05:11:58'),
(86707, 27, 278, 1, '2018-06-16 05:12:02'),
(86708, 216, 315, 1, '2018-06-16 05:12:04'),
(86709, 95, 124, 1, '2018-06-16 05:12:04'),
(86710, 166, 218, 1, '2018-06-16 05:12:04'),
(86711, 209, 301, 1, '2018-06-16 05:12:04'),
(86712, 128, 165, 1, '2018-06-16 05:12:04'),
(86713, 169, 228, 1, '2018-06-16 05:12:06'),
(86714, 130, 279, 1, '2018-06-16 05:12:07'),
(86715, 135, 182, 1, '2018-06-16 05:12:07'),
(86716, 128, 165, 1, '2018-06-16 05:12:09'),
(86717, 92, 112, 1, '2018-06-16 05:12:09'),
(86718, 95, 124, 1, '2018-06-16 05:12:10'),
(86719, 167, 222, 1, '2018-06-16 05:12:13'),
(86720, 90, 110, 1, '2018-06-16 05:12:14'),
(86721, 26, 260, 1, '2018-06-16 05:12:15'),
(86722, 89, 102, 1, '2018-06-16 05:12:16'),
(86723, 143, 0, 1, '2018-06-16 05:12:16'),
(86724, 169, 228, 1, '2018-06-16 05:12:18'),
(86725, 133, 177, 1, '2018-06-16 05:12:18'),
(86726, 44, 0, 1, '2018-06-16 05:12:19'),
(86727, 148, 238, 1, '2018-06-16 05:12:19'),
(86728, 161, 0, 1, '2018-06-16 05:12:20'),
(86729, 155, 0, 1, '2018-06-16 05:12:20'),
(86730, 190, 0, 1, '2018-06-16 05:12:22'),
(86731, 184, 0, 1, '2018-06-16 05:12:22'),
(86732, 144, 0, 1, '2018-06-16 05:12:23'),
(86733, 191, 0, 1, '2018-06-16 05:12:23'),
(86734, 153, 0, 1, '2018-06-16 05:12:26'),
(86735, 184, 0, 1, '2018-06-16 05:12:26'),
(86736, 161, 0, 1, '2018-06-16 05:12:26'),
(86737, 41, 0, 1, '2018-06-16 05:12:27'),
(86738, 147, 236, 1, '2018-06-16 05:12:27'),
(86739, 144, 0, 1, '2018-06-16 05:12:28'),
(86740, 149, 0, 1, '2018-06-16 05:12:28'),
(86741, 153, 0, 1, '2018-06-16 05:12:30'),
(86742, 81, 0, 1, '2018-06-16 05:12:32'),
(86743, 42, 0, 1, '2018-06-16 05:12:33'),
(86744, 190, 0, 1, '2018-06-16 05:12:34'),
(86745, 196, 0, 1, '2018-06-16 05:12:35'),
(86746, 218, 319, 1, '2018-06-16 05:12:37'),
(86747, 193, 0, 1, '2018-06-16 05:12:38'),
(86748, 213, 320, 1, '2018-06-16 05:12:40'),
(86749, 159, 0, 1, '2018-06-16 05:12:41'),
(86750, 157, 0, 1, '2018-06-16 05:12:42'),
(86751, 110, 0, 1, '2018-06-16 05:12:44'),
(86752, 149, 0, 1, '2018-06-16 05:12:44'),
(86753, 191, 0, 1, '2018-06-16 05:12:46'),
(86754, 143, 0, 1, '2018-06-16 05:12:48'),
(86755, 156, 0, 1, '2018-06-16 05:12:48'),
(86756, 188, 0, 1, '2018-06-16 05:12:48'),
(86757, 111, 0, 1, '2018-06-16 05:12:48'),
(86758, 189, 266, 1, '2018-06-16 05:12:49'),
(86759, 90, 110, 1, '2018-06-16 05:12:50'),
(86760, 205, 297, 1, '2018-06-16 05:12:51'),
(86761, 203, 294, 1, '2018-06-16 05:12:52'),
(86762, 204, 295, 1, '2018-06-16 05:12:52'),
(86763, 173, 0, 1, '2018-06-16 05:12:53'),
(86764, 129, 167, 1, '2018-06-16 05:12:55'),
(86765, 109, 0, 1, '2018-06-16 05:12:56'),
(86766, 39, 0, 1, '2018-06-16 05:12:56'),
(86767, 201, 289, 1, '2018-06-16 05:12:58'),
(86768, 94, 119, 1, '2018-06-16 05:12:59'),
(86769, 110, 0, 1, '2018-06-16 05:13:04'),
(86770, 156, 0, 1, '2018-06-16 05:13:04'),
(86771, 111, 0, 1, '2018-06-16 05:13:05'),
(86772, 39, 0, 1, '2018-06-16 05:13:05'),
(86773, 159, 0, 1, '2018-06-16 05:13:06'),
(86774, 109, 0, 1, '2018-06-16 05:13:07'),
(86775, 188, 0, 1, '2018-06-16 05:13:09'),
(86776, 157, 0, 1, '2018-06-16 05:13:11'),
(86777, 90, 110, 1, '2018-06-16 05:13:11'),
(86778, 196, 0, 1, '2018-06-16 05:13:16'),
(86779, 113, 0, 1, '2018-06-16 05:13:16'),
(86780, 199, 273, 1, '2018-06-16 05:13:16'),
(86781, 206, 298, 1, '2018-06-16 05:13:17'),
(86782, 197, 270, 1, '2018-06-16 05:13:18'),
(86783, 204, 295, 1, '2018-06-16 05:13:19'),
(86784, 125, 305, 1, '2018-06-16 05:13:23'),
(86785, 218, 319, 1, '2018-06-16 05:13:25'),
(86786, 213, 320, 1, '2018-06-16 05:13:25'),
(86787, 205, 297, 1, '2018-06-16 05:13:29'),
(86788, 203, 294, 1, '2018-06-16 05:13:31'),
(86789, 129, 167, 1, '2018-06-16 05:13:31'),
(86790, 90, 110, 1, '2018-06-16 05:13:33'),
(86791, 195, 0, 1, '2018-06-16 05:13:42'),
(86792, 112, 0, 1, '2018-06-16 05:13:45'),
(86793, 158, 0, 1, '2018-06-16 05:13:49'),
(86794, 207, 299, 1, '2018-06-16 05:13:49'),
(86795, 171, 284, 1, '2018-06-16 05:13:52'),
(86796, 139, 281, 1, '2018-06-16 05:13:53'),
(86797, 173, 0, 1, '2018-06-16 05:13:55');
INSERT INTO `dds_cart_product` (`id_cart`, `id_product`, `id_product_attribute`, `quantity`, `date_add`) VALUES
(86798, 214, 313, 1, '2018-06-16 05:13:55'),
(86799, 138, 280, 1, '2018-06-16 05:13:56'),
(86800, 210, 303, 1, '2018-06-16 05:13:56'),
(86801, 165, 216, 1, '2018-06-16 05:14:01'),
(86802, 27, 278, 1, '2018-06-16 05:14:02'),
(86803, 92, 112, 1, '2018-06-16 05:14:04'),
(86804, 172, 235, 1, '2018-06-16 05:14:09'),
(86805, 89, 102, 1, '2018-06-16 05:14:11'),
(86806, 166, 218, 1, '2018-06-16 05:14:11'),
(86807, 110, 0, 1, '2018-06-16 05:14:13'),
(86808, 173, 0, 1, '2018-06-16 05:14:14'),
(86809, 157, 0, 1, '2018-06-16 05:14:15'),
(86810, 156, 0, 1, '2018-06-16 05:14:40'),
(86811, 109, 0, 1, '2018-06-16 05:14:49'),
(86812, 39, 0, 1, '2018-06-16 05:14:49'),
(86813, 172, 235, 1, '2018-06-16 05:15:22'),
(86814, 166, 218, 1, '2018-06-16 05:15:25'),
(86815, 89, 102, 1, '2018-06-16 05:15:26'),
(86816, 111, 0, 1, '2018-06-16 05:15:29'),
(86817, 27, 278, 1, '2018-06-16 05:15:32'),
(86818, 111, 0, 1, '2018-06-16 05:15:34'),
(86819, 110, 0, 1, '2018-06-16 05:15:34'),
(86820, 156, 0, 1, '2018-06-16 05:15:38'),
(86821, 157, 0, 1, '2018-06-16 05:16:38'),
(86822, 147, 236, 1, '2018-06-16 10:39:19'),
(86823, 110, 0, 1, '2018-06-16 11:13:27'),
(86824, 157, 0, 1, '2018-06-16 12:55:37'),
(86825, 158, 0, 1, '2018-06-16 13:51:08'),
(86826, 89, 102, 1, '2018-06-16 15:14:12'),
(86827, 89, 102, 1, '2018-06-16 15:14:27'),
(86828, 89, 102, 1, '2018-06-16 15:16:23'),
(86829, 171, 284, 1, '2018-06-16 16:58:03'),
(86830, 171, 284, 1, '2018-06-16 16:58:48'),
(86831, 171, 284, 1, '2018-06-16 17:01:22'),
(86832, 189, 266, 1, '2018-06-16 19:31:28'),
(86833, 197, 270, 1, '2018-06-16 20:30:35'),
(86834, 197, 270, 1, '2018-06-16 20:30:54'),
(86835, 197, 270, 1, '2018-06-16 20:31:25'),
(86836, 42, 0, 1, '2018-06-16 21:08:40'),
(86837, 42, 0, 1, '2018-06-16 21:09:00'),
(86838, 209, 301, 1, '2018-06-16 22:35:03'),
(86839, 196, 0, 1, '2018-06-16 23:25:50'),
(86840, 130, 279, 1, '2018-06-17 00:09:22'),
(86841, 21, 125, 1, '2018-06-17 03:05:33'),
(86842, 21, 125, 1, '2018-06-17 03:06:50'),
(86843, 21, 125, 1, '2018-06-17 03:09:52'),
(86844, 169, 228, 1, '2018-06-17 05:17:35'),
(86845, 169, 228, 1, '2018-06-17 05:17:53'),
(86846, 169, 228, 1, '2018-06-17 05:21:22'),
(86847, 112, 0, 1, '2018-06-17 07:55:19'),
(86848, 112, 0, 1, '2018-06-17 07:55:54'),
(86849, 112, 0, 1, '2018-06-17 07:56:25'),
(86850, 95, 124, 1, '2018-06-17 11:41:02'),
(86851, 95, 124, 1, '2018-06-17 11:42:25'),
(86852, 95, 124, 1, '2018-06-17 11:44:40'),
(86853, 165, 216, 1, '2018-06-17 15:12:22'),
(86854, 184, 0, 1, '2018-06-17 15:22:24'),
(86855, 209, 301, 1, '2018-06-17 19:34:45'),
(86856, 44, 0, 1, '2018-06-17 20:28:32'),
(86857, 94, 119, 1, '2018-06-17 21:23:46'),
(86858, 94, 119, 1, '2018-06-17 21:27:53'),
(86859, 94, 119, 1, '2018-06-17 21:30:30'),
(86860, 206, 298, 1, '2018-06-18 00:06:43'),
(86861, 209, 301, 1, '2018-06-18 01:15:17'),
(86862, 209, 301, 1, '2018-06-18 01:18:00'),
(86863, 209, 301, 1, '2018-06-18 01:19:31'),
(86864, 113, 0, 1, '2018-06-18 01:35:26'),
(86865, 130, 279, 1, '2018-06-18 02:35:56'),
(86866, 130, 279, 1, '2018-06-18 02:37:41'),
(86867, 130, 279, 1, '2018-06-18 02:39:58'),
(86868, 41, 0, 1, '2018-06-18 04:13:57'),
(86869, 128, 165, 1, '2018-06-18 05:33:50'),
(86870, 128, 165, 1, '2018-06-18 05:43:42'),
(86871, 199, 273, 1, '2018-06-18 05:44:29'),
(86872, 128, 165, 1, '2018-06-18 05:44:44'),
(86873, 173, 0, 1, '2018-06-18 05:45:45'),
(86874, 199, 273, 1, '2018-06-18 05:46:20'),
(86875, 173, 0, 1, '2018-06-18 05:48:54'),
(86876, 199, 273, 1, '2018-06-18 05:51:20'),
(86877, 173, 0, 1, '2018-06-18 05:53:57'),
(86878, 149, 0, 1, '2018-06-18 07:40:12'),
(86879, 169, 228, 1, '2018-06-18 10:36:58'),
(86880, 169, 228, 1, '2018-06-18 10:37:15'),
(86881, 169, 228, 1, '2018-06-18 10:38:50'),
(86882, 112, 0, 1, '2018-06-18 10:49:19'),
(86883, 39, 0, 1, '2018-06-18 11:49:04'),
(86884, 129, 167, 1, '2018-06-18 13:18:43'),
(86885, 129, 167, 1, '2018-06-18 13:21:27'),
(86886, 129, 167, 1, '2018-06-18 13:24:01'),
(86887, 128, 165, 1, '2018-06-18 13:43:18'),
(86888, 204, 295, 1, '2018-06-18 14:19:27'),
(86889, 204, 295, 1, '2018-06-18 14:19:53'),
(86890, 204, 295, 1, '2018-06-18 14:21:06'),
(86891, 157, 0, 1, '2018-06-18 14:32:03'),
(86892, 184, 0, 1, '2018-06-18 14:36:08'),
(86893, 109, 0, 1, '2018-06-18 14:36:37'),
(86894, 95, 124, 1, '2018-06-18 14:41:35'),
(86895, 95, 124, 1, '2018-06-18 14:42:25'),
(86896, 95, 124, 1, '2018-06-18 14:46:24'),
(86897, 110, 0, 1, '2018-06-18 15:42:03'),
(86898, 110, 0, 1, '2018-06-18 15:42:23'),
(86899, 110, 0, 1, '2018-06-18 15:46:25'),
(86900, 113, 0, 1, '2018-06-18 17:45:09'),
(86901, 113, 0, 1, '2018-06-18 17:45:23'),
(86902, 113, 0, 1, '2018-06-18 17:46:24'),
(86903, 203, 294, 1, '2018-06-18 18:13:53'),
(86904, 203, 294, 1, '2018-06-18 18:16:25'),
(86905, 203, 294, 1, '2018-06-18 18:19:50'),
(86906, 184, 0, 1, '2018-06-18 19:03:25'),
(86907, 155, 0, 1, '2018-06-18 19:26:37'),
(86908, 81, 0, 1, '2018-06-18 19:29:57'),
(86909, 155, 0, 1, '2018-06-18 19:31:26'),
(86910, 81, 0, 1, '2018-06-18 19:34:30'),
(86911, 81, 0, 1, '2018-06-18 19:36:25'),
(86912, 155, 0, 1, '2018-06-18 19:36:39'),
(86913, 155, 0, 1, '2018-06-18 19:38:56'),
(86914, 81, 0, 1, '2018-06-18 19:40:38'),
(86915, 161, 0, 1, '2018-06-19 00:15:25'),
(86916, 161, 0, 1, '2018-06-19 00:16:20'),
(86917, 161, 0, 1, '2018-06-19 00:29:01'),
(86918, 161, 0, 1, '2018-06-19 00:44:36'),
(86919, 189, 266, 1, '2018-06-19 01:20:39'),
(86920, 209, 301, 1, '2018-06-19 04:49:36'),
(86921, 195, 0, 1, '2018-06-19 07:44:09'),
(86922, 39, 0, 1, '2018-06-19 19:43:11'),
(86923, 109, 0, 1, '2018-06-19 20:52:37'),
(86924, 110, 0, 1, '2018-06-19 20:52:46'),
(86925, 111, 0, 1, '2018-06-19 20:52:55'),
(86926, 112, 0, 1, '2018-06-19 20:53:04'),
(86927, 113, 0, 1, '2018-06-19 20:53:14'),
(86928, 125, 305, 1, '2018-06-19 20:53:27'),
(86929, 128, 165, 1, '2018-06-19 20:53:35'),
(86930, 129, 167, 1, '2018-06-19 20:53:42'),
(86931, 130, 279, 1, '2018-06-19 20:53:48'),
(86932, 131, 170, 1, '2018-06-19 20:53:57'),
(86933, 133, 177, 1, '2018-06-19 20:54:02'),
(86934, 135, 182, 1, '2018-06-19 20:54:09'),
(86935, 136, 318, 1, '2018-06-19 20:54:13'),
(86936, 138, 280, 1, '2018-06-19 20:54:21'),
(86937, 139, 281, 1, '2018-06-19 20:54:25'),
(86938, 143, 0, 1, '2018-06-19 20:54:33'),
(86939, 144, 0, 1, '2018-06-19 20:54:39'),
(86940, 147, 236, 1, '2018-06-19 20:54:45'),
(86941, 148, 238, 1, '2018-06-19 20:54:52'),
(86942, 149, 0, 1, '2018-06-19 20:55:02'),
(86943, 153, 0, 1, '2018-06-19 20:55:11'),
(86944, 155, 0, 1, '2018-06-19 20:55:21'),
(86945, 156, 0, 1, '2018-06-19 20:55:34'),
(86946, 157, 0, 1, '2018-06-19 20:55:42'),
(86947, 158, 0, 1, '2018-06-19 20:55:50'),
(86948, 159, 0, 1, '2018-06-19 20:56:00'),
(86949, 161, 0, 1, '2018-06-19 20:56:12'),
(86950, 163, 212, 1, '2018-06-19 20:56:24'),
(86951, 165, 216, 1, '2018-06-19 20:56:36'),
(86952, 166, 218, 1, '2018-06-19 20:56:48'),
(86953, 167, 222, 1, '2018-06-19 20:56:57'),
(86954, 169, 228, 1, '2018-06-19 20:57:11'),
(86955, 171, 284, 1, '2018-06-19 20:57:20'),
(86956, 172, 235, 1, '2018-06-19 20:57:30'),
(86957, 173, 0, 1, '2018-06-19 20:57:41'),
(86958, 174, 232, 1, '2018-06-19 20:57:48'),
(86959, 184, 0, 1, '2018-06-19 20:57:59'),
(86960, 187, 282, 1, '2018-06-19 20:58:07'),
(86961, 188, 0, 1, '2018-06-19 20:58:17'),
(86962, 189, 266, 1, '2018-06-19 20:58:24'),
(86963, 190, 0, 1, '2018-06-19 20:58:35'),
(86964, 191, 0, 1, '2018-06-19 20:58:45'),
(86965, 193, 0, 1, '2018-06-19 20:58:52'),
(86966, 195, 0, 1, '2018-06-19 20:59:01'),
(86967, 196, 0, 1, '2018-06-19 20:59:14'),
(86968, 197, 270, 1, '2018-06-19 20:59:22'),
(86969, 199, 273, 1, '2018-06-19 20:59:33'),
(86970, 201, 289, 1, '2018-06-19 20:59:44'),
(86971, 203, 294, 1, '2018-06-19 20:59:51'),
(86972, 204, 295, 1, '2018-06-19 21:00:02'),
(86973, 205, 297, 1, '2018-06-19 21:00:10'),
(86974, 206, 298, 1, '2018-06-19 21:00:19'),
(86975, 207, 299, 1, '2018-06-19 21:00:29'),
(86976, 209, 301, 1, '2018-06-19 21:00:40'),
(86977, 21, 125, 1, '2018-06-19 21:00:50'),
(86978, 210, 303, 1, '2018-06-19 21:01:00'),
(86979, 212, 307, 1, '2018-06-19 21:01:08'),
(86980, 213, 320, 1, '2018-06-19 21:01:15'),
(86981, 214, 313, 1, '2018-06-19 21:01:24'),
(86982, 216, 315, 1, '2018-06-19 21:01:33'),
(86983, 26, 260, 1, '2018-06-19 21:01:42'),
(86984, 27, 278, 1, '2018-06-19 21:01:48'),
(86985, 39, 0, 1, '2018-06-19 21:01:59'),
(86986, 41, 0, 1, '2018-06-19 21:02:08'),
(86987, 42, 0, 1, '2018-06-19 21:02:17'),
(86988, 44, 0, 1, '2018-06-19 21:02:23'),
(86989, 81, 0, 1, '2018-06-19 21:02:30'),
(86990, 89, 102, 1, '2018-06-19 21:02:37'),
(86991, 90, 110, 1, '2018-06-19 21:02:42'),
(86992, 92, 112, 1, '2018-06-19 21:02:49'),
(86993, 94, 119, 1, '2018-06-19 21:02:54'),
(86994, 95, 124, 1, '2018-06-19 21:02:58'),
(86995, 109, 0, 1, '2018-06-19 21:03:03'),
(86996, 110, 0, 1, '2018-06-19 21:03:08'),
(86997, 111, 0, 1, '2018-06-19 21:03:15'),
(86998, 156, 0, 1, '2018-06-19 21:03:35'),
(86999, 157, 0, 1, '2018-06-19 21:03:41'),
(87000, 166, 218, 1, '2018-06-19 21:03:49'),
(87001, 172, 235, 1, '2018-06-19 21:03:55'),
(87002, 173, 0, 1, '2018-06-19 21:04:03'),
(87003, 27, 278, 1, '2018-06-19 21:04:13'),
(87004, 39, 0, 1, '2018-06-19 21:04:20'),
(87005, 89, 102, 1, '2018-06-19 21:04:26'),
(87006, 90, 110, 1, '2018-06-19 21:04:31'),
(87007, 147, 236, 1, '2018-06-19 21:57:12'),
(87008, 153, 0, 1, '2018-06-19 22:02:30'),
(87009, 125, 305, 1, '2018-06-20 00:52:59'),
(87010, 214, 313, 1, '2018-06-20 00:53:29'),
(87011, 187, 282, 1, '2018-06-20 00:53:39'),
(87012, 171, 284, 1, '2018-06-20 00:53:49'),
(87013, 172, 235, 1, '2018-06-20 01:18:21'),
(87014, 165, 216, 1, '2018-06-20 01:18:31'),
(87015, 163, 212, 1, '2018-06-20 01:18:39'),
(87016, 207, 299, 1, '2018-06-20 02:52:59'),
(87017, 201, 289, 1, '2018-06-20 02:53:10'),
(87018, 138, 280, 1, '2018-06-20 02:53:33'),
(87019, 188, 0, 1, '2018-06-20 07:43:48'),
(87020, 109, 0, 1, '2018-06-20 07:43:52'),
(87021, 159, 0, 1, '2018-06-20 07:43:57'),
(87022, 157, 0, 1, '2018-06-20 07:44:01'),
(87023, 173, 0, 1, '2018-06-20 07:44:05'),
(87024, 90, 110, 1, '2018-06-20 07:44:10'),
(87025, 156, 0, 1, '2018-06-20 07:44:15'),
(87026, 111, 0, 1, '2018-06-20 07:44:20'),
(87027, 110, 0, 1, '2018-06-20 07:44:25'),
(87028, 195, 0, 1, '2018-06-20 07:44:29'),
(87029, 158, 0, 1, '2018-06-20 07:44:34'),
(87030, 113, 0, 1, '2018-06-20 07:44:38'),
(87031, 112, 0, 1, '2018-06-20 07:44:42'),
(87032, 125, 305, 1, '2018-06-20 07:44:46'),
(87033, 39, 0, 1, '2018-06-20 07:44:51'),
(87034, 136, 318, 1, '2018-06-20 07:44:55'),
(87035, 216, 315, 1, '2018-06-20 07:45:00'),
(87036, 209, 301, 1, '2018-06-20 07:45:04'),
(87037, 89, 102, 1, '2018-06-20 07:45:09'),
(87038, 95, 124, 1, '2018-06-20 07:45:13'),
(87039, 166, 218, 1, '2018-06-20 07:45:17'),
(87040, 21, 125, 1, '2018-06-20 07:45:20'),
(87041, 130, 279, 1, '2018-06-20 07:45:24'),
(87042, 133, 177, 1, '2018-06-20 07:45:26'),
(87043, 187, 282, 1, '2018-06-20 07:45:31'),
(87044, 135, 182, 1, '2018-06-20 07:45:35'),
(87045, 167, 222, 1, '2018-06-20 07:45:37'),
(87046, 26, 260, 1, '2018-06-20 07:45:42'),
(87047, 172, 235, 1, '2018-06-20 07:45:46'),
(87048, 27, 278, 1, '2018-06-20 07:45:50'),
(87049, 174, 232, 1, '2018-06-20 07:45:55'),
(87050, 128, 165, 1, '2018-06-20 07:45:59'),
(87051, 169, 228, 1, '2018-06-20 07:46:04'),
(87052, 163, 212, 1, '2018-06-20 07:46:10'),
(87053, 205, 297, 1, '2018-06-20 07:46:17'),
(87054, 203, 294, 1, '2018-06-20 07:46:21'),
(87055, 197, 270, 1, '2018-06-20 07:46:25'),
(87056, 204, 295, 1, '2018-06-20 07:46:30'),
(87057, 129, 167, 1, '2018-06-20 07:46:37'),
(87058, 94, 119, 1, '2018-06-20 07:46:41'),
(87059, 218, 319, 1, '2018-06-20 07:46:46'),
(87060, 213, 320, 1, '2018-06-20 07:46:52'),
(87061, 212, 307, 1, '2018-06-20 07:46:56'),
(87062, 131, 170, 1, '2018-06-20 07:47:03'),
(87063, 201, 289, 1, '2018-06-20 07:47:08'),
(87064, 92, 112, 1, '2018-06-20 07:47:12'),
(87065, 206, 298, 1, '2018-06-20 07:47:17'),
(87066, 165, 216, 1, '2018-06-20 07:47:21'),
(87067, 210, 303, 1, '2018-06-20 07:47:25'),
(87068, 207, 299, 1, '2018-06-20 07:47:30'),
(87069, 214, 313, 1, '2018-06-20 07:47:34'),
(87070, 199, 273, 1, '2018-06-20 07:47:38'),
(87071, 171, 284, 1, '2018-06-20 07:47:43'),
(87072, 139, 281, 1, '2018-06-20 07:47:48'),
(87073, 138, 280, 1, '2018-06-20 07:47:52'),
(87074, 81, 0, 1, '2018-06-20 07:47:56'),
(87075, 143, 0, 1, '2018-06-20 07:48:01'),
(87076, 41, 0, 1, '2018-06-20 07:48:05'),
(87077, 184, 0, 1, '2018-06-20 07:48:10'),
(87078, 161, 0, 1, '2018-06-20 07:48:14'),
(87079, 144, 0, 1, '2018-06-20 07:48:19'),
(87080, 190, 0, 1, '2018-06-20 07:48:23'),
(87081, 44, 0, 1, '2018-06-20 07:48:26'),
(87082, 193, 0, 1, '2018-06-20 07:48:32'),
(87083, 153, 0, 1, '2018-06-20 07:48:37'),
(87084, 189, 266, 1, '2018-06-20 07:48:41'),
(87085, 149, 0, 1, '2018-06-20 07:48:46'),
(87086, 42, 0, 1, '2018-06-20 07:48:50'),
(87087, 191, 0, 1, '2018-06-20 07:48:55'),
(87088, 155, 0, 1, '2018-06-20 07:48:59'),
(87089, 148, 238, 1, '2018-06-20 07:49:04'),
(87090, 147, 236, 1, '2018-06-20 07:49:08'),
(87091, 196, 0, 1, '2018-06-20 07:49:12'),
(87092, 90, 110, 1, '2018-06-20 07:49:26'),
(87093, 110, 0, 1, '2018-06-20 07:50:12'),
(87094, 111, 0, 1, '2018-06-20 07:50:14'),
(87095, 89, 102, 1, '2018-06-20 07:50:21'),
(87096, 166, 218, 1, '2018-06-20 07:50:23'),
(87097, 172, 235, 1, '2018-06-20 07:50:39'),
(87098, 39, 0, 1, '2018-06-20 07:50:45'),
(87099, 109, 0, 1, '2018-06-20 07:50:47'),
(87100, 156, 0, 1, '2018-06-20 07:50:50'),
(87101, 90, 110, 1, '2018-06-20 08:22:39'),
(87102, 26, 260, 1, '2018-06-20 08:22:50'),
(87103, 166, 218, 1, '2018-06-20 08:23:02'),
(87104, 167, 222, 1, '2018-06-20 08:23:13'),
(87105, 27, 278, 1, '2018-06-20 08:23:50'),
(87106, 218, 319, 1, '2018-06-20 09:00:59'),
(87107, 213, 320, 1, '2018-06-20 09:01:14'),
(87108, 210, 303, 1, '2018-06-20 09:02:28'),
(87109, 173, 0, 1, '2018-06-20 09:03:30'),
(87110, 199, 273, 1, '2018-06-20 10:09:09'),
(87111, 129, 167, 1, '2018-06-20 10:09:41'),
(87112, 89, 102, 1, '2018-06-20 10:10:48'),
(87113, 130, 279, 1, '2018-06-20 10:11:15'),
(87114, 169, 228, 1, '2018-06-20 10:11:39'),
(87115, 184, 0, 1, '2018-06-20 10:11:59'),
(87116, 139, 281, 1, '2018-06-20 10:12:26'),
(87117, 92, 112, 1, '2018-06-20 10:12:48'),
(87118, 197, 270, 1, '2018-06-20 10:13:07'),
(87119, 205, 297, 1, '2018-06-20 10:13:38'),
(87120, 136, 318, 1, '2018-06-20 10:13:48'),
(87121, 174, 232, 1, '2018-06-20 10:14:02'),
(87122, 216, 315, 1, '2018-06-20 10:14:37'),
(87123, 209, 301, 1, '2018-06-20 10:14:58'),
(87124, 94, 119, 1, '2018-06-20 10:15:18'),
(87125, 193, 0, 1, '2018-06-20 10:15:50'),
(87126, 95, 124, 1, '2018-06-20 10:16:15'),
(87127, 131, 170, 1, '2018-06-20 10:16:52'),
(87128, 21, 125, 1, '2018-06-20 10:17:05'),
(87129, 128, 165, 1, '2018-06-20 10:17:31'),
(87130, 203, 294, 1, '2018-06-20 10:18:10'),
(87131, 204, 295, 1, '2018-06-20 10:18:23'),
(87132, 133, 177, 1, '2018-06-20 10:19:02'),
(87133, 212, 307, 1, '2018-06-20 10:23:04'),
(87134, 188, 0, 1, '2018-06-20 10:48:35'),
(87135, 109, 0, 1, '2018-06-20 10:48:36'),
(87136, 159, 0, 1, '2018-06-20 10:48:39'),
(87138, 173, 0, 1, '2018-06-20 10:48:42'),
(87137, 157, 0, 1, '2018-06-20 10:48:42'),
(87139, 90, 110, 1, '2018-06-20 10:48:46'),
(87140, 156, 0, 1, '2018-06-20 10:48:49'),
(87141, 111, 0, 1, '2018-06-20 10:48:50'),
(87142, 110, 0, 1, '2018-06-20 10:48:50'),
(87143, 136, 318, 1, '2018-06-20 10:48:53'),
(87144, 216, 315, 1, '2018-06-20 10:48:58'),
(87145, 209, 301, 1, '2018-06-20 10:49:00'),
(87146, 89, 102, 1, '2018-06-20 10:49:00'),
(87147, 95, 124, 1, '2018-06-20 10:49:02'),
(87148, 166, 218, 1, '2018-06-20 10:49:02'),
(87149, 21, 125, 1, '2018-06-20 10:49:03'),
(87150, 130, 279, 1, '2018-06-20 10:49:06'),
(87151, 133, 177, 1, '2018-06-20 10:49:07'),
(87152, 187, 282, 1, '2018-06-20 10:49:10'),
(87153, 135, 182, 1, '2018-06-20 10:49:11'),
(87154, 167, 222, 1, '2018-06-20 10:49:11'),
(87155, 26, 260, 1, '2018-06-20 10:49:14'),
(87156, 172, 235, 1, '2018-06-20 10:49:14'),
(87157, 27, 278, 1, '2018-06-20 10:49:17'),
(87158, 174, 232, 1, '2018-06-20 10:49:17'),
(87159, 128, 165, 1, '2018-06-20 10:49:22'),
(87160, 169, 228, 1, '2018-06-20 10:49:28'),
(87161, 163, 212, 1, '2018-06-20 10:49:38'),
(87162, 125, 305, 1, '2018-06-20 10:49:40'),
(87163, 195, 0, 1, '2018-06-20 10:49:41'),
(87164, 158, 0, 1, '2018-06-20 10:49:45'),
(87165, 113, 0, 1, '2018-06-20 10:49:53'),
(87166, 112, 0, 1, '2018-06-20 10:49:53'),
(87167, 39, 0, 1, '2018-06-20 10:49:55'),
(87168, 201, 289, 1, '2018-06-20 10:49:55'),
(87169, 92, 112, 1, '2018-06-20 10:49:59'),
(87170, 218, 319, 1, '2018-06-20 10:50:04'),
(87171, 213, 320, 1, '2018-06-20 10:50:10'),
(87172, 212, 307, 1, '2018-06-20 10:50:13'),
(87173, 131, 170, 1, '2018-06-20 10:50:16'),
(87174, 205, 297, 1, '2018-06-20 10:50:18'),
(87175, 203, 294, 1, '2018-06-20 10:50:26'),
(87176, 197, 270, 1, '2018-06-20 10:50:29'),
(87177, 204, 295, 1, '2018-06-20 10:50:33'),
(87178, 129, 167, 1, '2018-06-20 10:50:33'),
(87179, 94, 119, 1, '2018-06-20 10:50:37'),
(87180, 206, 298, 1, '2018-06-20 10:50:37'),
(87181, 165, 216, 1, '2018-06-20 10:50:48'),
(87182, 210, 303, 1, '2018-06-20 10:50:49'),
(87183, 207, 299, 1, '2018-06-20 10:50:54'),
(87184, 214, 313, 1, '2018-06-20 10:51:01'),
(87185, 199, 273, 1, '2018-06-20 10:51:07'),
(87186, 171, 284, 1, '2018-06-20 10:51:08'),
(87187, 139, 281, 1, '2018-06-20 10:51:11'),
(87188, 138, 280, 1, '2018-06-20 10:51:15'),
(87189, 81, 0, 1, '2018-06-20 10:51:16'),
(87190, 143, 0, 1, '2018-06-20 10:51:19'),
(87191, 41, 0, 1, '2018-06-20 10:51:21'),
(87192, 184, 0, 1, '2018-06-20 10:51:23'),
(87193, 161, 0, 1, '2018-06-20 10:51:27'),
(87194, 144, 0, 1, '2018-06-20 10:51:32'),
(87195, 190, 0, 1, '2018-06-20 10:51:41'),
(87196, 44, 0, 1, '2018-06-20 10:51:42'),
(87197, 193, 0, 1, '2018-06-20 10:51:50'),
(87198, 153, 0, 1, '2018-06-20 10:51:58'),
(87199, 189, 266, 1, '2018-06-20 10:52:07'),
(87200, 149, 0, 1, '2018-06-20 10:52:07'),
(87201, 42, 0, 1, '2018-06-20 10:52:12'),
(87202, 191, 0, 1, '2018-06-20 10:52:23'),
(87203, 155, 0, 1, '2018-06-20 10:52:26'),
(87204, 148, 238, 1, '2018-06-20 10:52:26'),
(87205, 147, 236, 1, '2018-06-20 10:52:32'),
(87206, 196, 0, 1, '2018-06-20 10:52:40'),
(87207, 90, 110, 1, '2018-06-20 10:53:05'),
(87208, 110, 0, 1, '2018-06-20 10:54:11'),
(87209, 111, 0, 1, '2018-06-20 10:54:15'),
(87210, 188, 0, 8, '2018-06-20 10:54:17'),
(87211, 109, 0, 2, '2018-06-20 10:54:18'),
(87212, 89, 102, 1, '2018-06-20 10:54:25'),
(87213, 166, 218, 1, '2018-06-20 10:54:27'),
(87214, 159, 0, 2, '2018-06-20 10:54:33'),
(87215, 172, 235, 1, '2018-06-20 10:54:33'),
(87216, 173, 0, 2, '2018-06-20 10:54:34'),
(87217, 39, 0, 1, '2018-06-20 10:54:40'),
(87218, 109, 0, 1, '2018-06-20 10:54:40'),
(87219, 156, 0, 1, '2018-06-20 10:54:43'),
(87220, 157, 0, 3, '2018-06-20 10:54:43'),
(87221, 90, 110, 2, '2018-06-20 10:54:44'),
(87222, 156, 0, 3, '2018-06-20 10:54:52'),
(87223, 111, 0, 2, '2018-06-20 10:54:52'),
(87224, 110, 0, 1, '2018-06-20 10:55:00'),
(87225, 136, 318, 1, '2018-06-20 10:55:05'),
(87226, 209, 301, 1, '2018-06-20 10:55:17'),
(87227, 216, 315, 1, '2018-06-20 10:55:17'),
(87228, 89, 102, 1, '2018-06-20 10:55:24'),
(87229, 95, 124, 1, '2018-06-20 10:55:32'),
(87230, 21, 125, 1, '2018-06-20 10:55:34'),
(87231, 166, 218, 4, '2018-06-20 10:55:34'),
(87232, 133, 177, 1, '2018-06-20 10:55:38'),
(87233, 130, 279, 1, '2018-06-20 10:55:46'),
(87234, 135, 182, 1, '2018-06-20 10:55:57'),
(87235, 167, 222, 3, '2018-06-20 10:55:57'),
(87236, 187, 282, 1, '2018-06-20 10:56:17'),
(87237, 26, 260, 1, '2018-06-20 10:56:28'),
(87238, 173, 0, 1, '2018-06-20 10:56:33'),
(87239, 172, 235, 1, '2018-06-20 10:56:34'),
(87240, 27, 278, 2, '2018-06-20 10:56:38'),
(87241, 174, 232, 1, '2018-06-20 10:56:42'),
(87242, 128, 165, 1, '2018-06-20 10:57:03'),
(87243, 169, 228, 1, '2018-06-20 10:57:15'),
(87244, 163, 212, 1, '2018-06-20 10:57:22'),
(87245, 125, 305, 1, '2018-06-20 10:57:30'),
(87246, 195, 0, 8, '2018-06-20 10:57:30'),
(87247, 157, 0, 1, '2018-06-20 10:57:33'),
(87248, 158, 0, 3, '2018-06-20 10:57:34'),
(87249, 112, 0, 3, '2018-06-20 10:57:37'),
(87250, 113, 0, 2, '2018-06-20 10:57:39'),
(87251, 201, 289, 1, '2018-06-20 10:57:40'),
(87252, 39, 0, 9, '2018-06-20 10:57:41'),
(87253, 27, 278, 1, '2018-06-20 10:57:48'),
(87254, 92, 112, 1, '2018-06-20 10:57:52'),
(87255, 218, 319, 2, '2018-06-20 10:57:52'),
(87256, 213, 320, 2, '2018-06-20 10:58:01'),
(87257, 212, 307, 1, '2018-06-20 10:58:06'),
(87258, 131, 170, 1, '2018-06-20 10:58:10'),
(87259, 205, 297, 1, '2018-06-20 10:58:13'),
(87260, 203, 294, 1, '2018-06-20 10:58:38'),
(87261, 197, 270, 2, '2018-06-20 10:58:50'),
(87262, 129, 167, 2, '2018-06-20 10:58:53'),
(87263, 204, 295, 1, '2018-06-20 10:58:59'),
(87264, 206, 298, 1, '2018-06-20 10:59:03'),
(87265, 94, 119, 1, '2018-06-20 10:59:03'),
(87266, 165, 216, 2, '2018-06-20 10:59:28'),
(87267, 210, 303, 1, '2018-06-20 10:59:31'),
(87268, 207, 299, 1, '2018-06-20 10:59:34'),
(87269, 214, 313, 1, '2018-06-20 11:00:00'),
(87270, 199, 273, 1, '2018-06-20 11:00:06'),
(87271, 171, 284, 1, '2018-06-20 11:00:14'),
(87272, 139, 281, 1, '2018-06-20 11:00:24'),
(87273, 138, 280, 1, '2018-06-20 11:00:26'),
(87274, 81, 0, 2, '2018-06-20 11:00:33'),
(87275, 143, 0, 2, '2018-06-20 11:00:38'),
(87276, 41, 0, 1, '2018-06-20 11:00:40'),
(87277, 184, 0, 1, '2018-06-20 11:00:51'),
(87278, 161, 0, 1, '2018-06-20 11:01:02'),
(87279, 144, 0, 3, '2018-06-20 11:01:07'),
(87280, 190, 0, 3, '2018-06-20 11:01:10'),
(87281, 44, 0, 4, '2018-06-20 11:01:11'),
(87282, 193, 0, 2, '2018-06-20 11:01:16'),
(87283, 153, 0, 2, '2018-06-20 11:01:18'),
(87284, 149, 0, 2, '2018-06-20 11:01:25'),
(87285, 189, 266, 2, '2018-06-20 11:01:25'),
(87286, 42, 0, 4, '2018-06-20 11:01:26'),
(87287, 191, 0, 2, '2018-06-20 11:01:38'),
(87288, 155, 0, 1, '2018-06-20 11:01:43'),
(87289, 148, 238, 2, '2018-06-20 11:01:45'),
(87290, 147, 236, 2, '2018-06-20 11:01:50'),
(87291, 196, 0, 5, '2018-06-20 11:01:57'),
(87292, 188, 0, 1, '2018-06-20 11:44:27'),
(87293, 109, 0, 1, '2018-06-20 11:44:32'),
(87294, 159, 0, 1, '2018-06-20 11:44:36'),
(87295, 157, 0, 1, '2018-06-20 11:44:41'),
(87296, 173, 0, 1, '2018-06-20 11:44:46'),
(87297, 90, 110, 1, '2018-06-20 11:44:51'),
(87298, 156, 0, 1, '2018-06-20 11:44:55'),
(87299, 111, 0, 1, '2018-06-20 11:44:59'),
(87300, 110, 0, 1, '2018-06-20 11:45:04'),
(87301, 195, 0, 1, '2018-06-20 11:45:08'),
(87302, 158, 0, 1, '2018-06-20 11:45:13'),
(87303, 113, 0, 1, '2018-06-20 11:45:17'),
(87304, 112, 0, 1, '2018-06-20 11:45:21'),
(87305, 125, 305, 1, '2018-06-20 11:45:26'),
(87306, 39, 0, 1, '2018-06-20 11:45:30'),
(87307, 136, 318, 1, '2018-06-20 11:45:35'),
(87308, 216, 315, 1, '2018-06-20 11:45:39'),
(87309, 209, 301, 1, '2018-06-20 11:45:43'),
(87310, 89, 102, 1, '2018-06-20 11:45:48'),
(87311, 95, 124, 1, '2018-06-20 11:45:52'),
(87312, 166, 218, 1, '2018-06-20 11:45:56'),
(87313, 21, 125, 1, '2018-06-20 11:45:58'),
(87314, 130, 279, 1, '2018-06-20 11:46:03'),
(87315, 133, 177, 1, '2018-06-20 11:46:05'),
(87316, 187, 282, 1, '2018-06-20 11:46:09'),
(87317, 135, 182, 1, '2018-06-20 11:46:14'),
(87318, 167, 222, 1, '2018-06-20 11:46:16'),
(87319, 26, 260, 1, '2018-06-20 11:46:20'),
(87320, 172, 235, 1, '2018-06-20 11:46:24'),
(87321, 27, 278, 1, '2018-06-20 11:46:29'),
(87322, 174, 232, 1, '2018-06-20 11:46:33'),
(87323, 128, 165, 1, '2018-06-20 11:46:38'),
(87324, 169, 228, 1, '2018-06-20 11:46:42'),
(87325, 163, 212, 1, '2018-06-20 11:46:49'),
(87326, 205, 297, 1, '2018-06-20 11:46:56'),
(87327, 203, 294, 1, '2018-06-20 11:47:01'),
(87328, 197, 270, 1, '2018-06-20 11:47:05'),
(87329, 204, 295, 1, '2018-06-20 11:47:10'),
(87330, 129, 167, 1, '2018-06-20 11:47:16'),
(87331, 94, 119, 1, '2018-06-20 11:47:21'),
(87332, 218, 319, 1, '2018-06-20 11:47:25'),
(87333, 213, 320, 1, '2018-06-20 11:47:32'),
(87334, 212, 307, 1, '2018-06-20 11:47:36'),
(87335, 131, 170, 1, '2018-06-20 11:47:43'),
(87336, 201, 289, 1, '2018-06-20 11:47:47'),
(87337, 92, 112, 1, '2018-06-20 11:47:51'),
(87338, 206, 298, 1, '2018-06-20 11:47:56'),
(87339, 165, 216, 1, '2018-06-20 11:48:00'),
(87340, 210, 303, 1, '2018-06-20 11:48:04'),
(87341, 207, 299, 1, '2018-06-20 11:48:09'),
(87342, 214, 313, 1, '2018-06-20 11:48:13'),
(87343, 199, 273, 1, '2018-06-20 11:48:17'),
(87344, 171, 284, 1, '2018-06-20 11:48:22'),
(87345, 139, 281, 1, '2018-06-20 11:48:26'),
(87346, 138, 280, 1, '2018-06-20 11:48:30'),
(87347, 81, 0, 1, '2018-06-20 11:48:35'),
(87348, 143, 0, 1, '2018-06-20 11:48:39'),
(87349, 41, 0, 1, '2018-06-20 11:48:43'),
(87350, 184, 0, 1, '2018-06-20 11:48:48'),
(87351, 161, 0, 1, '2018-06-20 11:48:52'),
(87352, 144, 0, 1, '2018-06-20 11:48:57'),
(87353, 190, 0, 1, '2018-06-20 11:49:01'),
(87354, 44, 0, 1, '2018-06-20 11:49:03'),
(87355, 193, 0, 1, '2018-06-20 11:49:10'),
(87356, 153, 0, 1, '2018-06-20 11:49:14'),
(87357, 189, 266, 1, '2018-06-20 11:49:19'),
(87358, 149, 0, 1, '2018-06-20 11:49:23'),
(87359, 42, 0, 1, '2018-06-20 11:49:28'),
(87360, 191, 0, 1, '2018-06-20 11:49:32'),
(87361, 155, 0, 1, '2018-06-20 11:49:37'),
(87362, 148, 238, 1, '2018-06-20 11:49:41'),
(87363, 147, 236, 1, '2018-06-20 11:49:46'),
(87364, 196, 0, 1, '2018-06-20 11:49:50'),
(87365, 90, 110, 1, '2018-06-20 11:50:04'),
(87366, 110, 0, 1, '2018-06-20 11:50:51'),
(87367, 111, 0, 1, '2018-06-20 11:50:53'),
(87368, 89, 102, 1, '2018-06-20 11:51:02'),
(87369, 166, 218, 1, '2018-06-20 11:51:04'),
(87370, 172, 235, 1, '2018-06-20 11:51:20'),
(87371, 39, 0, 1, '2018-06-20 11:51:26'),
(87372, 109, 0, 1, '2018-06-20 11:51:28'),
(87373, 156, 0, 1, '2018-06-20 11:51:30'),
(87374, 190, 0, 1, '2018-06-20 12:41:29'),
(87375, 196, 0, 1, '2018-06-20 13:59:21'),
(87376, 195, 0, 1, '2018-06-20 17:04:08'),
(87377, 188, 0, 1, '2018-06-20 18:24:19'),
(87378, 148, 238, 1, '2018-06-20 18:26:42'),
(87379, 165, 216, 1, '2018-06-21 01:58:14'),
(87380, 188, 0, 1, '2018-06-21 04:11:12'),
(87381, 188, 0, 1, '2018-06-21 04:11:12'),
(87382, 188, 0, 1, '2018-06-21 04:11:13'),
(87383, 188, 0, 1, '2018-06-21 04:11:14'),
(87384, 188, 0, 1, '2018-06-21 04:11:14'),
(87385, 188, 0, 1, '2018-06-21 04:11:15'),
(87386, 188, 0, 1, '2018-06-21 04:11:15'),
(87387, 188, 0, 1, '2018-06-21 04:11:16'),
(87388, 188, 0, 1, '2018-06-21 04:11:16'),
(87389, 188, 0, 1, '2018-06-21 04:11:16'),
(87390, 188, 0, 1, '2018-06-21 04:11:16'),
(87391, 188, 0, 1, '2018-06-21 04:11:17'),
(87392, 188, 0, 1, '2018-06-21 04:11:17'),
(87393, 188, 0, 1, '2018-06-21 04:11:17'),
(87394, 188, 0, 1, '2018-06-21 04:11:18'),
(87395, 188, 0, 1, '2018-06-21 04:11:18'),
(87396, 188, 0, 1, '2018-06-21 04:11:18'),
(87397, 188, 0, 1, '2018-06-21 04:11:19'),
(87398, 188, 0, 1, '2018-06-21 04:11:19'),
(87399, 188, 0, 1, '2018-06-21 04:11:19'),
(87400, 188, 0, 1, '2018-06-21 04:11:19'),
(87401, 188, 0, 1, '2018-06-21 04:11:20'),
(87402, 188, 0, 1, '2018-06-21 04:11:20'),
(87403, 188, 0, 1, '2018-06-21 04:11:21'),
(87404, 188, 0, 1, '2018-06-21 04:11:21'),
(87405, 188, 0, 1, '2018-06-21 04:11:22'),
(87406, 188, 0, 1, '2018-06-21 04:11:22'),
(87407, 188, 0, 1, '2018-06-21 04:11:22'),
(87408, 188, 0, 1, '2018-06-21 04:11:22'),
(87409, 188, 0, 1, '2018-06-21 04:11:23'),
(87410, 188, 0, 1, '2018-06-21 04:11:23'),
(87411, 188, 0, 1, '2018-06-21 04:11:23'),
(87412, 188, 0, 1, '2018-06-21 04:11:24'),
(87413, 188, 0, 1, '2018-06-21 04:11:24'),
(87414, 188, 0, 1, '2018-06-21 04:11:24'),
(87415, 188, 0, 1, '2018-06-21 04:11:25'),
(87416, 188, 0, 1, '2018-06-21 04:11:25'),
(87417, 188, 0, 1, '2018-06-21 04:11:25'),
(87418, 188, 0, 1, '2018-06-21 04:11:25'),
(87419, 188, 0, 1, '2018-06-21 04:11:26'),
(87420, 188, 0, 1, '2018-06-21 04:11:26'),
(87421, 188, 0, 1, '2018-06-21 04:11:27'),
(87422, 188, 0, 1, '2018-06-21 04:11:27'),
(87423, 188, 0, 1, '2018-06-21 04:11:27'),
(87424, 188, 0, 1, '2018-06-21 04:11:28'),
(87425, 188, 0, 1, '2018-06-21 04:11:28'),
(87426, 188, 0, 1, '2018-06-21 04:11:28'),
(87427, 188, 0, 1, '2018-06-21 04:11:29'),
(87428, 188, 0, 1, '2018-06-21 04:11:29'),
(87429, 188, 0, 1, '2018-06-21 04:11:29'),
(87430, 188, 0, 1, '2018-06-21 04:11:29'),
(87431, 188, 0, 1, '2018-06-21 04:11:30'),
(87432, 188, 0, 1, '2018-06-21 04:11:30'),
(87433, 188, 0, 1, '2018-06-21 04:11:30'),
(87434, 188, 0, 1, '2018-06-21 04:11:31'),
(87435, 188, 0, 1, '2018-06-21 04:11:31'),
(87436, 188, 0, 1, '2018-06-21 04:11:32'),
(87437, 188, 0, 1, '2018-06-21 04:11:32'),
(87438, 188, 0, 1, '2018-06-21 04:11:32'),
(87439, 188, 0, 1, '2018-06-21 04:11:33'),
(87440, 188, 0, 1, '2018-06-21 04:11:33'),
(87441, 188, 0, 1, '2018-06-21 04:11:33'),
(87442, 188, 0, 1, '2018-06-21 04:11:34'),
(87443, 188, 0, 1, '2018-06-21 04:11:34'),
(87444, 188, 0, 1, '2018-06-21 04:11:34'),
(87445, 188, 0, 1, '2018-06-21 04:11:34'),
(87446, 188, 0, 1, '2018-06-21 04:11:35'),
(87447, 188, 0, 1, '2018-06-21 04:11:35'),
(87448, 188, 0, 1, '2018-06-21 04:11:36'),
(87449, 188, 0, 1, '2018-06-21 04:11:36'),
(87450, 188, 0, 1, '2018-06-21 04:11:36'),
(87451, 188, 0, 1, '2018-06-21 04:11:37'),
(87452, 188, 0, 1, '2018-06-21 04:11:37'),
(87453, 188, 0, 1, '2018-06-21 04:11:37'),
(87454, 188, 0, 1, '2018-06-21 04:11:38'),
(87455, 188, 0, 1, '2018-06-21 04:11:38'),
(87456, 188, 0, 1, '2018-06-21 04:11:38'),
(87457, 188, 0, 1, '2018-06-21 04:11:38'),
(87458, 188, 0, 1, '2018-06-21 04:11:39'),
(87459, 188, 0, 1, '2018-06-21 04:11:39'),
(87460, 188, 0, 1, '2018-06-21 04:11:39'),
(87461, 188, 0, 1, '2018-06-21 04:11:39'),
(87462, 188, 0, 1, '2018-06-21 04:11:39'),
(87463, 188, 0, 1, '2018-06-21 04:11:39'),
(87464, 188, 0, 1, '2018-06-21 04:11:40'),
(87465, 188, 0, 1, '2018-06-21 04:11:40'),
(87466, 188, 0, 1, '2018-06-21 04:11:40'),
(87467, 188, 0, 1, '2018-06-21 04:11:40'),
(87468, 188, 0, 1, '2018-06-21 04:11:41'),
(87469, 188, 0, 1, '2018-06-21 04:11:41'),
(87470, 188, 0, 1, '2018-06-21 04:11:42'),
(87471, 188, 0, 1, '2018-06-21 04:11:42'),
(87472, 188, 0, 1, '2018-06-21 04:11:42'),
(87473, 188, 0, 1, '2018-06-21 04:11:42'),
(87474, 188, 0, 1, '2018-06-21 04:11:42'),
(87475, 188, 0, 1, '2018-06-21 04:11:43'),
(87476, 188, 0, 1, '2018-06-21 04:11:43'),
(87477, 188, 0, 1, '2018-06-21 04:11:43'),
(87478, 188, 0, 1, '2018-06-21 04:11:43'),
(87479, 188, 0, 1, '2018-06-21 04:11:44'),
(87480, 188, 0, 1, '2018-06-21 04:11:44'),
(87481, 188, 0, 1, '2018-06-21 04:11:44'),
(87482, 188, 0, 1, '2018-06-21 04:11:44'),
(87483, 188, 0, 1, '2018-06-21 04:11:45'),
(87484, 188, 0, 1, '2018-06-21 04:11:45'),
(87485, 188, 0, 1, '2018-06-21 04:11:45'),
(87486, 188, 0, 1, '2018-06-21 04:11:46'),
(87487, 188, 0, 1, '2018-06-21 04:11:46'),
(87488, 188, 0, 1, '2018-06-21 04:11:46'),
(87489, 188, 0, 1, '2018-06-21 04:11:46'),
(87490, 188, 0, 1, '2018-06-21 04:11:47'),
(87491, 188, 0, 1, '2018-06-21 04:11:47'),
(87492, 188, 0, 1, '2018-06-21 04:11:47'),
(87493, 188, 0, 1, '2018-06-21 04:11:48'),
(87494, 188, 0, 1, '2018-06-21 04:11:48'),
(87495, 188, 0, 1, '2018-06-21 04:11:48'),
(87496, 188, 0, 1, '2018-06-21 04:11:48'),
(87497, 188, 0, 1, '2018-06-21 04:11:49'),
(87498, 188, 0, 1, '2018-06-21 04:11:49'),
(87499, 188, 0, 1, '2018-06-21 04:11:50'),
(87500, 188, 0, 1, '2018-06-21 04:11:50'),
(87501, 188, 0, 1, '2018-06-21 04:11:50'),
(87502, 188, 0, 1, '2018-06-21 04:11:50'),
(87503, 188, 0, 1, '2018-06-21 04:11:51'),
(87504, 188, 0, 1, '2018-06-21 04:11:51'),
(87505, 188, 0, 1, '2018-06-21 04:11:51'),
(87506, 188, 0, 1, '2018-06-21 04:11:51'),
(87507, 188, 0, 1, '2018-06-21 04:11:52'),
(87508, 188, 0, 1, '2018-06-21 04:11:52'),
(87509, 188, 0, 1, '2018-06-21 04:11:52'),
(87510, 188, 0, 1, '2018-06-21 04:11:52'),
(87511, 188, 0, 1, '2018-06-21 04:11:53'),
(87512, 188, 0, 1, '2018-06-21 04:11:53'),
(87513, 188, 0, 1, '2018-06-21 04:11:53'),
(87514, 188, 0, 1, '2018-06-21 04:11:54'),
(87515, 188, 0, 1, '2018-06-21 04:11:55'),
(87516, 188, 0, 1, '2018-06-21 04:11:55'),
(87517, 188, 0, 1, '2018-06-21 04:11:55'),
(87518, 188, 0, 1, '2018-06-21 04:11:56'),
(87519, 188, 0, 1, '2018-06-21 04:11:56'),
(87520, 188, 0, 1, '2018-06-21 04:11:56'),
(87521, 188, 0, 1, '2018-06-21 04:11:56'),
(87522, 188, 0, 1, '2018-06-21 04:11:57'),
(87523, 188, 0, 1, '2018-06-21 04:11:57'),
(87524, 188, 0, 1, '2018-06-21 04:11:57'),
(87525, 188, 0, 1, '2018-06-21 04:11:58'),
(87526, 188, 0, 1, '2018-06-21 04:11:58'),
(87527, 188, 0, 1, '2018-06-21 04:11:58'),
(87528, 188, 0, 1, '2018-06-21 04:11:59'),
(87529, 188, 0, 1, '2018-06-21 04:11:59'),
(87530, 188, 0, 1, '2018-06-21 04:12:00'),
(87531, 188, 0, 1, '2018-06-21 04:12:00'),
(87532, 188, 0, 1, '2018-06-21 04:12:00'),
(87533, 188, 0, 1, '2018-06-21 04:12:00'),
(87534, 188, 0, 1, '2018-06-21 04:12:01'),
(87535, 188, 0, 1, '2018-06-21 04:12:01'),
(87536, 188, 0, 1, '2018-06-21 04:12:02'),
(87537, 188, 0, 1, '2018-06-21 04:12:02'),
(87538, 188, 0, 1, '2018-06-21 04:12:02'),
(87539, 188, 0, 1, '2018-06-21 04:12:02'),
(87540, 188, 0, 1, '2018-06-21 04:12:03'),
(87541, 188, 0, 1, '2018-06-21 04:12:03'),
(87542, 188, 0, 1, '2018-06-21 04:12:04'),
(87543, 188, 0, 1, '2018-06-21 04:12:04'),
(87544, 188, 0, 1, '2018-06-21 04:12:04'),
(87545, 188, 0, 1, '2018-06-21 04:12:04'),
(87546, 188, 0, 1, '2018-06-21 04:12:05'),
(87547, 188, 0, 1, '2018-06-21 04:12:05'),
(87548, 188, 0, 1, '2018-06-21 04:12:05'),
(87549, 188, 0, 1, '2018-06-21 04:12:05'),
(87550, 188, 0, 1, '2018-06-21 04:12:06'),
(87551, 188, 0, 1, '2018-06-21 04:12:06'),
(87552, 188, 0, 1, '2018-06-21 04:12:06'),
(87553, 188, 0, 1, '2018-06-21 04:12:06'),
(87554, 188, 0, 1, '2018-06-21 04:12:06'),
(87555, 188, 0, 1, '2018-06-21 04:12:07'),
(87556, 188, 0, 1, '2018-06-21 04:12:07'),
(87557, 188, 0, 1, '2018-06-21 04:12:07'),
(87558, 188, 0, 1, '2018-06-21 04:12:07'),
(87559, 188, 0, 1, '2018-06-21 04:12:08'),
(87560, 188, 0, 1, '2018-06-21 04:12:08'),
(87561, 188, 0, 1, '2018-06-21 04:12:09'),
(87562, 188, 0, 1, '2018-06-21 04:12:09'),
(87563, 188, 0, 1, '2018-06-21 04:12:09'),
(87564, 188, 0, 1, '2018-06-21 04:12:09'),
(87565, 188, 0, 1, '2018-06-21 04:12:10'),
(87566, 188, 0, 1, '2018-06-21 04:12:10'),
(87567, 188, 0, 1, '2018-06-21 04:12:10'),
(87568, 188, 0, 1, '2018-06-21 04:12:10'),
(87569, 188, 0, 1, '2018-06-21 04:12:11'),
(87570, 188, 0, 1, '2018-06-21 04:12:11'),
(87571, 188, 0, 1, '2018-06-21 04:12:11'),
(87572, 188, 0, 1, '2018-06-21 04:12:11'),
(87573, 188, 0, 1, '2018-06-21 04:12:11'),
(87574, 188, 0, 1, '2018-06-21 04:12:12'),
(87575, 188, 0, 1, '2018-06-21 04:12:12'),
(87576, 188, 0, 1, '2018-06-21 04:12:12'),
(87577, 188, 0, 1, '2018-06-21 04:12:12'),
(87578, 188, 0, 1, '2018-06-21 04:12:12'),
(87579, 188, 0, 1, '2018-06-21 04:12:13'),
(87580, 188, 0, 1, '2018-06-21 04:12:13'),
(87581, 188, 0, 1, '2018-06-21 04:12:13'),
(87582, 188, 0, 1, '2018-06-21 04:12:14'),
(87583, 188, 0, 1, '2018-06-21 04:12:14'),
(87584, 188, 0, 1, '2018-06-21 04:12:14'),
(87585, 188, 0, 1, '2018-06-21 04:12:15'),
(87586, 188, 0, 1, '2018-06-21 04:12:15'),
(87587, 188, 0, 1, '2018-06-21 04:12:15'),
(87588, 188, 0, 1, '2018-06-21 04:12:15'),
(87589, 188, 0, 1, '2018-06-21 04:12:16'),
(87590, 188, 0, 1, '2018-06-21 04:12:16'),
(87591, 188, 0, 1, '2018-06-21 04:12:16'),
(87592, 188, 0, 1, '2018-06-21 04:12:16'),
(87593, 188, 0, 1, '2018-06-21 04:12:17'),
(87594, 188, 0, 1, '2018-06-21 04:12:17'),
(87595, 188, 0, 1, '2018-06-21 04:12:18'),
(87596, 188, 0, 1, '2018-06-21 04:12:18'),
(87597, 188, 0, 1, '2018-06-21 04:12:18'),
(87598, 188, 0, 1, '2018-06-21 04:12:18'),
(87599, 188, 0, 1, '2018-06-21 04:12:18'),
(87600, 188, 0, 1, '2018-06-21 04:12:18'),
(87601, 188, 0, 1, '2018-06-21 04:12:19'),
(87602, 188, 0, 1, '2018-06-21 04:12:19'),
(87603, 188, 0, 1, '2018-06-21 04:12:19'),
(87604, 188, 0, 1, '2018-06-21 04:12:19'),
(87605, 188, 0, 1, '2018-06-21 04:12:20'),
(87606, 188, 0, 1, '2018-06-21 04:12:20'),
(87607, 188, 0, 1, '2018-06-21 04:12:20'),
(87608, 188, 0, 1, '2018-06-21 04:12:20'),
(87609, 188, 0, 1, '2018-06-21 04:12:21'),
(87610, 188, 0, 1, '2018-06-21 04:12:21'),
(87611, 188, 0, 1, '2018-06-21 04:12:22'),
(87612, 188, 0, 1, '2018-06-21 04:12:22'),
(87613, 188, 0, 1, '2018-06-21 04:12:22'),
(87614, 188, 0, 1, '2018-06-21 04:12:22'),
(87615, 188, 0, 1, '2018-06-21 04:12:23'),
(87616, 188, 0, 1, '2018-06-21 04:12:23'),
(87617, 188, 0, 1, '2018-06-21 04:12:23'),
(87618, 188, 0, 1, '2018-06-21 04:12:23'),
(87619, 188, 0, 1, '2018-06-21 04:12:24'),
(87620, 188, 0, 1, '2018-06-21 04:12:24'),
(87621, 188, 0, 1, '2018-06-21 04:12:24'),
(87622, 188, 0, 1, '2018-06-21 04:12:24'),
(87623, 188, 0, 1, '2018-06-21 04:12:25'),
(87624, 188, 0, 1, '2018-06-21 04:12:25'),
(87625, 188, 0, 1, '2018-06-21 04:12:25'),
(87626, 188, 0, 1, '2018-06-21 04:12:25'),
(87627, 188, 0, 1, '2018-06-21 04:12:26'),
(87628, 188, 0, 1, '2018-06-21 04:12:26'),
(87629, 188, 0, 1, '2018-06-21 04:12:26'),
(87630, 188, 0, 1, '2018-06-21 04:12:26'),
(87631, 188, 0, 1, '2018-06-21 04:12:27'),
(87632, 188, 0, 1, '2018-06-21 04:12:27'),
(87633, 188, 0, 1, '2018-06-21 04:12:27'),
(87634, 188, 0, 1, '2018-06-21 04:12:28'),
(87635, 188, 0, 1, '2018-06-21 04:12:28'),
(87636, 188, 0, 1, '2018-06-21 04:12:28'),
(87637, 188, 0, 1, '2018-06-21 04:12:28'),
(87638, 188, 0, 1, '2018-06-21 04:12:29'),
(87639, 188, 0, 1, '2018-06-21 04:12:29'),
(87640, 188, 0, 1, '2018-06-21 04:12:29'),
(87641, 188, 0, 1, '2018-06-21 04:12:30'),
(87642, 188, 0, 1, '2018-06-21 04:12:30'),
(87643, 188, 0, 1, '2018-06-21 04:12:30'),
(87644, 188, 0, 1, '2018-06-21 04:12:31'),
(87645, 188, 0, 1, '2018-06-21 04:12:31'),
(87646, 188, 0, 1, '2018-06-21 04:12:31'),
(87647, 188, 0, 1, '2018-06-21 04:12:31'),
(87648, 188, 0, 1, '2018-06-21 04:12:31'),
(87649, 188, 0, 1, '2018-06-21 04:12:32'),
(87650, 188, 0, 1, '2018-06-21 04:12:32'),
(87651, 188, 0, 1, '2018-06-21 04:12:32'),
(87652, 188, 0, 1, '2018-06-21 04:12:32'),
(87653, 188, 0, 1, '2018-06-21 04:12:33'),
(87654, 188, 0, 1, '2018-06-21 04:12:33'),
(87655, 188, 0, 1, '2018-06-21 04:12:33'),
(87656, 188, 0, 1, '2018-06-21 04:12:34'),
(87657, 188, 0, 1, '2018-06-21 04:12:34'),
(87658, 188, 0, 1, '2018-06-21 04:12:34'),
(87659, 188, 0, 1, '2018-06-21 04:12:34'),
(87660, 188, 0, 1, '2018-06-21 04:12:35'),
(87661, 188, 0, 1, '2018-06-21 04:12:35'),
(87662, 188, 0, 1, '2018-06-21 04:12:35'),
(87663, 188, 0, 1, '2018-06-21 04:12:35'),
(87664, 188, 0, 1, '2018-06-21 04:12:36'),
(87665, 188, 0, 1, '2018-06-21 04:12:36'),
(87666, 188, 0, 1, '2018-06-21 04:12:36'),
(87667, 188, 0, 1, '2018-06-21 04:12:36'),
(87668, 188, 0, 1, '2018-06-21 04:12:37'),
(87669, 188, 0, 1, '2018-06-21 04:12:37'),
(87670, 188, 0, 1, '2018-06-21 04:12:37'),
(87671, 188, 0, 1, '2018-06-21 04:12:37'),
(87672, 188, 0, 1, '2018-06-21 04:12:38'),
(87673, 188, 0, 1, '2018-06-21 04:12:38'),
(87674, 188, 0, 1, '2018-06-21 04:12:38'),
(87675, 188, 0, 1, '2018-06-21 04:12:38'),
(87676, 188, 0, 1, '2018-06-21 04:12:39'),
(87677, 188, 0, 1, '2018-06-21 04:12:39'),
(87678, 188, 0, 1, '2018-06-21 04:12:39'),
(87679, 188, 0, 1, '2018-06-21 04:12:39'),
(87680, 188, 0, 1, '2018-06-21 04:12:40'),
(87681, 188, 0, 1, '2018-06-21 04:12:40'),
(87682, 188, 0, 1, '2018-06-21 04:12:40'),
(87683, 188, 0, 1, '2018-06-21 04:12:40'),
(87684, 188, 0, 1, '2018-06-21 04:12:41'),
(87685, 188, 0, 1, '2018-06-21 04:12:41'),
(87686, 188, 0, 1, '2018-06-21 04:12:41'),
(87687, 188, 0, 1, '2018-06-21 04:12:41'),
(87688, 188, 0, 1, '2018-06-21 04:12:42'),
(87689, 188, 0, 1, '2018-06-21 04:12:42'),
(87690, 188, 0, 1, '2018-06-21 04:12:42'),
(87691, 188, 0, 1, '2018-06-21 04:12:42'),
(87692, 188, 0, 1, '2018-06-21 04:12:43'),
(87693, 188, 0, 1, '2018-06-21 04:12:43'),
(87694, 188, 0, 1, '2018-06-21 04:12:43'),
(87695, 188, 0, 1, '2018-06-21 04:12:43'),
(87696, 188, 0, 1, '2018-06-21 04:12:43'),
(87697, 188, 0, 1, '2018-06-21 04:12:44'),
(87698, 188, 0, 1, '2018-06-21 04:12:44'),
(87699, 188, 0, 1, '2018-06-21 04:12:44'),
(87700, 188, 0, 1, '2018-06-21 04:12:44'),
(87701, 188, 0, 1, '2018-06-21 04:12:45'),
(87702, 188, 0, 1, '2018-06-21 04:12:45'),
(87703, 188, 0, 1, '2018-06-21 04:12:46'),
(87704, 188, 0, 1, '2018-06-21 04:12:46'),
(87705, 188, 0, 1, '2018-06-21 04:12:46'),
(87706, 188, 0, 1, '2018-06-21 04:12:46'),
(87707, 188, 0, 1, '2018-06-21 04:12:47'),
(87708, 188, 0, 1, '2018-06-21 04:12:47'),
(87709, 188, 0, 1, '2018-06-21 04:12:47'),
(87710, 188, 0, 1, '2018-06-21 04:12:47'),
(87711, 188, 0, 1, '2018-06-21 04:12:48'),
(87712, 188, 0, 1, '2018-06-21 04:12:48'),
(87713, 188, 0, 1, '2018-06-21 04:12:48'),
(87714, 188, 0, 1, '2018-06-21 04:12:48'),
(87715, 188, 0, 1, '2018-06-21 04:12:49'),
(87716, 188, 0, 1, '2018-06-21 04:12:49'),
(87717, 188, 0, 1, '2018-06-21 04:12:49'),
(87718, 188, 0, 1, '2018-06-21 04:12:49'),
(87719, 188, 0, 1, '2018-06-21 04:12:49'),
(87720, 188, 0, 1, '2018-06-21 04:12:50'),
(87721, 188, 0, 1, '2018-06-21 04:12:50'),
(87722, 188, 0, 1, '2018-06-21 04:12:50'),
(87723, 188, 0, 1, '2018-06-21 04:12:50'),
(87724, 188, 0, 1, '2018-06-21 04:12:51'),
(87725, 188, 0, 1, '2018-06-21 04:12:51'),
(87726, 188, 0, 1, '2018-06-21 04:12:51'),
(87727, 188, 0, 1, '2018-06-21 04:12:51'),
(87728, 188, 0, 1, '2018-06-21 04:12:52'),
(87729, 188, 0, 1, '2018-06-21 04:12:52'),
(87730, 188, 0, 1, '2018-06-21 04:12:53'),
(87731, 188, 0, 1, '2018-06-21 04:12:53'),
(87732, 188, 0, 1, '2018-06-21 04:12:53'),
(87733, 188, 0, 1, '2018-06-21 04:12:53'),
(87734, 188, 0, 1, '2018-06-21 04:12:54'),
(87735, 188, 0, 1, '2018-06-21 04:12:54'),
(87736, 188, 0, 1, '2018-06-21 04:12:54'),
(87737, 188, 0, 1, '2018-06-21 04:12:55'),
(87738, 188, 0, 1, '2018-06-21 04:12:55'),
(87739, 188, 0, 1, '2018-06-21 04:12:55'),
(87740, 188, 0, 1, '2018-06-21 04:12:55'),
(87741, 188, 0, 1, '2018-06-21 04:12:55'),
(87742, 188, 0, 1, '2018-06-21 04:12:56'),
(87743, 188, 0, 1, '2018-06-21 04:12:56'),
(87744, 188, 0, 1, '2018-06-21 04:12:56'),
(87745, 188, 0, 1, '2018-06-21 04:12:56'),
(87746, 188, 0, 1, '2018-06-21 04:12:56'),
(87747, 188, 0, 1, '2018-06-21 04:12:57'),
(87748, 188, 0, 1, '2018-06-21 04:12:57'),
(87749, 188, 0, 1, '2018-06-21 04:12:57'),
(87750, 188, 0, 1, '2018-06-21 04:12:57'),
(87751, 188, 0, 1, '2018-06-21 04:12:58'),
(87752, 188, 0, 1, '2018-06-21 04:12:58'),
(87753, 188, 0, 1, '2018-06-21 04:12:58'),
(87754, 188, 0, 1, '2018-06-21 04:12:58'),
(87755, 188, 0, 1, '2018-06-21 04:12:59'),
(87756, 188, 0, 1, '2018-06-21 04:12:59'),
(87757, 188, 0, 1, '2018-06-21 04:12:59'),
(87758, 188, 0, 1, '2018-06-21 04:12:59'),
(87759, 188, 0, 1, '2018-06-21 04:13:00'),
(87760, 188, 0, 1, '2018-06-21 04:13:00'),
(87761, 188, 0, 1, '2018-06-21 04:13:00'),
(87762, 188, 0, 1, '2018-06-21 04:13:00'),
(87763, 188, 0, 1, '2018-06-21 04:13:01'),
(87764, 188, 0, 1, '2018-06-21 04:13:01'),
(87765, 188, 0, 1, '2018-06-21 04:13:01'),
(87766, 188, 0, 1, '2018-06-21 04:13:02'),
(87767, 188, 0, 1, '2018-06-21 04:13:02'),
(87768, 188, 0, 1, '2018-06-21 04:13:02'),
(87769, 188, 0, 1, '2018-06-21 04:13:03'),
(87770, 188, 0, 1, '2018-06-21 04:13:03'),
(87771, 188, 0, 1, '2018-06-21 04:13:03'),
(87772, 188, 0, 1, '2018-06-21 04:13:03'),
(87773, 188, 0, 1, '2018-06-21 04:13:04'),
(87774, 188, 0, 1, '2018-06-21 04:13:04'),
(87775, 188, 0, 1, '2018-06-21 04:13:04'),
(87776, 188, 0, 1, '2018-06-21 04:13:04'),
(87777, 188, 0, 1, '2018-06-21 04:13:04'),
(87778, 188, 0, 1, '2018-06-21 04:13:04'),
(87779, 188, 0, 1, '2018-06-21 04:13:05'),
(87780, 188, 0, 1, '2018-06-21 04:13:05'),
(87781, 188, 0, 1, '2018-06-21 04:13:05'),
(87782, 188, 0, 1, '2018-06-21 04:13:05'),
(87783, 188, 0, 1, '2018-06-21 04:13:06'),
(87784, 188, 0, 1, '2018-06-21 04:13:06'),
(87785, 188, 0, 1, '2018-06-21 04:13:06'),
(87786, 188, 0, 1, '2018-06-21 04:13:07'),
(87787, 188, 0, 1, '2018-06-21 04:13:07'),
(87788, 188, 0, 1, '2018-06-21 04:13:07'),
(87789, 188, 0, 1, '2018-06-21 04:13:07'),
(87790, 188, 0, 1, '2018-06-21 04:13:08'),
(87791, 188, 0, 1, '2018-06-21 04:13:08'),
(87792, 188, 0, 1, '2018-06-21 04:13:08'),
(87793, 188, 0, 1, '2018-06-21 04:13:08'),
(87794, 188, 0, 1, '2018-06-21 04:13:09'),
(87795, 188, 0, 1, '2018-06-21 04:13:09'),
(87796, 188, 0, 1, '2018-06-21 04:13:09'),
(87797, 188, 0, 1, '2018-06-21 04:13:09'),
(87798, 188, 0, 1, '2018-06-21 04:13:10'),
(87799, 188, 0, 1, '2018-06-21 04:13:10'),
(87800, 188, 0, 1, '2018-06-21 04:13:10'),
(87801, 188, 0, 1, '2018-06-21 04:13:10'),
(87802, 188, 0, 1, '2018-06-21 04:13:11'),
(87803, 188, 0, 1, '2018-06-21 04:13:11'),
(87804, 188, 0, 1, '2018-06-21 04:13:11'),
(87805, 188, 0, 1, '2018-06-21 04:13:11'),
(87806, 188, 0, 1, '2018-06-21 04:13:11'),
(87807, 188, 0, 1, '2018-06-21 04:13:11'),
(87808, 188, 0, 1, '2018-06-21 04:13:12'),
(87809, 188, 0, 1, '2018-06-21 04:13:12'),
(87810, 188, 0, 1, '2018-06-21 04:13:12'),
(87811, 188, 0, 1, '2018-06-21 04:13:13'),
(87812, 188, 0, 1, '2018-06-21 04:13:13'),
(87813, 188, 0, 1, '2018-06-21 04:13:13'),
(87814, 188, 0, 1, '2018-06-21 04:13:13'),
(87815, 188, 0, 1, '2018-06-21 04:13:14'),
(87816, 188, 0, 1, '2018-06-21 04:13:14'),
(87817, 188, 0, 1, '2018-06-21 04:13:14'),
(87818, 188, 0, 1, '2018-06-21 04:13:14'),
(87819, 188, 0, 1, '2018-06-21 04:13:15'),
(87820, 188, 0, 1, '2018-06-21 04:13:15'),
(87821, 188, 0, 1, '2018-06-21 04:13:15'),
(87822, 188, 0, 1, '2018-06-21 04:13:15'),
(87823, 188, 0, 1, '2018-06-21 04:13:16'),
(87824, 188, 0, 1, '2018-06-21 04:13:16'),
(87825, 188, 0, 1, '2018-06-21 04:13:16'),
(87826, 188, 0, 1, '2018-06-21 04:13:16'),
(87827, 188, 0, 1, '2018-06-21 04:13:16'),
(87828, 188, 0, 1, '2018-06-21 04:13:17'),
(87829, 188, 0, 1, '2018-06-21 04:13:17'),
(87830, 188, 0, 1, '2018-06-21 04:13:17'),
(87831, 188, 0, 1, '2018-06-21 04:13:17'),
(87832, 188, 0, 1, '2018-06-21 04:13:18'),
(87833, 188, 0, 1, '2018-06-21 04:13:18'),
(87834, 188, 0, 1, '2018-06-21 04:13:18'),
(87835, 188, 0, 1, '2018-06-21 04:13:19'),
(87836, 188, 0, 1, '2018-06-21 04:13:19'),
(87837, 188, 0, 1, '2018-06-21 04:13:20'),
(87838, 188, 0, 1, '2018-06-21 04:13:20'),
(87839, 188, 0, 1, '2018-06-21 04:13:21'),
(87840, 188, 0, 1, '2018-06-21 04:13:21'),
(87841, 188, 0, 1, '2018-06-21 04:13:22'),
(87842, 188, 0, 1, '2018-06-21 04:13:22'),
(87843, 188, 0, 1, '2018-06-21 04:13:22'),
(87844, 188, 0, 1, '2018-06-21 04:13:22'),
(87845, 188, 0, 1, '2018-06-21 04:13:23'),
(87846, 188, 0, 1, '2018-06-21 04:13:23'),
(87847, 188, 0, 1, '2018-06-21 04:13:23'),
(87848, 188, 0, 1, '2018-06-21 04:13:23'),
(87849, 188, 0, 1, '2018-06-21 04:13:23'),
(87850, 188, 0, 1, '2018-06-21 04:13:23'),
(87851, 188, 0, 1, '2018-06-21 04:13:24'),
(87852, 188, 0, 1, '2018-06-21 04:13:24'),
(87853, 188, 0, 1, '2018-06-21 04:13:24'),
(87854, 188, 0, 1, '2018-06-21 04:13:24'),
(87855, 188, 0, 1, '2018-06-21 04:13:25'),
(87856, 188, 0, 1, '2018-06-21 04:13:25'),
(87857, 188, 0, 1, '2018-06-21 04:13:25'),
(87858, 188, 0, 1, '2018-06-21 04:13:25'),
(87859, 188, 0, 1, '2018-06-21 04:13:26'),
(87860, 188, 0, 1, '2018-06-21 04:13:26'),
(87861, 188, 0, 1, '2018-06-21 04:13:26'),
(87862, 188, 0, 1, '2018-06-21 04:13:26'),
(87863, 188, 0, 1, '2018-06-21 04:13:27'),
(87864, 188, 0, 1, '2018-06-21 04:13:27'),
(87865, 188, 0, 1, '2018-06-21 04:13:27'),
(87866, 188, 0, 1, '2018-06-21 04:13:28'),
(87867, 188, 0, 1, '2018-06-21 04:13:28'),
(87868, 188, 0, 1, '2018-06-21 04:13:28'),
(87869, 188, 0, 1, '2018-06-21 04:13:28'),
(87870, 188, 0, 1, '2018-06-21 04:13:29'),
(87871, 188, 0, 1, '2018-06-21 04:13:29'),
(87872, 188, 0, 1, '2018-06-21 04:13:29'),
(87873, 188, 0, 1, '2018-06-21 04:13:29'),
(87874, 188, 0, 1, '2018-06-21 04:13:30'),
(87875, 188, 0, 1, '2018-06-21 04:13:30'),
(87876, 188, 0, 1, '2018-06-21 04:13:30'),
(87877, 188, 0, 1, '2018-06-21 04:13:30'),
(87878, 188, 0, 1, '2018-06-21 04:13:30'),
(87879, 188, 0, 1, '2018-06-21 04:13:31'),
(87880, 188, 0, 1, '2018-06-21 04:13:31'),
(87881, 188, 0, 1, '2018-06-21 04:13:31'),
(87882, 188, 0, 1, '2018-06-21 04:13:31'),
(87883, 188, 0, 1, '2018-06-21 04:13:32'),
(87884, 188, 0, 1, '2018-06-21 04:13:32'),
(87885, 188, 0, 1, '2018-06-21 04:13:32'),
(87886, 188, 0, 1, '2018-06-21 04:13:32'),
(87887, 188, 0, 1, '2018-06-21 04:13:33'),
(87888, 188, 0, 1, '2018-06-21 04:13:33'),
(87889, 188, 0, 1, '2018-06-21 04:13:33'),
(87890, 188, 0, 1, '2018-06-21 04:13:33'),
(87891, 188, 0, 1, '2018-06-21 04:13:34'),
(87892, 188, 0, 1, '2018-06-21 04:13:34'),
(87893, 188, 0, 1, '2018-06-21 04:13:34'),
(87894, 188, 0, 1, '2018-06-21 04:13:34'),
(87895, 188, 0, 1, '2018-06-21 04:13:35'),
(87896, 188, 0, 1, '2018-06-21 04:13:35'),
(87897, 188, 0, 1, '2018-06-21 04:13:36'),
(87898, 188, 0, 1, '2018-06-21 04:13:36'),
(87899, 188, 0, 1, '2018-06-21 04:13:36'),
(87900, 188, 0, 1, '2018-06-21 04:13:36'),
(87901, 188, 0, 1, '2018-06-21 04:13:37'),
(87902, 188, 0, 1, '2018-06-21 04:13:37'),
(87903, 188, 0, 1, '2018-06-21 04:13:37'),
(87904, 188, 0, 1, '2018-06-21 04:13:37'),
(87905, 188, 0, 1, '2018-06-21 04:13:37'),
(87906, 188, 0, 1, '2018-06-21 04:13:38'),
(87907, 188, 0, 1, '2018-06-21 04:13:38'),
(87908, 188, 0, 1, '2018-06-21 04:13:38'),
(87909, 188, 0, 1, '2018-06-21 04:13:38'),
(87910, 188, 0, 1, '2018-06-21 04:13:38'),
(87911, 188, 0, 1, '2018-06-21 04:13:39'),
(87912, 188, 0, 1, '2018-06-21 04:13:39'),
(87913, 188, 0, 1, '2018-06-21 04:13:39'),
(87914, 188, 0, 1, '2018-06-21 04:13:39'),
(87915, 188, 0, 1, '2018-06-21 04:13:39'),
(87916, 188, 0, 1, '2018-06-21 04:13:40'),
(87917, 188, 0, 1, '2018-06-21 04:13:40'),
(87918, 188, 0, 1, '2018-06-21 04:13:40'),
(87919, 188, 0, 1, '2018-06-21 04:13:40'),
(87920, 188, 0, 1, '2018-06-21 04:13:41'),
(87921, 188, 0, 1, '2018-06-21 04:13:41'),
(87922, 188, 0, 1, '2018-06-21 04:13:41'),
(87923, 188, 0, 1, '2018-06-21 04:13:41'),
(87924, 188, 0, 1, '2018-06-21 04:13:42'),
(87925, 188, 0, 1, '2018-06-21 04:13:42'),
(87926, 188, 0, 1, '2018-06-21 04:13:42'),
(87927, 188, 0, 1, '2018-06-21 04:13:42'),
(87928, 188, 0, 1, '2018-06-21 04:13:43'),
(87929, 188, 0, 1, '2018-06-21 04:13:43'),
(87930, 188, 0, 1, '2018-06-21 04:13:43'),
(87931, 188, 0, 1, '2018-06-21 04:13:43'),
(87932, 188, 0, 1, '2018-06-21 04:13:44'),
(87933, 188, 0, 1, '2018-06-21 04:13:44'),
(87934, 188, 0, 1, '2018-06-21 04:13:44'),
(87935, 188, 0, 1, '2018-06-21 04:13:45'),
(87936, 188, 0, 1, '2018-06-21 04:13:45'),
(87937, 188, 0, 1, '2018-06-21 04:13:45'),
(87938, 188, 0, 1, '2018-06-21 04:13:46'),
(87939, 188, 0, 1, '2018-06-21 04:13:46'),
(87940, 188, 0, 1, '2018-06-21 04:13:46'),
(87941, 188, 0, 1, '2018-06-21 04:13:47'),
(87942, 188, 0, 1, '2018-06-21 04:13:47'),
(87943, 188, 0, 1, '2018-06-21 04:13:47'),
(87944, 188, 0, 1, '2018-06-21 04:13:47'),
(87945, 188, 0, 1, '2018-06-21 04:13:48'),
(87946, 188, 0, 1, '2018-06-21 04:13:48'),
(87947, 188, 0, 1, '2018-06-21 04:13:48'),
(87948, 188, 0, 1, '2018-06-21 04:13:48'),
(87949, 188, 0, 1, '2018-06-21 04:13:49'),
(87950, 188, 0, 1, '2018-06-21 04:13:49'),
(87951, 188, 0, 1, '2018-06-21 04:13:49'),
(87952, 188, 0, 1, '2018-06-21 04:13:49'),
(87953, 188, 0, 1, '2018-06-21 04:13:50'),
(87954, 188, 0, 1, '2018-06-21 04:13:50'),
(87955, 188, 0, 1, '2018-06-21 04:13:50'),
(87956, 188, 0, 1, '2018-06-21 04:13:50'),
(87957, 188, 0, 1, '2018-06-21 04:13:51'),
(87958, 188, 0, 1, '2018-06-21 04:13:51'),
(87959, 188, 0, 1, '2018-06-21 04:13:51'),
(87960, 188, 0, 1, '2018-06-21 04:13:51'),
(87961, 188, 0, 1, '2018-06-21 04:13:52'),
(87962, 188, 0, 1, '2018-06-21 04:13:52'),
(87963, 188, 0, 1, '2018-06-21 04:13:52'),
(87964, 188, 0, 1, '2018-06-21 04:13:52'),
(87965, 188, 0, 1, '2018-06-21 04:13:53'),
(87966, 188, 0, 1, '2018-06-21 04:13:53'),
(87967, 188, 0, 1, '2018-06-21 04:13:53'),
(87968, 188, 0, 1, '2018-06-21 04:13:54'),
(87969, 188, 0, 1, '2018-06-21 04:13:54'),
(87970, 188, 0, 1, '2018-06-21 04:13:54'),
(87971, 188, 0, 1, '2018-06-21 04:13:54'),
(87972, 188, 0, 1, '2018-06-21 04:13:55'),
(87973, 188, 0, 1, '2018-06-21 04:13:55'),
(87974, 188, 0, 1, '2018-06-21 04:13:55'),
(87975, 188, 0, 1, '2018-06-21 04:13:55'),
(87976, 188, 0, 1, '2018-06-21 04:13:56'),
(87977, 188, 0, 1, '2018-06-21 04:13:56'),
(87978, 188, 0, 1, '2018-06-21 04:13:56'),
(87979, 188, 0, 1, '2018-06-21 04:13:56'),
(87980, 188, 0, 1, '2018-06-21 04:13:57'),
(87981, 188, 0, 1, '2018-06-21 04:13:57'),
(87982, 188, 0, 1, '2018-06-21 04:13:57'),
(87983, 188, 0, 1, '2018-06-21 04:13:57'),
(87984, 188, 0, 1, '2018-06-21 04:13:57'),
(87985, 188, 0, 1, '2018-06-21 04:13:58'),
(87986, 188, 0, 1, '2018-06-21 04:13:58'),
(87987, 188, 0, 1, '2018-06-21 04:13:58'),
(87988, 188, 0, 1, '2018-06-21 04:13:58'),
(87989, 188, 0, 1, '2018-06-21 04:13:59'),
(87990, 188, 0, 1, '2018-06-21 04:13:59'),
(87991, 188, 0, 1, '2018-06-21 04:14:00'),
(87992, 188, 0, 1, '2018-06-21 04:14:00'),
(87993, 188, 0, 1, '2018-06-21 04:14:01'),
(87994, 188, 0, 1, '2018-06-21 04:14:01'),
(87995, 188, 0, 1, '2018-06-21 04:14:02'),
(87996, 188, 0, 1, '2018-06-21 04:14:02'),
(87997, 188, 0, 1, '2018-06-21 04:14:03'),
(87998, 188, 0, 1, '2018-06-21 04:14:03'),
(87999, 188, 0, 1, '2018-06-21 04:14:04');
INSERT INTO `dds_cart_product` (`id_cart`, `id_product`, `id_product_attribute`, `quantity`, `date_add`) VALUES
(88000, 188, 0, 1, '2018-06-21 04:14:04'),
(88001, 188, 0, 1, '2018-06-21 04:14:05'),
(88002, 188, 0, 1, '2018-06-21 04:14:05'),
(88003, 188, 0, 1, '2018-06-21 04:14:06'),
(88004, 188, 0, 1, '2018-06-21 04:14:06'),
(88005, 188, 0, 1, '2018-06-21 04:14:06'),
(88006, 188, 0, 1, '2018-06-21 04:14:07'),
(88007, 188, 0, 1, '2018-06-21 04:14:07'),
(88008, 184, 0, 1, '2018-06-21 07:32:34'),
(88009, 81, 0, 1, '2018-06-21 07:45:45'),
(88010, 155, 0, 1, '2018-06-21 07:52:02'),
(88011, 44, 0, 1, '2018-06-21 11:13:04'),
(88012, 206, 298, 1, '2018-06-21 12:22:25'),
(88013, 92, 112, 1, '2018-06-21 13:04:47'),
(88014, 42, 0, 1, '2018-06-21 13:53:12'),
(88015, 42, 0, 1, '2018-06-21 13:53:22'),
(88016, 130, 279, 1, '2018-06-21 16:24:16'),
(88017, 148, 238, 1, '2018-06-21 20:26:56'),
(88018, 188, 0, 1, '2018-06-21 20:29:20'),
(88019, 187, 282, 1, '2018-06-22 03:55:18'),
(88020, 153, 0, 1, '2018-06-22 05:34:48'),
(88021, 190, 0, 1, '2018-06-22 06:48:07'),
(88022, 113, 0, 1, '2018-06-22 08:04:58'),
(88023, 81, 0, 1, '2018-06-22 09:07:52'),
(88024, 149, 0, 1, '2018-06-22 19:45:07'),
(88025, 112, 0, 1, '2018-06-23 01:47:28'),
(88026, 41, 0, 1, '2018-06-23 05:34:40'),
(88027, 81, 0, 1, '2018-06-23 09:30:48'),
(88028, 191, 0, 1, '2018-06-23 12:12:18'),
(88029, 44, 0, 1, '2018-06-23 13:06:27'),
(88030, 209, 301, 1, '2018-06-23 13:11:45'),
(88031, 171, 284, 1, '2018-06-23 13:11:46'),
(88032, 139, 281, 1, '2018-06-23 13:11:47'),
(88033, 138, 280, 1, '2018-06-23 13:11:49'),
(88034, 214, 313, 1, '2018-06-23 13:11:51'),
(88035, 199, 273, 1, '2018-06-23 13:11:52'),
(88036, 207, 299, 1, '2018-06-23 13:11:54'),
(88037, 210, 303, 1, '2018-06-23 13:11:55'),
(88038, 197, 270, 1, '2018-06-23 13:11:57'),
(88039, 89, 102, 1, '2018-06-23 13:11:59'),
(88040, 125, 305, 1, '2018-06-23 13:12:01'),
(88041, 189, 266, 1, '2018-06-23 13:12:03'),
(88042, 193, 0, 1, '2018-06-23 13:12:03'),
(88043, 42, 0, 1, '2018-06-23 13:12:06'),
(88044, 41, 0, 1, '2018-06-23 13:12:09'),
(88045, 155, 0, 1, '2018-06-23 13:12:12'),
(88046, 81, 0, 1, '2018-06-23 13:12:13'),
(88047, 147, 236, 1, '2018-06-23 13:12:13'),
(88048, 136, 318, 1, '2018-06-23 13:12:14'),
(88049, 172, 235, 1, '2018-06-23 13:12:16'),
(88050, 187, 282, 1, '2018-06-23 13:12:21'),
(88051, 163, 212, 1, '2018-06-23 13:12:22'),
(88052, 212, 307, 1, '2018-06-23 13:12:24'),
(88053, 174, 232, 1, '2018-06-23 13:12:26'),
(88054, 131, 170, 1, '2018-06-23 13:12:28'),
(88055, 201, 289, 1, '2018-06-23 13:12:29'),
(88056, 167, 222, 1, '2018-06-23 13:12:30'),
(88057, 166, 218, 1, '2018-06-23 13:12:32'),
(88058, 94, 119, 1, '2018-06-23 13:12:34'),
(88059, 21, 125, 1, '2018-06-23 13:12:34'),
(88060, 39, 0, 1, '2018-06-23 13:12:36'),
(88061, 173, 0, 1, '2018-06-23 13:12:37'),
(88062, 109, 0, 1, '2018-06-23 13:12:37'),
(88063, 195, 0, 1, '2018-06-23 13:12:44'),
(88064, 158, 0, 1, '2018-06-23 13:12:44'),
(88065, 112, 0, 1, '2018-06-23 13:12:46'),
(88066, 113, 0, 1, '2018-06-23 13:12:46'),
(88067, 165, 216, 1, '2018-06-23 13:12:49'),
(88068, 26, 260, 1, '2018-06-23 13:12:50'),
(88069, 206, 298, 1, '2018-06-23 13:12:50'),
(88070, 130, 279, 1, '2018-06-23 13:12:51'),
(88071, 133, 177, 1, '2018-06-23 13:12:53'),
(88073, 95, 124, 1, '2018-06-23 13:13:00'),
(88072, 27, 278, 1, '2018-06-23 13:13:00'),
(88074, 216, 315, 1, '2018-06-23 13:13:00'),
(88075, 169, 228, 1, '2018-06-23 13:13:02'),
(88076, 135, 182, 1, '2018-06-23 13:13:04'),
(88077, 128, 165, 1, '2018-06-23 13:13:04'),
(88078, 92, 112, 1, '2018-06-23 13:13:06'),
(88079, 90, 110, 1, '2018-06-23 13:13:11'),
(88080, 143, 0, 1, '2018-06-23 13:13:12'),
(88081, 44, 0, 1, '2018-06-23 13:13:15'),
(88082, 148, 238, 1, '2018-06-23 13:13:16'),
(88083, 161, 0, 1, '2018-06-23 13:13:18'),
(88084, 190, 0, 1, '2018-06-23 13:13:20'),
(88085, 191, 0, 1, '2018-06-23 13:13:22'),
(88087, 184, 0, 1, '2018-06-23 13:13:23'),
(88086, 153, 0, 1, '2018-06-23 13:13:23'),
(88088, 149, 0, 1, '2018-06-23 13:13:26'),
(88089, 144, 0, 1, '2018-06-23 13:13:26'),
(88090, 196, 0, 1, '2018-06-23 13:13:36'),
(88091, 218, 319, 1, '2018-06-23 13:13:37'),
(88092, 213, 320, 1, '2018-06-23 13:13:40'),
(88093, 159, 0, 1, '2018-06-23 13:13:42'),
(88094, 110, 0, 1, '2018-06-23 13:13:44'),
(88095, 157, 0, 1, '2018-06-23 13:13:44'),
(88096, 188, 0, 1, '2018-06-23 13:13:49'),
(88097, 111, 0, 1, '2018-06-23 13:13:49'),
(88098, 156, 0, 1, '2018-06-23 13:13:50'),
(88099, 90, 110, 1, '2018-06-23 13:13:51'),
(88100, 205, 297, 1, '2018-06-23 13:13:53'),
(88101, 204, 295, 1, '2018-06-23 13:13:54'),
(88102, 203, 294, 1, '2018-06-23 13:13:54'),
(88103, 129, 167, 1, '2018-06-23 13:13:56'),
(88104, 39, 0, 1, '2018-06-23 13:14:06'),
(88105, 109, 0, 1, '2018-06-23 13:14:07'),
(88106, 172, 235, 1, '2018-06-23 13:15:01'),
(88107, 89, 102, 1, '2018-06-23 13:15:02'),
(88108, 166, 218, 1, '2018-06-23 13:15:04'),
(88109, 110, 0, 1, '2018-06-23 13:15:06'),
(88110, 157, 0, 1, '2018-06-23 13:15:08'),
(88111, 156, 0, 1, '2018-06-23 13:15:39'),
(88112, 111, 0, 1, '2018-06-23 13:16:25'),
(88113, 161, 0, 1, '2018-06-23 13:36:06'),
(88114, 148, 238, 1, '2018-06-23 16:06:37'),
(88115, 44, 0, 1, '2018-06-23 16:06:37'),
(88116, 174, 232, 1, '2018-06-23 16:06:39'),
(88117, 172, 235, 1, '2018-06-23 16:06:45'),
(88118, 136, 318, 1, '2018-06-23 16:06:46'),
(88119, 131, 170, 1, '2018-06-23 16:06:48'),
(88120, 163, 212, 1, '2018-06-23 16:06:50'),
(88121, 212, 307, 1, '2018-06-23 16:06:52'),
(88122, 187, 282, 1, '2018-06-23 16:06:54'),
(88123, 21, 125, 1, '2018-06-23 16:06:56'),
(88124, 216, 315, 1, '2018-06-23 16:06:57'),
(88125, 27, 278, 1, '2018-06-23 16:06:58'),
(88126, 135, 182, 1, '2018-06-23 16:06:59'),
(88127, 166, 218, 1, '2018-06-23 16:07:01'),
(88128, 128, 165, 1, '2018-06-23 16:07:03'),
(88129, 209, 301, 1, '2018-06-23 16:07:04'),
(88130, 130, 279, 1, '2018-06-23 16:07:07'),
(88131, 95, 124, 1, '2018-06-23 16:07:09'),
(88132, 167, 222, 1, '2018-06-23 16:07:13'),
(88133, 89, 102, 1, '2018-06-23 16:07:16'),
(88134, 26, 260, 1, '2018-06-23 16:07:16'),
(88135, 133, 177, 1, '2018-06-23 16:07:17'),
(88136, 169, 228, 1, '2018-06-23 16:07:18'),
(88137, 155, 0, 1, '2018-06-23 16:07:19'),
(88138, 184, 0, 1, '2018-06-23 16:07:22'),
(88139, 144, 0, 1, '2018-06-23 16:07:24'),
(88140, 161, 0, 1, '2018-06-23 16:07:26'),
(88141, 41, 0, 1, '2018-06-23 16:07:27'),
(88142, 147, 236, 1, '2018-06-23 16:07:28'),
(88143, 153, 0, 1, '2018-06-23 16:07:31'),
(88144, 81, 0, 1, '2018-06-23 16:07:32'),
(88145, 42, 0, 1, '2018-06-23 16:07:32'),
(88146, 190, 0, 1, '2018-06-23 16:07:35'),
(88147, 193, 0, 1, '2018-06-23 16:07:38'),
(88148, 149, 0, 1, '2018-06-23 16:07:43'),
(88149, 191, 0, 1, '2018-06-23 16:07:45'),
(88150, 143, 0, 1, '2018-06-23 16:07:48'),
(88151, 189, 266, 1, '2018-06-23 16:07:49'),
(88152, 173, 0, 1, '2018-06-23 16:07:52'),
(88153, 39, 0, 1, '2018-06-23 16:07:55'),
(88154, 109, 0, 1, '2018-06-23 16:07:55'),
(88155, 201, 289, 1, '2018-06-23 16:07:56'),
(88156, 94, 119, 1, '2018-06-23 16:07:58'),
(88157, 110, 0, 1, '2018-06-23 16:08:04'),
(88158, 156, 0, 1, '2018-06-23 16:08:05'),
(88159, 159, 0, 1, '2018-06-23 16:08:06'),
(88160, 111, 0, 1, '2018-06-23 16:08:06'),
(88161, 188, 0, 1, '2018-06-23 16:08:11'),
(88162, 157, 0, 1, '2018-06-23 16:08:12'),
(88163, 90, 110, 1, '2018-06-23 16:08:13'),
(88164, 196, 0, 1, '2018-06-23 16:08:17'),
(88165, 113, 0, 1, '2018-06-23 16:08:19'),
(88166, 199, 273, 1, '2018-06-23 16:08:20'),
(88167, 206, 298, 1, '2018-06-23 16:08:21'),
(88168, 197, 270, 1, '2018-06-23 16:08:22'),
(88169, 204, 295, 1, '2018-06-23 16:08:24'),
(88170, 125, 305, 1, '2018-06-23 16:08:29'),
(88171, 218, 319, 1, '2018-06-23 16:08:31'),
(88172, 213, 320, 1, '2018-06-23 16:08:32'),
(88173, 205, 297, 1, '2018-06-23 16:08:37'),
(88174, 129, 167, 1, '2018-06-23 16:08:38'),
(88175, 203, 294, 1, '2018-06-23 16:08:39'),
(88176, 90, 110, 1, '2018-06-23 16:08:41'),
(88177, 195, 0, 1, '2018-06-23 16:08:50'),
(88178, 207, 299, 1, '2018-06-23 16:08:52'),
(88179, 171, 284, 1, '2018-06-23 16:08:55'),
(88180, 139, 281, 1, '2018-06-23 16:08:57'),
(88181, 214, 313, 1, '2018-06-23 16:08:58'),
(88182, 138, 280, 1, '2018-06-23 16:08:59'),
(88183, 210, 303, 1, '2018-06-23 16:08:59'),
(88184, 112, 0, 1, '2018-06-23 16:09:03'),
(88185, 158, 0, 1, '2018-06-23 16:09:05'),
(88186, 165, 216, 1, '2018-06-23 16:09:09'),
(88187, 92, 112, 1, '2018-06-23 16:09:11'),
(88188, 173, 0, 1, '2018-06-23 16:09:20'),
(88189, 109, 0, 1, '2018-06-23 16:10:03'),
(88190, 39, 0, 1, '2018-06-23 16:10:03'),
(88191, 172, 235, 1, '2018-06-23 16:10:41'),
(88192, 166, 218, 1, '2018-06-23 16:10:45'),
(88193, 89, 102, 1, '2018-06-23 16:10:46'),
(88194, 27, 278, 1, '2018-06-23 16:10:54'),
(88195, 111, 0, 1, '2018-06-23 16:10:56'),
(88196, 110, 0, 1, '2018-06-23 16:10:57'),
(88197, 156, 0, 1, '2018-06-23 16:11:01'),
(88198, 157, 0, 1, '2018-06-23 16:12:14'),
(88199, 111, 0, 1, '2018-06-23 16:23:45'),
(88200, 135, 182, 1, '2018-06-24 08:05:20'),
(88201, 201, 289, 1, '2018-06-24 19:40:03'),
(88202, 133, 177, 1, '2018-06-24 23:31:45'),
(88203, 153, 0, 1, '2018-06-25 10:46:11'),
(88204, 157, 0, 1, '2018-06-25 10:53:49'),
(88205, 41, 0, 1, '2018-06-25 11:07:01'),
(88206, 90, 110, 1, '2018-06-25 14:05:56'),
(88207, 81, 0, 1, '2018-06-25 14:16:59'),
(88208, 90, 110, 1, '2018-06-25 14:17:19'),
(88209, 184, 0, 1, '2018-06-25 14:17:24'),
(88210, 94, 119, 1, '2018-06-25 14:17:30'),
(88211, 39, 0, 1, '2018-06-25 14:17:41'),
(88212, 42, 0, 1, '2018-06-25 14:18:07'),
(88213, 41, 0, 1, '2018-06-25 14:18:23'),
(88214, 44, 0, 1, '2018-06-25 14:18:44'),
(88215, 89, 102, 1, '2018-06-25 14:19:04'),
(88216, 92, 112, 1, '2018-06-25 14:19:25'),
(88217, 95, 124, 1, '2018-06-25 14:19:47'),
(88218, 26, 260, 1, '2018-06-25 14:19:53'),
(88219, 21, 125, 1, '2018-06-25 14:19:57'),
(88220, 27, 278, 1, '2018-06-25 14:20:08'),
(88221, 26, 260, 1, '2018-06-25 14:20:29'),
(88222, 159, 0, 1, '2018-06-25 14:20:39'),
(88223, 190, 0, 1, '2018-06-25 14:21:00'),
(88224, 157, 0, 1, '2018-06-25 14:21:21'),
(88225, 196, 0, 1, '2018-06-25 14:21:41'),
(88226, 173, 0, 1, '2018-06-25 14:22:03'),
(88227, 155, 0, 1, '2018-06-25 14:22:23'),
(88228, 156, 0, 1, '2018-06-25 14:22:44'),
(88229, 111, 0, 1, '2018-06-25 14:22:55'),
(88230, 191, 0, 1, '2018-06-25 14:23:15'),
(88231, 166, 218, 1, '2018-06-25 14:23:36'),
(88232, 139, 281, 1, '2018-06-25 14:23:46'),
(88233, 206, 298, 1, '2018-06-25 14:24:07'),
(88234, 110, 0, 1, '2018-06-25 14:24:17'),
(88235, 135, 182, 1, '2018-06-25 14:24:28'),
(88236, 184, 0, 1, '2018-06-25 14:24:39'),
(88237, 199, 273, 1, '2018-06-25 14:24:59'),
(88238, 203, 294, 1, '2018-06-25 14:25:10'),
(88239, 112, 0, 1, '2018-06-25 14:25:20'),
(88240, 90, 110, 1, '2018-06-25 14:51:14'),
(88241, 81, 0, 1, '2018-06-25 15:02:23'),
(88242, 90, 110, 1, '2018-06-25 15:02:44'),
(88243, 26, 260, 1, '2018-06-25 15:02:55'),
(88244, 94, 119, 1, '2018-06-25 15:03:05'),
(88245, 42, 0, 1, '2018-06-25 15:03:16'),
(88246, 39, 0, 1, '2018-06-25 15:03:37'),
(88247, 27, 278, 1, '2018-06-25 15:03:57'),
(88248, 89, 102, 1, '2018-06-25 15:04:08'),
(88249, 90, 110, 1, '2018-06-25 15:37:43'),
(88250, 81, 0, 1, '2018-06-25 15:49:13'),
(88251, 90, 110, 1, '2018-06-25 15:49:23'),
(88252, 94, 119, 1, '2018-06-25 15:49:33'),
(88253, 39, 0, 1, '2018-06-25 15:49:45'),
(88254, 42, 0, 1, '2018-06-25 15:49:55'),
(88255, 41, 0, 1, '2018-06-25 15:50:16'),
(88256, 44, 0, 1, '2018-06-25 15:50:28'),
(88257, 89, 102, 1, '2018-06-25 15:50:38'),
(88258, 92, 112, 1, '2018-06-25 15:50:50'),
(88259, 95, 124, 1, '2018-06-25 15:51:01'),
(88260, 21, 125, 1, '2018-06-25 15:51:12'),
(88261, 27, 278, 1, '2018-06-25 15:51:23'),
(88262, 26, 260, 1, '2018-06-25 15:51:34'),
(88263, 159, 0, 1, '2018-06-25 15:51:45'),
(88264, 190, 0, 1, '2018-06-25 15:52:06'),
(88265, 157, 0, 1, '2018-06-25 15:52:16'),
(88266, 196, 0, 1, '2018-06-25 15:52:37'),
(88267, 173, 0, 1, '2018-06-25 15:52:48'),
(88268, 155, 0, 1, '2018-06-25 15:52:59'),
(88269, 156, 0, 1, '2018-06-25 15:53:20'),
(88270, 111, 0, 1, '2018-06-25 15:53:31'),
(88271, 191, 0, 1, '2018-06-25 15:53:41'),
(88272, 166, 218, 1, '2018-06-25 15:53:52'),
(88273, 139, 281, 1, '2018-06-25 15:54:03'),
(88274, 206, 298, 1, '2018-06-25 15:54:25'),
(88275, 110, 0, 1, '2018-06-25 15:54:46'),
(88276, 135, 182, 1, '2018-06-25 15:54:57'),
(88277, 184, 0, 1, '2018-06-25 15:55:09'),
(88278, 199, 273, 1, '2018-06-25 15:55:20'),
(88279, 203, 294, 1, '2018-06-25 15:55:33'),
(88280, 112, 0, 1, '2018-06-25 15:55:43'),
(88281, 158, 0, 1, '2018-06-25 17:20:05'),
(88282, 189, 266, 1, '2018-06-25 21:54:45'),
(88283, 42, 0, 1, '2018-06-25 23:08:06'),
(88284, 42, 0, 1, '2018-06-25 23:08:50'),
(88285, 153, 0, 1, '2018-06-26 16:56:55'),
(88286, 184, 0, 1, '2018-06-26 20:46:16'),
(88287, 214, 313, 1, '2018-06-26 21:51:12'),
(88288, 201, 289, 1, '2018-06-26 22:33:08'),
(88289, 201, 289, 1, '2018-06-26 22:33:45'),
(88290, 161, 0, 1, '2018-06-27 02:47:34'),
(88291, 189, 266, 1, '2018-06-27 04:16:30'),
(88292, 44, 0, 1, '2018-06-27 09:23:24'),
(88293, 166, 218, 1, '2018-06-27 23:48:49'),
(88294, 157, 0, 1, '2018-06-28 01:57:39'),
(88295, 156, 0, 1, '2018-06-28 03:05:15'),
(88296, 188, 0, 1, '2018-06-28 14:38:46'),
(88297, 109, 0, 1, '2018-06-28 14:38:51'),
(88298, 159, 0, 1, '2018-06-28 14:38:56'),
(88299, 157, 0, 1, '2018-06-28 14:39:00'),
(88300, 173, 0, 1, '2018-06-28 14:39:04'),
(88301, 90, 110, 1, '2018-06-28 14:39:09'),
(88302, 156, 0, 1, '2018-06-28 14:39:13'),
(88303, 111, 0, 1, '2018-06-28 14:39:17'),
(88304, 110, 0, 1, '2018-06-28 14:39:22'),
(88305, 195, 0, 1, '2018-06-28 14:39:26'),
(88306, 158, 0, 1, '2018-06-28 14:39:30'),
(88307, 113, 0, 1, '2018-06-28 14:39:35'),
(88308, 112, 0, 1, '2018-06-28 14:39:40'),
(88309, 125, 305, 1, '2018-06-28 14:39:44'),
(88310, 39, 0, 1, '2018-06-28 14:39:48'),
(88311, 136, 318, 1, '2018-06-28 14:39:53'),
(88312, 216, 315, 1, '2018-06-28 14:39:57'),
(88313, 209, 301, 1, '2018-06-28 14:40:01'),
(88314, 89, 102, 1, '2018-06-28 14:40:06'),
(88315, 95, 124, 1, '2018-06-28 14:40:10'),
(88316, 166, 218, 1, '2018-06-28 14:40:14'),
(88317, 21, 125, 1, '2018-06-28 14:40:16'),
(88318, 130, 279, 1, '2018-06-28 14:40:21'),
(88319, 133, 177, 1, '2018-06-28 14:40:23'),
(88320, 187, 282, 1, '2018-06-28 14:40:27'),
(88321, 135, 182, 1, '2018-06-28 14:40:32'),
(88322, 167, 222, 1, '2018-06-28 14:40:34'),
(88323, 26, 260, 1, '2018-06-28 14:40:38'),
(88324, 172, 235, 1, '2018-06-28 14:40:42'),
(88325, 27, 278, 1, '2018-06-28 14:40:47'),
(88326, 174, 232, 1, '2018-06-28 14:40:51'),
(88327, 128, 165, 1, '2018-06-28 14:40:55'),
(88328, 169, 228, 1, '2018-06-28 14:41:00'),
(88329, 163, 212, 1, '2018-06-28 14:41:06'),
(88330, 205, 297, 1, '2018-06-28 14:41:13'),
(88331, 203, 294, 1, '2018-06-28 14:41:18'),
(88332, 197, 270, 1, '2018-06-28 14:41:23'),
(88333, 204, 295, 1, '2018-06-28 14:41:27'),
(88334, 129, 167, 1, '2018-06-28 14:41:33'),
(88335, 94, 119, 1, '2018-06-28 14:41:38'),
(88336, 218, 319, 1, '2018-06-28 14:41:42'),
(88337, 213, 320, 1, '2018-06-28 14:41:49'),
(88338, 212, 307, 1, '2018-06-28 14:41:53'),
(88339, 131, 170, 1, '2018-06-28 14:41:59'),
(88340, 201, 289, 1, '2018-06-28 14:42:04'),
(88341, 92, 112, 1, '2018-06-28 14:42:08'),
(88342, 206, 298, 1, '2018-06-28 14:42:13'),
(88343, 165, 216, 1, '2018-06-28 14:42:17'),
(88344, 210, 303, 1, '2018-06-28 14:42:22'),
(88345, 207, 299, 1, '2018-06-28 14:42:26'),
(88346, 214, 313, 1, '2018-06-28 14:42:30'),
(88347, 199, 273, 1, '2018-06-28 14:42:35'),
(88348, 171, 284, 1, '2018-06-28 14:42:39'),
(88349, 139, 281, 1, '2018-06-28 14:42:43'),
(88350, 138, 280, 1, '2018-06-28 14:42:48'),
(88351, 81, 0, 1, '2018-06-28 14:42:52'),
(88352, 143, 0, 1, '2018-06-28 14:42:56'),
(88353, 41, 0, 1, '2018-06-28 14:43:00'),
(88354, 184, 0, 1, '2018-06-28 14:43:05'),
(88355, 161, 0, 1, '2018-06-28 14:43:09'),
(88356, 144, 0, 1, '2018-06-28 14:43:13'),
(88357, 190, 0, 1, '2018-06-28 14:43:18'),
(88358, 44, 0, 1, '2018-06-28 14:43:20'),
(88359, 193, 0, 1, '2018-06-28 14:43:27'),
(88360, 153, 0, 1, '2018-06-28 14:43:31'),
(88361, 189, 266, 1, '2018-06-28 14:43:35'),
(88362, 149, 0, 1, '2018-06-28 14:43:40'),
(88363, 42, 0, 1, '2018-06-28 14:43:45'),
(88364, 191, 0, 1, '2018-06-28 14:43:49'),
(88365, 155, 0, 1, '2018-06-28 14:43:54'),
(88366, 148, 238, 1, '2018-06-28 14:43:58'),
(88367, 147, 236, 1, '2018-06-28 14:44:03'),
(88368, 196, 0, 1, '2018-06-28 14:44:07'),
(88369, 90, 110, 1, '2018-06-28 14:44:21'),
(88370, 110, 0, 1, '2018-06-28 14:45:06'),
(88371, 111, 0, 1, '2018-06-28 14:45:08'),
(88372, 89, 102, 1, '2018-06-28 14:45:15'),
(88373, 166, 218, 1, '2018-06-28 14:45:17'),
(88374, 172, 235, 1, '2018-06-28 14:45:32'),
(88375, 39, 0, 1, '2018-06-28 14:45:38'),
(88376, 109, 0, 1, '2018-06-28 14:45:41'),
(88377, 156, 0, 1, '2018-06-28 14:45:43'),
(88378, 196, 0, 1, '2018-06-28 18:51:26'),
(88379, 130, 279, 1, '2018-06-28 20:01:34'),
(88380, 157, 0, 1, '2018-06-28 21:01:59'),
(88381, 172, 235, 1, '2018-06-28 21:10:19'),
(88382, 143, 0, 1, '2018-06-28 21:10:19'),
(88383, 212, 307, 1, '2018-06-28 21:10:21'),
(88384, 163, 212, 1, '2018-06-28 21:10:22'),
(88385, 187, 282, 1, '2018-06-28 21:10:23'),
(88386, 131, 170, 1, '2018-06-28 21:10:23'),
(88387, 136, 318, 1, '2018-06-28 21:10:26'),
(88388, 174, 232, 1, '2018-06-28 21:10:29'),
(88389, 213, 320, 1, '2018-06-28 21:10:32'),
(88390, 218, 319, 1, '2018-06-28 21:10:33'),
(88391, 27, 278, 1, '2018-06-28 21:10:33'),
(88392, 184, 0, 1, '2018-06-28 21:10:36'),
(88393, 161, 0, 1, '2018-06-28 21:10:38'),
(88394, 147, 236, 1, '2018-06-28 21:10:38'),
(88395, 42, 0, 1, '2018-06-28 21:10:40'),
(88396, 149, 0, 1, '2018-06-28 21:10:43'),
(88397, 193, 0, 1, '2018-06-28 21:10:43'),
(88398, 191, 0, 1, '2018-06-28 21:10:44'),
(88399, 148, 238, 1, '2018-06-28 21:10:45'),
(88400, 44, 0, 1, '2018-06-28 21:10:47'),
(88401, 153, 0, 1, '2018-06-28 21:10:49'),
(88402, 189, 266, 1, '2018-06-28 21:10:54'),
(88403, 81, 0, 1, '2018-06-28 21:10:54'),
(88404, 155, 0, 1, '2018-06-28 21:10:55'),
(88405, 144, 0, 1, '2018-06-28 21:10:57'),
(88406, 41, 0, 1, '2018-06-28 21:10:57'),
(88407, 190, 0, 1, '2018-06-28 21:10:58'),
(88408, 196, 0, 1, '2018-06-28 21:11:04'),
(88409, 195, 0, 1, '2018-06-28 21:11:06'),
(88410, 166, 218, 1, '2018-06-28 21:11:08'),
(88411, 167, 222, 1, '2018-06-28 21:11:10'),
(88412, 216, 315, 1, '2018-06-28 21:11:10'),
(88413, 26, 260, 1, '2018-06-28 21:11:10'),
(88415, 209, 301, 1, '2018-06-28 21:11:12'),
(88414, 95, 124, 1, '2018-06-28 21:11:12'),
(88416, 89, 102, 1, '2018-06-28 21:11:13'),
(88417, 169, 228, 1, '2018-06-28 21:11:13'),
(88418, 133, 177, 1, '2018-06-28 21:11:15'),
(88419, 128, 165, 1, '2018-06-28 21:11:20'),
(88420, 135, 182, 1, '2018-06-28 21:11:20'),
(88421, 130, 279, 1, '2018-06-28 21:11:22'),
(88422, 21, 125, 1, '2018-06-28 21:11:23'),
(88423, 165, 216, 1, '2018-06-28 21:11:26'),
(88424, 188, 0, 1, '2018-06-28 21:11:27'),
(88425, 206, 298, 1, '2018-06-28 21:11:27'),
(88426, 157, 0, 1, '2018-06-28 21:11:30'),
(88427, 159, 0, 1, '2018-06-28 21:11:32'),
(88428, 111, 0, 1, '2018-06-28 21:11:32'),
(88429, 156, 0, 1, '2018-06-28 21:11:38'),
(88430, 173, 0, 1, '2018-06-28 21:11:38'),
(88431, 109, 0, 1, '2018-06-28 21:11:39'),
(88432, 90, 110, 1, '2018-06-28 21:11:39'),
(88433, 110, 0, 1, '2018-06-28 21:11:39'),
(88434, 112, 0, 1, '2018-06-28 21:11:40'),
(88436, 158, 0, 1, '2018-06-28 21:11:42'),
(88435, 113, 0, 1, '2018-06-28 21:11:42'),
(88437, 92, 112, 1, '2018-06-28 21:11:45'),
(88438, 201, 289, 1, '2018-06-28 21:11:48'),
(88439, 204, 295, 1, '2018-06-28 21:11:50'),
(88440, 199, 273, 1, '2018-06-28 21:11:52'),
(88441, 197, 270, 1, '2018-06-28 21:11:52'),
(88442, 39, 0, 1, '2018-06-28 21:11:54'),
(88443, 125, 305, 1, '2018-06-28 21:11:56'),
(88444, 90, 110, 1, '2018-06-28 21:11:59'),
(88445, 139, 281, 1, '2018-06-28 21:12:01'),
(88446, 207, 299, 1, '2018-06-28 21:12:02'),
(88448, 171, 284, 1, '2018-06-28 21:12:04'),
(88447, 214, 313, 1, '2018-06-28 21:12:04'),
(88449, 210, 303, 1, '2018-06-28 21:12:05'),
(88450, 138, 280, 1, '2018-06-28 21:12:06'),
(88451, 203, 294, 1, '2018-06-28 21:12:09'),
(88452, 129, 167, 1, '2018-06-28 21:12:09'),
(88453, 94, 119, 1, '2018-06-28 21:12:10'),
(88454, 205, 297, 1, '2018-06-28 21:12:11'),
(88455, 173, 0, 1, '2018-06-28 21:12:17'),
(88457, 39, 0, 1, '2018-06-28 21:13:10'),
(88456, 109, 0, 1, '2018-06-28 21:13:10'),
(88458, 110, 0, 1, '2018-06-28 21:13:30'),
(88459, 156, 0, 1, '2018-06-28 21:13:33'),
(88460, 166, 218, 1, '2018-06-28 21:13:36'),
(88461, 89, 102, 1, '2018-06-28 21:13:36'),
(88462, 111, 0, 1, '2018-06-28 21:13:38'),
(88463, 172, 235, 1, '2018-06-28 21:13:46'),
(88464, 157, 0, 1, '2018-06-28 21:13:48'),
(88465, 27, 278, 1, '2018-06-28 21:13:52'),
(88466, 147, 236, 1, '2018-06-28 23:41:28'),
(88467, 188, 0, 1, '2018-06-29 07:07:50'),
(88468, 109, 0, 1, '2018-06-29 07:07:55'),
(88469, 159, 0, 1, '2018-06-29 07:07:59'),
(88470, 157, 0, 1, '2018-06-29 07:08:03'),
(88471, 173, 0, 1, '2018-06-29 07:08:07'),
(88472, 90, 110, 1, '2018-06-29 07:08:12'),
(88473, 156, 0, 1, '2018-06-29 07:08:16'),
(88474, 111, 0, 1, '2018-06-29 07:08:21'),
(88475, 110, 0, 1, '2018-06-29 07:08:25'),
(88476, 195, 0, 1, '2018-06-29 07:08:29'),
(88477, 158, 0, 1, '2018-06-29 07:08:33'),
(88478, 113, 0, 1, '2018-06-29 07:08:38'),
(88479, 112, 0, 1, '2018-06-29 07:08:42'),
(88480, 125, 305, 1, '2018-06-29 07:08:46'),
(88481, 39, 0, 1, '2018-06-29 07:08:51'),
(88482, 136, 318, 1, '2018-06-29 07:08:55'),
(88483, 216, 315, 1, '2018-06-29 07:08:59'),
(88484, 209, 301, 1, '2018-06-29 07:09:04'),
(88485, 89, 102, 1, '2018-06-29 07:09:08'),
(88486, 95, 124, 1, '2018-06-29 07:09:13'),
(88487, 166, 218, 1, '2018-06-29 07:09:17'),
(88488, 21, 125, 1, '2018-06-29 07:09:19'),
(88489, 130, 279, 1, '2018-06-29 07:09:24'),
(88490, 133, 177, 1, '2018-06-29 07:09:26'),
(88491, 187, 282, 1, '2018-06-29 07:09:30'),
(88492, 135, 182, 1, '2018-06-29 07:09:34'),
(88493, 167, 222, 1, '2018-06-29 07:09:36'),
(88494, 26, 260, 1, '2018-06-29 07:09:41'),
(88495, 172, 235, 1, '2018-06-29 07:09:45'),
(88496, 27, 278, 1, '2018-06-29 07:09:50'),
(88497, 174, 232, 1, '2018-06-29 07:09:54'),
(88498, 128, 165, 1, '2018-06-29 07:09:58'),
(88499, 169, 228, 1, '2018-06-29 07:10:03'),
(88500, 163, 212, 1, '2018-06-29 07:10:09'),
(88501, 205, 297, 1, '2018-06-29 07:10:16'),
(88502, 203, 294, 1, '2018-06-29 07:10:20'),
(88503, 197, 270, 1, '2018-06-29 07:10:25'),
(88504, 204, 295, 1, '2018-06-29 07:10:29'),
(88505, 129, 167, 1, '2018-06-29 07:10:35'),
(88506, 94, 119, 1, '2018-06-29 07:10:40'),
(88507, 218, 319, 1, '2018-06-29 07:10:44'),
(88508, 213, 320, 1, '2018-06-29 07:10:51'),
(88509, 212, 307, 1, '2018-06-29 07:10:55'),
(88510, 131, 170, 1, '2018-06-29 07:11:01'),
(88511, 201, 289, 1, '2018-06-29 07:11:06'),
(88512, 92, 112, 1, '2018-06-29 07:11:10'),
(88513, 206, 298, 1, '2018-06-29 07:11:14'),
(88514, 165, 216, 1, '2018-06-29 07:11:19'),
(88515, 210, 303, 1, '2018-06-29 07:11:23'),
(88516, 207, 299, 1, '2018-06-29 07:11:28'),
(88517, 214, 313, 1, '2018-06-29 07:11:32'),
(88518, 199, 273, 1, '2018-06-29 07:11:36'),
(88519, 171, 284, 1, '2018-06-29 07:11:41'),
(88520, 139, 281, 1, '2018-06-29 07:11:45'),
(88521, 138, 280, 1, '2018-06-29 07:11:49'),
(88522, 81, 0, 1, '2018-06-29 07:11:54'),
(88523, 143, 0, 1, '2018-06-29 07:11:58'),
(88524, 41, 0, 1, '2018-06-29 07:12:02'),
(88525, 184, 0, 1, '2018-06-29 07:12:07'),
(88526, 161, 0, 1, '2018-06-29 07:12:11'),
(88527, 144, 0, 1, '2018-06-29 07:12:15'),
(88528, 190, 0, 1, '2018-06-29 07:12:19'),
(88529, 44, 0, 1, '2018-06-29 07:12:22'),
(88530, 193, 0, 1, '2018-06-29 07:12:28'),
(88531, 153, 0, 1, '2018-06-29 07:12:32'),
(88532, 189, 266, 1, '2018-06-29 07:12:37'),
(88533, 149, 0, 1, '2018-06-29 07:12:42'),
(88534, 42, 0, 1, '2018-06-29 07:12:46'),
(88535, 191, 0, 1, '2018-06-29 07:12:50'),
(88536, 155, 0, 1, '2018-06-29 07:12:55'),
(88537, 148, 238, 1, '2018-06-29 07:12:59'),
(88538, 147, 236, 1, '2018-06-29 07:13:03'),
(88539, 196, 0, 1, '2018-06-29 07:13:08'),
(88540, 90, 110, 1, '2018-06-29 07:13:21'),
(88541, 110, 0, 1, '2018-06-29 07:14:05'),
(88542, 111, 0, 1, '2018-06-29 07:14:07'),
(88543, 89, 102, 1, '2018-06-29 07:14:14'),
(88544, 166, 218, 1, '2018-06-29 07:14:16'),
(88545, 172, 235, 1, '2018-06-29 07:14:31'),
(88546, 39, 0, 1, '2018-06-29 07:14:37'),
(88547, 109, 0, 1, '2018-06-29 07:14:39'),
(88548, 156, 0, 1, '2018-06-29 07:14:42'),
(88549, 188, 0, 1, '2018-06-29 08:33:51'),
(88550, 109, 0, 1, '2018-06-29 08:33:55'),
(88551, 159, 0, 1, '2018-06-29 08:34:00'),
(88552, 157, 0, 1, '2018-06-29 08:34:04'),
(88553, 173, 0, 1, '2018-06-29 08:34:09'),
(88554, 90, 110, 1, '2018-06-29 08:34:14'),
(88555, 156, 0, 1, '2018-06-29 08:34:18'),
(88556, 111, 0, 1, '2018-06-29 08:34:23'),
(88557, 110, 0, 1, '2018-06-29 08:34:27'),
(88558, 195, 0, 1, '2018-06-29 08:34:32'),
(88559, 158, 0, 1, '2018-06-29 08:34:36'),
(88560, 113, 0, 1, '2018-06-29 08:34:40'),
(88561, 112, 0, 1, '2018-06-29 08:34:45'),
(88562, 125, 305, 1, '2018-06-29 08:34:49'),
(88563, 39, 0, 1, '2018-06-29 08:34:54'),
(88564, 136, 318, 1, '2018-06-29 08:34:58'),
(88565, 216, 315, 1, '2018-06-29 08:35:02'),
(88566, 209, 301, 1, '2018-06-29 08:35:07'),
(88567, 89, 102, 1, '2018-06-29 08:35:11'),
(88568, 95, 124, 1, '2018-06-29 08:35:15'),
(88569, 166, 218, 1, '2018-06-29 08:35:20'),
(88570, 21, 125, 1, '2018-06-29 08:35:22'),
(88571, 130, 279, 1, '2018-06-29 08:35:27'),
(88572, 133, 177, 1, '2018-06-29 08:35:29'),
(88573, 187, 282, 1, '2018-06-29 08:35:33'),
(88574, 135, 182, 1, '2018-06-29 08:35:37'),
(88575, 167, 222, 1, '2018-06-29 08:35:39'),
(88576, 26, 260, 1, '2018-06-29 08:35:44'),
(88577, 172, 235, 1, '2018-06-29 08:35:48'),
(88578, 27, 278, 1, '2018-06-29 08:35:53'),
(88579, 174, 232, 1, '2018-06-29 08:35:57'),
(88580, 128, 165, 1, '2018-06-29 08:36:01'),
(88581, 169, 228, 1, '2018-06-29 08:36:05'),
(88582, 163, 212, 1, '2018-06-29 08:36:12'),
(88583, 205, 297, 1, '2018-06-29 08:36:18'),
(88584, 203, 294, 1, '2018-06-29 08:36:23'),
(88585, 197, 270, 1, '2018-06-29 08:36:28'),
(88586, 204, 295, 1, '2018-06-29 08:36:32'),
(88587, 129, 167, 1, '2018-06-29 08:36:38'),
(88588, 94, 119, 1, '2018-06-29 08:36:43'),
(88589, 218, 319, 1, '2018-06-29 08:36:47'),
(88590, 213, 320, 1, '2018-06-29 08:36:54'),
(88591, 212, 307, 1, '2018-06-29 08:36:58'),
(88592, 131, 170, 1, '2018-06-29 08:37:05'),
(88593, 201, 289, 1, '2018-06-29 08:37:10'),
(88594, 92, 112, 1, '2018-06-29 08:37:14'),
(88595, 206, 298, 1, '2018-06-29 08:37:19'),
(88596, 165, 216, 1, '2018-06-29 08:37:23'),
(88597, 210, 303, 1, '2018-06-29 08:37:28'),
(88598, 207, 299, 1, '2018-06-29 08:37:32'),
(88599, 214, 313, 1, '2018-06-29 08:37:36'),
(88600, 199, 273, 1, '2018-06-29 08:37:41'),
(88601, 171, 284, 1, '2018-06-29 08:37:45'),
(88602, 139, 281, 1, '2018-06-29 08:37:49'),
(88603, 138, 280, 1, '2018-06-29 08:37:54'),
(88604, 81, 0, 1, '2018-06-29 08:37:58'),
(88605, 143, 0, 1, '2018-06-29 08:38:03'),
(88606, 41, 0, 1, '2018-06-29 08:38:07'),
(88607, 184, 0, 1, '2018-06-29 08:38:12'),
(88608, 161, 0, 1, '2018-06-29 08:38:16'),
(88609, 144, 0, 1, '2018-06-29 08:38:21'),
(88610, 190, 0, 1, '2018-06-29 08:38:26'),
(88611, 44, 0, 1, '2018-06-29 08:38:28'),
(88612, 193, 0, 1, '2018-06-29 08:38:34'),
(88613, 153, 0, 1, '2018-06-29 08:38:39'),
(88614, 189, 266, 1, '2018-06-29 08:38:43'),
(88615, 149, 0, 1, '2018-06-29 08:38:47'),
(88616, 42, 0, 1, '2018-06-29 08:38:51'),
(88617, 191, 0, 1, '2018-06-29 08:38:56'),
(88618, 155, 0, 1, '2018-06-29 08:39:00'),
(88619, 148, 238, 1, '2018-06-29 08:39:05'),
(88620, 147, 236, 1, '2018-06-29 08:39:09'),
(88621, 196, 0, 1, '2018-06-29 08:39:13'),
(88622, 90, 110, 1, '2018-06-29 08:39:27'),
(88623, 110, 0, 1, '2018-06-29 08:40:12'),
(88624, 111, 0, 1, '2018-06-29 08:40:14'),
(88625, 89, 102, 1, '2018-06-29 08:40:20'),
(88626, 166, 218, 1, '2018-06-29 08:40:22'),
(88627, 172, 235, 1, '2018-06-29 08:40:38'),
(88628, 39, 0, 1, '2018-06-29 08:40:44'),
(88629, 109, 0, 1, '2018-06-29 08:40:46'),
(88630, 156, 0, 1, '2018-06-29 08:40:48'),
(88631, 112, 0, 1, '2018-06-29 09:02:45'),
(88632, 188, 0, 1, '2018-06-29 11:39:47'),
(88633, 109, 0, 1, '2018-06-29 11:39:52'),
(88634, 159, 0, 1, '2018-06-29 11:39:56'),
(88635, 157, 0, 1, '2018-06-29 11:40:01'),
(88636, 173, 0, 1, '2018-06-29 11:40:06'),
(88637, 90, 110, 1, '2018-06-29 11:40:11'),
(88638, 156, 0, 1, '2018-06-29 11:40:16'),
(88639, 111, 0, 1, '2018-06-29 11:40:21'),
(88640, 110, 0, 1, '2018-06-29 11:40:26'),
(88641, 195, 0, 1, '2018-06-29 11:40:31'),
(88642, 158, 0, 1, '2018-06-29 11:40:35'),
(88643, 113, 0, 1, '2018-06-29 11:40:40'),
(88644, 112, 0, 1, '2018-06-29 11:40:45'),
(88645, 125, 305, 1, '2018-06-29 11:40:50'),
(88646, 39, 0, 1, '2018-06-29 11:40:54'),
(88647, 136, 318, 1, '2018-06-29 11:40:59'),
(88648, 216, 315, 1, '2018-06-29 11:41:03'),
(88649, 209, 301, 1, '2018-06-29 11:41:08'),
(88650, 89, 102, 1, '2018-06-29 11:41:12'),
(88651, 95, 124, 1, '2018-06-29 11:41:16'),
(88652, 166, 218, 1, '2018-06-29 11:41:21'),
(88653, 21, 125, 1, '2018-06-29 11:41:23'),
(88654, 130, 279, 1, '2018-06-29 11:41:28'),
(88655, 133, 177, 1, '2018-06-29 11:41:30'),
(88656, 187, 282, 1, '2018-06-29 11:41:34'),
(88657, 135, 182, 1, '2018-06-29 11:41:39'),
(88658, 167, 222, 1, '2018-06-29 11:41:41'),
(88659, 26, 260, 1, '2018-06-29 11:41:45'),
(88660, 172, 235, 1, '2018-06-29 11:41:50'),
(88661, 27, 278, 1, '2018-06-29 11:41:55'),
(88662, 174, 232, 1, '2018-06-29 11:41:59'),
(88663, 128, 165, 1, '2018-06-29 11:42:04'),
(88664, 169, 228, 1, '2018-06-29 11:42:09'),
(88665, 163, 212, 1, '2018-06-29 11:42:16'),
(88666, 205, 297, 1, '2018-06-29 11:42:23'),
(88667, 203, 294, 1, '2018-06-29 11:42:27'),
(88668, 197, 270, 1, '2018-06-29 11:42:32'),
(88669, 204, 295, 1, '2018-06-29 11:42:37'),
(88670, 129, 167, 1, '2018-06-29 11:42:44'),
(88671, 94, 119, 1, '2018-06-29 11:42:48'),
(88672, 218, 319, 1, '2018-06-29 11:42:52'),
(88673, 213, 320, 1, '2018-06-29 11:42:59'),
(88674, 212, 307, 1, '2018-06-29 11:43:03'),
(88675, 131, 170, 1, '2018-06-29 11:43:10'),
(88676, 201, 289, 1, '2018-06-29 11:43:14'),
(88677, 92, 112, 1, '2018-06-29 11:43:19'),
(88678, 206, 298, 1, '2018-06-29 11:43:24'),
(88679, 165, 216, 1, '2018-06-29 11:43:28'),
(88680, 210, 303, 1, '2018-06-29 11:43:33'),
(88681, 207, 299, 1, '2018-06-29 11:43:38'),
(88682, 214, 313, 1, '2018-06-29 11:43:43'),
(88683, 199, 273, 1, '2018-06-29 11:43:47'),
(88684, 171, 284, 1, '2018-06-29 11:43:52'),
(88685, 139, 281, 1, '2018-06-29 11:43:57'),
(88686, 138, 280, 1, '2018-06-29 11:44:02'),
(88687, 81, 0, 1, '2018-06-29 11:44:07'),
(88688, 143, 0, 1, '2018-06-29 11:44:11'),
(88689, 41, 0, 1, '2018-06-29 11:44:16'),
(88690, 184, 0, 1, '2018-06-29 11:44:21'),
(88691, 161, 0, 1, '2018-06-29 11:44:25'),
(88692, 144, 0, 1, '2018-06-29 11:44:30'),
(88693, 190, 0, 1, '2018-06-29 11:44:35'),
(88694, 44, 0, 1, '2018-06-29 11:44:37'),
(88695, 193, 0, 1, '2018-06-29 11:44:44'),
(88696, 153, 0, 1, '2018-06-29 11:44:49'),
(88697, 189, 266, 1, '2018-06-29 11:44:54'),
(88698, 149, 0, 1, '2018-06-29 11:44:59'),
(88699, 42, 0, 1, '2018-06-29 11:45:03'),
(88700, 191, 0, 1, '2018-06-29 11:45:08'),
(88701, 155, 0, 1, '2018-06-29 11:45:13'),
(88702, 148, 238, 1, '2018-06-29 11:45:18'),
(88703, 147, 236, 1, '2018-06-29 11:45:22'),
(88704, 196, 0, 1, '2018-06-29 11:45:26'),
(88705, 90, 110, 1, '2018-06-29 11:45:40'),
(88706, 110, 0, 1, '2018-06-29 11:46:25'),
(88707, 111, 0, 1, '2018-06-29 11:46:27'),
(88708, 89, 102, 1, '2018-06-29 11:46:33'),
(88709, 166, 218, 1, '2018-06-29 11:46:36'),
(88710, 172, 235, 1, '2018-06-29 11:46:51'),
(88711, 39, 0, 1, '2018-06-29 11:46:58'),
(88712, 109, 0, 1, '2018-06-29 11:47:00'),
(88713, 156, 0, 1, '2018-06-29 11:47:02'),
(88714, 214, 313, 1, '2018-06-29 21:55:53'),
(88715, 191, 0, 1, '2018-06-30 03:35:18'),
(88716, 44, 0, 1, '2018-06-30 04:55:20'),
(88717, 39, 0, 1, '2018-07-01 03:44:20'),
(88718, 205, 297, 1, '2018-07-01 04:28:26'),
(88719, 44, 0, 1, '2018-07-01 23:17:38'),
(88720, 205, 297, 1, '2018-07-02 00:52:55'),
(88721, 197, 270, 1, '2018-07-02 02:36:05'),
(88722, 159, 0, 1, '2018-07-02 06:59:37'),
(88723, 196, 0, 1, '2018-07-02 07:54:30'),
(88724, 131, 170, 1, '2018-07-02 08:32:21'),
(88725, 188, 0, 1, '2018-07-02 14:39:21');

-- --------------------------------------------------------

--
-- Structure de la table `dds_category`
--

CREATE TABLE `dds_category` (
  `id_category` int(10) UNSIGNED NOT NULL,
  `id_parent` int(10) UNSIGNED NOT NULL,
  `level_depth` tinyint(3) UNSIGNED NOT NULL DEFAULT '0',
  `active` tinyint(1) UNSIGNED NOT NULL DEFAULT '0',
  `date_add` datetime NOT NULL,
  `date_upd` datetime NOT NULL
) ENGINE=MyISAM DEFAULT CHARSET=utf8;

--
-- Déchargement des données de la table `dds_category`
--

INSERT INTO `dds_category` (`id_category`, `id_parent`, `level_depth`, `active`, `date_add`, `date_upd`) VALUES
(1, 0, 0, 1, '2009-09-17 22:45:12', '2009-09-17 22:45:12'),
(10, 3, 2, 1, '2009-09-24 18:23:04', '2010-03-03 23:48:19'),
(3, 1, 1, 1, '2009-09-17 22:45:13', '2009-09-30 22:37:41'),
(9, 3, 2, 1, '2009-09-24 18:22:00', '2010-03-03 23:58:31'),
(7, 3, 2, 1, '2009-09-24 17:17:14', '2010-03-03 23:47:16'),
(8, 3, 2, 1, '2009-09-24 17:17:44', '2010-03-02 15:29:38'),
(49, 3, 2, 1, '2009-11-07 13:44:02', '2010-03-03 23:52:21'),
(25, 1, 1, 1, '2009-09-30 22:40:05', '2009-09-30 22:41:05'),
(17, 3, 2, 1, '2009-09-30 22:10:15', '2010-03-03 23:57:38'),
(48, 1, 1, 1, '2009-11-07 13:30:55', '2009-11-07 13:30:55'),
(74, 25, 2, 1, '2010-03-04 00:10:11', '2010-03-04 00:10:11'),
(20, 1, 1, 1, '2009-09-30 22:34:07', '2010-07-31 18:30:25'),
(21, 1, 1, 1, '2009-09-30 22:34:47', '2009-09-30 22:34:47'),
(22, 1, 1, 1, '2009-09-30 22:37:17', '2009-09-30 22:37:17'),
(24, 1, 1, 1, '2009-09-30 22:39:27', '2010-01-28 18:26:33'),
(79, 25, 2, 1, '2010-05-11 21:47:40', '2010-05-11 21:47:40'),
(71, 25, 2, 1, '2010-03-04 00:07:37', '2010-03-04 00:07:37'),
(72, 25, 2, 1, '2010-03-04 00:08:39', '2010-03-04 00:08:39'),
(39, 1, 1, 1, '2009-10-14 16:11:38', '2009-10-14 16:11:38'),
(78, 25, 2, 1, '2010-03-09 11:07:00', '2010-03-25 17:22:32'),
(70, 25, 2, 1, '2010-03-04 00:06:02', '2010-03-04 00:06:02'),
(73, 25, 2, 1, '2010-03-04 00:09:35', '2010-03-04 00:09:35'),
(75, 25, 2, 1, '2010-03-04 00:11:55', '2010-03-04 00:11:55'),
(76, 25, 2, 1, '2010-03-04 00:14:49', '2010-03-09 15:34:36'),
(81, 25, 2, 1, '2010-05-12 10:27:20', '2010-05-12 10:35:45');

-- --------------------------------------------------------

--
-- Structure de la table `dds_category_group`
--

CREATE TABLE `dds_category_group` (
  `id_category` int(10) UNSIGNED NOT NULL,
  `id_group` int(10) UNSIGNED NOT NULL
) ENGINE=MyISAM DEFAULT CHARSET=utf8;

--
-- Déchargement des données de la table `dds_category_group`
--

INSERT INTO `dds_category_group` (`id_category`, `id_group`) VALUES
(1, 1),
(2, 1),
(3, 1),
(4, 1),
(5, 1),
(6, 1),
(7, 1),
(8, 1),
(9, 1),
(10, 1),
(11, 1),
(12, 1),
(13, 1),
(14, 1),
(15, 1),
(16, 1),
(17, 1),
(18, 1),
(19, 1),
(20, 1),
(21, 1),
(22, 1),
(23, 1),
(24, 1),
(25, 1),
(26, 1),
(27, 1),
(28, 1),
(29, 1),
(30, 1),
(31, 1),
(32, 1),
(33, 1),
(34, 1),
(35, 1),
(36, 1),
(37, 1),
(38, 1),
(39, 1),
(40, 1),
(41, 1),
(42, 1),
(43, 1),
(44, 1),
(45, 1),
(46, 1),
(47, 1),
(48, 1),
(49, 1),
(50, 1),
(51, 1),
(52, 1),
(53, 1),
(54, 1),
(55, 1),
(56, 1),
(57, 1),
(58, 1),
(59, 1),
(60, 1),
(61, 1),
(62, 1),
(63, 1),
(64, 1),
(65, 1),
(66, 1),
(67, 1),
(68, 1),
(69, 1),
(70, 1),
(71, 1),
(72, 1),
(73, 1),
(74, 1),
(75, 1),
(76, 1),
(77, 1),
(78, 1),
(79, 1),
(80, 1),
(81, 1),
(82, 1),
(83, 1);

-- --------------------------------------------------------

--
-- Structure de la table `dds_category_lang`
--

CREATE TABLE `dds_category_lang` (
  `id_category` int(10) UNSIGNED NOT NULL,
  `id_lang` int(10) UNSIGNED NOT NULL,
  `name` varchar(128) NOT NULL,
  `description` text,
  `link_rewrite` varchar(128) NOT NULL,
  `meta_title` varchar(128) DEFAULT NULL,
  `meta_keywords` varchar(128) DEFAULT NULL,
  `meta_description` varchar(128) DEFAULT NULL
) ENGINE=MyISAM DEFAULT CHARSET=utf8;

--
-- Déchargement des données de la table `dds_category_lang`
--

INSERT INTO `dds_category_lang` (`id_category`, `id_lang`, `name`, `description`, `link_rewrite`, `meta_title`, `meta_keywords`, `meta_description`) VALUES
(1, 2, 'Accueil', '', 'home', NULL, NULL, NULL),
(72, 2, 'Vibros', '', 'vibros', '', '', ''),
(20, 2, 'Robes Sexy', '', 'robes-kokines', '', '', ''),
(3, 2, 'Lingerie pour Elle', '', 'lingerieelle', '', '', ''),
(25, 2, 'Tout pour Jouer', '', 'tout-pour-jouer', '', '', ''),
(17, 2, 'Strings & Tangas', '', 'strings-tangas', '', '', ''),
(9, 2, 'Teddys & Bodys', '', 'teddys-badys', '', '', ''),
(10, 2, 'Ensembles', '', 'ensembles', '', '', ''),
(49, 2, 'Guépières & Corsets', '', 'guepieres-corsets', '', '', ''),
(7, 2, 'Bas', '', 'bas', '', '', ''),
(8, 2, 'Babydolls', '', 'babydolls', '', '', ''),
(21, 2, 'Costumes Sexy', '', 'costumes-sexy', '', '', ''),
(22, 2, 'Bien-être', '', 'bien-etre', '', '', ''),
(24, 2, 'Décors de Corps', '', 'bijoux-intimes', '', '', ''),
(48, 2, 'Accessoires', '', 'accessoires', '', '', ''),
(71, 2, 'Dildos', '', 'dildos', '', '', ''),
(39, 2, 'Lune de Miel', '', 'lune-de-miel', '', '', ''),
(70, 2, 'Plugs', '', 'plugs', '', '', ''),
(78, 2, 'Doubles Dildos', '', 'dildos-double', '', '', ''),
(73, 2, 'Boules de Geisha', '', 'boules-de-geisha', '', '', ''),
(74, 2, 'Rabbits', '', 'rabbits', '', '', ''),
(75, 2, 'Minis Vibros', '', 'minis-vibros', '', '', ''),
(76, 2, 'Stimulateurs', '', 'stimulateurs', '', '', ''),
(79, 2, 'Joujoux Hi-Tech', '', 'joujoux-hi-tech', '', '', ''),
(81, 2, 'Jeux', '', 'jeux', '', '', '');

-- --------------------------------------------------------

--
-- Structure de la table `dds_category_product`
--

CREATE TABLE `dds_category_product` (
  `id_category` int(10) UNSIGNED NOT NULL,
  `id_product` int(10) UNSIGNED NOT NULL,
  `position` int(10) UNSIGNED NOT NULL DEFAULT '0'
) ENGINE=MyISAM DEFAULT CHARSET=utf8;

--
-- Déchargement des données de la table `dds_category_product`
--

INSERT INTO `dds_category_product` (`id_category`, `id_product`, `position`) VALUES
(20, 170, 4),
(24, 173, 1),
(10, 172, 5),
(10, 163, 4),
(76, 153, 0),
(10, 131, 0),
(3, 163, 16),
(39, 21, 0),
(17, 165, 0),
(9, 26, 0),
(7, 27, 0),
(3, 26, 1),
(73, 42, 0),
(10, 187, 7),
(24, 109, 0),
(39, 166, 2),
(17, 166, 1),
(76, 190, 2),
(75, 148, 1),
(70, 144, 0),
(8, 21, 0),
(25, 42, 9),
(20, 199, 7),
(75, 44, 0),
(73, 41, 0),
(3, 172, 20),
(10, 198, 8),
(8, 130, 6),
(3, 198, 24),
(25, 148, 5),
(74, 147, 0),
(25, 144, 1),
(70, 143, 2),
(48, 188, 7),
(70, 191, 2),
(8, 169, 8),
(39, 167, 3),
(76, 184, 1),
(17, 167, 2),
(20, 139, 2),
(25, 147, 3),
(25, 191, 16),
(22, 158, 2),
(74, 155, 1),
(25, 153, 10),
(25, 190, 15),
(3, 166, 13),
(72, 189, 0),
(70, 161, 1),
(48, 109, 1),
(74, 81, 1),
(71, 149, 0),
(3, 27, 11),
(24, 39, 0),
(25, 155, 11),
(25, 87, 0),
(78, 143, 0),
(72, 141, 0),
(25, 189, 14),
(10, 137, 3),
(20, 138, 1),
(3, 165, 15),
(25, 184, 12),
(71, 161, 0),
(25, 41, 7),
(3, 21, 0),
(20, 89, 3),
(8, 89, 1),
(22, 113, 1),
(25, 81, 4),
(48, 90, 0),
(8, 129, 5),
(3, 129, 7),
(49, 92, 0),
(3, 92, 6),
(48, 159, 6),
(20, 93, 0),
(39, 94, 1),
(8, 94, 2),
(8, 95, 3),
(3, 95, 4),
(48, 156, 4),
(25, 161, 13),
(48, 157, 5),
(20, 151, 3),
(1, 184, 2),
(20, 171, 6),
(10, 132, 1),
(3, 132, 12),
(3, 131, 9),
(3, 130, 8),
(8, 128, 4),
(1, 21, 0),
(10, 136, 2),
(3, 136, 16),
(3, 135, 14),
(10, 134, 2),
(3, 134, 2),
(8, 133, 7),
(3, 133, 10),
(3, 167, 18),
(25, 149, 6),
(1, 113, 1),
(48, 110, 2),
(22, 112, 0),
(48, 111, 3),
(25, 141, 4),
(3, 128, 21),
(3, 187, 23),
(3, 89, 3),
(20, 197, 5),
(21, 125, 0),
(3, 169, 19),
(3, 94, 5),
(25, 44, 8),
(3, 137, 17),
(10, 174, 6),
(3, 174, 22),
(72, 192, 1),
(79, 192, 0),
(25, 192, 17),
(72, 193, 2),
(79, 193, 1),
(25, 193, 18),
(1, 193, 3),
(25, 143, 2),
(70, 194, 3),
(78, 194, 0),
(25, 194, 19),
(81, 195, 0),
(81, 196, 0),
(48, 173, 7),
(22, 195, 3),
(39, 201, 3),
(49, 201, 1),
(1, 201, 5),
(10, 202, 9),
(1, 202, 6),
(8, 203, 9),
(8, 204, 10),
(8, 205, 11),
(1, 205, 7),
(17, 206, 3),
(20, 207, 8),
(1, 207, 8),
(17, 208, 3),
(20, 209, 9),
(8, 209, 13),
(3, 209, 25),
(1, 209, 4),
(20, 210, 10),
(1, 210, 9),
(8, 211, 14),
(1, 211, 10),
(7, 213, 1),
(10, 212, 10),
(1, 212, 12),
(1, 213, 11),
(8, 197, 12),
(1, 197, 13),
(20, 214, 11),
(1, 214, 14),
(8, 215, 15),
(1, 215, 16),
(8, 216, 15),
(3, 216, 26),
(1, 216, 15),
(8, 217, 16),
(1, 217, 17),
(7, 218, 2),
(1, 218, 18),
(7, 219, 2),
(1, 219, 19);

-- --------------------------------------------------------

--
-- Structure de la table `dds_cms`
--

CREATE TABLE `dds_cms` (
  `id_cms` int(10) UNSIGNED NOT NULL
) ENGINE=MyISAM DEFAULT CHARSET=utf8;

--
-- Déchargement des données de la table `dds_cms`
--

INSERT INTO `dds_cms` (`id_cms`) VALUES
(1),
(3),
(4),
(5),
(7),
(8);

-- --------------------------------------------------------

--
-- Structure de la table `dds_cms_lang`
--

CREATE TABLE `dds_cms_lang` (
  `id_cms` int(10) UNSIGNED NOT NULL,
  `id_lang` int(10) UNSIGNED NOT NULL,
  `meta_title` varchar(128) NOT NULL,
  `meta_description` varchar(255) DEFAULT NULL,
  `meta_keywords` varchar(255) DEFAULT NULL,
  `content` longtext,
  `link_rewrite` varchar(128) NOT NULL
) ENGINE=MyISAM DEFAULT CHARSET=utf8;

--
-- Déchargement des données de la table `dds_cms_lang`
--

INSERT INTO `dds_cms_lang` (`id_cms`, `id_lang`, `meta_title`, `meta_description`, `meta_keywords`, `content`, `link_rewrite`) VALUES
(1, 2, 'Livraison', 'Nos conditions générales de livraison', 'conditions, livraison, délais, transport, colis', '<h2>Livraisons et retours</h2>\r\n<p>Les produits sont livrés à l’adresse que vous aurez choisie au cours du processus de commande. L’adresse de livraison peut être différente de l’adresse de facturation (si vous souhaitez faire un cadeau par exemple !). Dans ce cas le destinataire recevra son colis dans un emballage cadeau personnalisé et sans facture. Cette dernière sera envoyée par la poste à l’expéditeur du cadeau.</p>\r\n<p> </p>\r\n<p>Nous ne livrons que la France métropolitaine ainsi que la Belgique,  hors codes armées.<strong> </strong></p>\r\n<p> </p>\r\n<p>Les délais de livraison indiqués sont les délais appliqués pour les produits que nous avons en stock (48h). Ces délais correspondent au traitement d’expédition ; auxquels s’ajoutent les délais d’acheminement du colis (Colissimo Suivi).</p>\r\n<p> </p>\r\n<p> Toute fois, votre commande peut être mise en attente selon la durée de réapprovisionnement du produit. Dans ce cas, vous serez prévenu par mail par notre service client.</p>\r\n<p>Toutes les commandes sont livrées dans un envoi clos, solide et discret. Seules les commandes réglées sont expédiées.</p>\r\n<p> </p>\r\n<p>A la livraison, le client est tenu de vérifier l’état de l’emballage et de la marchandise et de  signaler, dans un délai de 3 jours ouvrés,  les dommages au transporteur, ainsi qu’à notre service-client par mail : service-client@delices-des-sens.com</p>\r\n<p> </p>\r\n<p> </p>\r\n<p> </p>\r\n<p> </p>\r\n<p>Vous disposez d’un délai de 7 jours ouvrés à compter de la réception de votre commande pour retourner le ou les produits qui ne vous conviendraient pas. Les frais d’envoi et de retour seront alors à votre charge. Le montant total des produits restitués vous sera remboursé, hors frais de port.</p>\r\n<p> </p>\r\n<p>Avant tout retour, vous devez en informer notre service client :</p>\r\n<p> </p>\r\n<p>Les retours sont à effectuer à : Délices-des-Sens.com</p>\r\n<p>                                                 18 Rue du Hingar</p>\r\n<p>                                                 22300 Lannion</p>\r\n<p> </p>\r\n<p>Les produits retournés doivent être dans leur état d’origine et complet (emballage, accessoires…) et accompagnés de la facture et/ou du bon de livraison.</p>\r\n<p> </p>\r\n<p>Les articles retournés déballés, incomplets, abîmés, salis ou endommagés par le client ne seront pas repris.</p>\r\n<p> </p>\r\n<p> </p>', 'livraison'),
(3, 2, 'Conditions Générales de Vente', 'Nos conditions générales de ventes', 'conditions, utilisation, générales, ventes', '<h2>Vos conditions de ventes</h2>\r\n<p> </p>\r\n<p><span style=\"font-size: large;\">Délices-des-Sens.com</span></p>\r\n<p> </p>\r\n<p>6 Rue Jean Savidan</p>\r\n<p>22300 Lannion</p>\r\n<p> </p>\r\n<p> </p>\r\n<p><span style=\"font-size: medium;\">Contact @ : rejane@delices-des-sens.com</span></p>\r\n<p><span style=\"font-size: medium;\">Contact Tel : Réjane au  06 26 56 71 48<br /></span></p>\r\n<p><span style=\"font-size: medium;\"><span style=\"font-size: x-small;\">(Du Lundi au Samedi de 10 h 00 à 19 h 00)</span><br /></span></p>\r\n<p> </p>\r\n<p> </p>\r\n<p> </p>\r\n<p>Identifiant SIREN : 412 118 044</p>\r\n<p>Identifiant SIRET : 412 118 044 00020</p>\r\n<p> </p>\r\n<p> </p>\r\n<p><strong><span style=\"text-decoration: underline;\">1 : Préambule :</span></strong></p>\r\n<p>Les présentes conditions générales de vente s’appliquent exclusivement entre Délices-des Sens.com, 6 Rue Jean Savidan, 22300 Lannion et toute personne majeure effectuant un achat sur notre site : <a href=\"../../\">www.delices-des-sens.com</a>.</p>\r\n<p> </p>\r\n<p>Ces conditions générales de ventes pouvant faire l’objet de modifications, les conditions applicables sont celles en vigueur sur notre site : <a href=\"../../\">www.delices-des-sens.com</a> à la date de passation de votre commande.</p>\r\n<p> </p>\r\n<p> </p>\r\n<p><strong><span style=\"text-decoration: underline;\">2 : Prix : </span></strong></p>\r\n<p>Les prix de nos produits sont indiqués Toutes Taxes Comprises (TTC) c\'est-à-dire TVA incluse, hors participation aux frais d\'expédition et de traitement de votre commande. Les prix sont susceptibles d’être modifiés à tout moment cependant les produits seront facturés sur la base des tarifs en vigueur au moment de l’enregistrement de votre commande.</p>\r\n<p> </p>\r\n<p><strong><span style=\"text-decoration: underline;\">3 : Commande : </span></strong></p>\r\n<p> Les commandes se font exclusivement sur notre site : <a href=\"../../\">www.delices-des-sens.com</a> 7j / 7j et 24h / 24h.</p>\r\n<p>            <span style=\"text-decoration: underline;\">Vous êtes déjà client Délices-des-Sens.com : </span></p>\r\n<p>- Il vous suffit de vous identifier par votre adresse e-mail et le mot de passe que vous avez choisi lors de votre première commande sur notre site : <a href=\"../../\">www.delices-des-sens.com</a>.</p>\r\n<p>            <span style=\"text-decoration: underline;\">Vous souhaitez devenir client Délices-des-Sens.com : </span></p>\r\n<p>- Il vous suffit de saisir votre adresse mail et de remplir le formulaire signalétique en choisissant votre mot de passe personnel. A la suite de quoi vous recevrez un mail de confirmation de votre inscription sur notre site : <a href=\"../../\">www.delices-des-sens.com</a>. Vous pourrez alors commander en toute simplicité et gérer votre commande grâce à votre panier présent tout au long de votre navigation sur notre site : www.delices-des-sens.com.</p>\r\n<p> </p>\r\n<p>Délices-des-Sens.com se réserve le droit d’annuler ou de refuser toute commande d’un client avec lequel il existerait un litige relatif au paiement d’une commande antérieure.</p>\r\n<p> </p>\r\n<p><strong><span style=\"text-decoration: underline;\">4 : Validation de votre commande : </span></strong></p>\r\n<p>Vous déclarez avoir pris connaissance et acceptez les présentes conditions générales de vente, avant la passation de votre commande, en cochant la case correspondant à cet effet.</p>\r\n<p> </p>\r\n<p><strong><span style=\"text-decoration: underline;\">5 : Livraison : </span></strong></p>\r\n<p>Les produits sont livrés à l’adresse que vous aurez choisie au cours du processus de commande. L’adresse de livraison peut être différente de l’adresse de facturation (si vous souhaitez faire un cadeau par exemple !). Dans ce cas le destinataire recevra son colis dans un emballage cadeau personnalisé et sans facture. Cette dernière sera envoyée par la poste à l’expéditeur du cadeau.</p>\r\n<p> </p>\r\n<p>Nous ne livrons que la France métropolitaine ainsi que la Belgique,  hors codes armées.<strong> </strong></p>\r\n<p> </p>\r\n<p>Les délais de livraison indiqués sont les délais appliqués pour les produits que nous avons en stock (48h). Ces délais correspondent au traitement d’expédition ; auxquels s’ajoutent les délais d’acheminement du colis (Colissimo Suivi).</p>\r\n<p> </p>\r\n<p> Toute fois, votre commande peut être mise en attente selon la durée de réapprovisionnement du produit. Dans ce cas, vous serez prévenu par mail par notre service client.</p>\r\n<p>Toutes les commandes sont livrées dans un envoi clos, solide et discret. Seules les commandes réglées sont expédiées.</p>\r\n<p> </p>\r\n<p>A la livraison, le client est tenu de vérifier l’état de l’emballage et de la marchandise et de  signaler, dans un délai de 3 jours ouvrés,  les dommages au transporteur, ainsi qu’à notre service-client par mail :</p>\r\n<p>service-client@delices-des-sens.com</p>\r\n<p> </p>\r\n<p><span style=\"text-decoration: underline;\"><strong>Remise en \"Main Propre\" </strong></span>: Si vous résidez sur Lannion, nous pouvons vous livrer directement chez vous en main propre ; dans ce cas les frais de port sont gratuits. Pour ce faire, selectionné \"Remise en main propre\" lors de la saisie de validation de votre commande.</p>\r\n<p> </p>\r\n<p><strong><span style=\"text-decoration: underline;\">6 : Paiements : </span></strong></p>\r\n<p> </p>\r\n<p style=\"text-align: left;\"><strong><span style=\"text-decoration: underline;\">Par Carte Bancaire :<br /></span></strong></p>\r\n<p>Le paiement de votre commande sur notre site : www.delices-des-sens.com peut s’effectuer par Carte Bancaire (Carte Bleue, Visa et Mastercard).</p>\r\n<p>L’enregistrement de votre numéro de carte bancaire, de la date d’expiration et du  cryptogramme valide votre commande et vaut mandat de paiement pour le total de votre commande auprès de Délices-des-Sens.com.</p>\r\n<p> </p>\r\n<p>Les données relatives à la carte bancaire sont saisies et conservées par notre partenaire bancaire à l\'issue du traitement de votre commande [Protocole de communication sécurisé et technologie de données SSL (Secure Socket Layer) de dernière génération].</p>\r\n<p> </p>\r\n<p>Le débit de la carte est effectué immédiatement après la validation du total de votre commande.</p>\r\n<p> </p>\r\n<p>Délices-des-Sens.com ne stocke pas vos informations bancaires. C’est pourquoi, elles vous seront demandées à chaque commande.</p>\r\n<p> </p>\r\n<p style=\"text-align: left;\"><strong>Par Chèque Bancaire :</strong> (traitement plus long)<strong><br /></strong></p>\r\n<p style=\"text-align: left;\">Le paiement  de votre commande peut être réglé par chèque à l\'ordre de : Délices-des-sens et expédié par voie postale à notre siège social : 6 Rue Jean Savidan - 22300 Lannion</p>\r\n<p style=\"text-align: left;\"> </p>\r\n<p style=\"text-align: left;\">Dans ce cas votre commande vous sera expédié après confirmation du réglement par notre banque.</p>\r\n<p style=\"text-align: left;\"> </p>\r\n<p><strong><span style=\"text-decoration: underline;\">7 : Satisfait ou Remboursé :</span></strong></p>\r\n<p>Vous disposez d’un délai de 7 jours ouvrés à compter de la réception de votre commande pour retourner le ou les produits qui ne vous conviendraient pas. Les frais d’envoi et de retour seront alors à votre charge. Le montant total des produits restitués vous sera remboursé.</p>\r\n<p> </p>\r\n<p>Avant tout retour, vous devez en informer notre service client :</p>\r\n<p>service-client@delices-des-sens.com</p>\r\n<p> </p>\r\n<p>Les retours sont à effectuer à : Délices-des-Sens.com</p>\r\n<p>                                                 6 Rue Jean Savidan</p>\r\n<p>                                                 22300 Lannion</p>\r\n<p> </p>\r\n<p>Les produits retournés doivent être dans leur état d’origine et complet (emballage, accessoires…) et accompagnés de la facture et/ou du bon de livraison.</p>\r\n<p> </p>\r\n<p>Les articles retournés déballés, incomplets, abîmés, salis ou endommagés par le client ne seront pas repris.</p>\r\n<p> </p>\r\n<p><strong><span style=\"text-decoration: underline;\">8 : Responsabilité : </span></strong></p>\r\n<p>Les produits proposés par Délices-des-Sens.com sont conformes à la législation française en vigueur et aux normes applicables en France.</p>\r\n<p> </p>\r\n<p>Délices-des-Sens.com ne peut être tenu pour responsable des dommages de toutes natures (matériel et /ou corporels) qui pourraient résulter d’une mauvaise manipulation des articles vendus.</p>\r\n<p> </p>\r\n<p> </p>\r\n<p><strong><span style=\"text-decoration: underline;\">9 : Conformité des Produits : </span></strong></p>\r\n<p>Nous nous engageons à vous rembourser les produits apparemment défectueux, abîmés ou endommagés ou ne correspondant pas à votre commande.</p>\r\n<p> </p>\r\n<p>Dans ce cas, nous vous remercions de bien vouloir en faire état de manière détaillée par écrit et de nous renvoyer le ou les produits. Délices-des-Sens.com procédera au remboursement du ou des produits. Votre demande doit être effectuée dans les 7 jours ouvrés suivant la réception de votre commande. Toute réclamation formulée hors de ce délai ne pourra être acceptée.</p>\r\n<p>Les frais d’envoi de retour restent intégralement à votre charge.</p>\r\n<p> </p>\r\n<p> </p>\r\n<p> </p>\r\n<p><strong><span style=\"text-decoration: underline;\">10 : Remboursement : </span></strong></p>\r\n<p>Les remboursements des produits seront effectués dans un délai inférieur ou égal à 15 jours après réception des produits par Délices-des-Sens.com. Le remboursement s’effectuera par envoi d\'un avoir, par chèque ou par virement sur votre compte bancaire. Aucun envoi en contre-remboursement ne sera accepté quel qu’en soit le motif.</p>\r\n<p> </p>\r\n<p>11 : Confidentialité et Respect de votre vie privée :</p>\r\n<p>Délices-des-Sens.com s’engage à ne pas divulguer à des tiers les informations que vous nous communiquerez. Celles-ci sont confidentielles. Elles ne sont utilisées que par nos services internes (traitement de votre commande, renforcement et personnalisation de la communication et de l’offre produite réservée aux clients de Délices-des-Sens).</p>\r\n<p> </p>\r\n<p>Conformément à la loi informatique et libertés du 6 Janvier 1978, vous disposez d’un droit d’accès, de rectification et d’opposition aux données personnelles vous concernant. Pour cela il vous suffit de nous en faire la demande par courrier manuscrit en nous indiquant vos noms, prénoms, adresse ainsi que votre référence client à : Délices-des-Sens ; 6 Rue Jean Savidan ; 22300 Lannion.</p>\r\n<p> </p>\r\n<p><strong><span style=\"text-decoration: underline;\">11 : Propriétés intellectuelles :</span></strong></p>\r\n<p>Tous les textes, commentaires, ouvrages, illustrations et images reproduits sur le Site sont protégés au titre du droit d’auteur, droit des marques, droit des brevets et droit à l’image, et ce pour le monde entier.</p>\r\n<p><br />Ils sont la propriété pleine et entière de Délices-des-Sens.com</p>\r\n<p><br />A ce titre et conformément aux dispositions du Code de la propriété intellectuelle, seule l’utilisation pour un usage privé sous réserve de dispositions différentes voire plus restrictives du code de la propriété intellectuelle, est autorisée.</p>\r\n<p><br />Toute autre utilisation est constitutive de contrefaçon et sanctionnée au titre de la propriété intellectuelle sauf autorisation préalable de Délices-des-Sens.com.Toute reproduction totale ou partielle du catalogue du Site est strictement interdite.</p>\r\n<p> </p>\r\n<p><strong><span style=\"text-decoration: underline;\">12 : Droits applicables et litiges : </span></strong></p>\r\n<p>La responsabilité de Délices-des-Sens.com est, en tout état de cause, limitée au montant de la commande et ne saurait être mise en cause pour de simples erreurs ou omissions qui auraient pu subsister malgré toutes les précautions prises dans la présentation des produits.</p>\r\n<p><br />En cas de litige, le client reconnaît le tribunal de Grande Instance de Saint-Brieuc comme seul tribunal compétent pour le règlement dudit litige.<br />Délices-des-sens.com ne pourra être tenu responsable, envers un membre ou un tiers, d’aucun dommage indirect, d’aucune perte d’exploitation, de profit ou de chiffre d’affaires, survenus de quelque manière que ce soit, même si ce dommage ou cette perte ou ce préjudice était prévisible par Délices-des-Sens.com, ou si son éventualité avait été portée à son attention.</p>\r\n<p> </p>', 'conditions-generales-de-ventes'),
(4, 2, 'A propos', 'Apprenez-en d\'avantage sur nous', 'à propos, informations', '<h2>A propos</h2>\r\n<p><span style=\"font-size: large;\">Délices-des-Sens.com</span></p>\r\n<p> </p>\r\n<p>6 Rue Jean Savidan</p>\r\n<p>22300 Lannion</p>\r\n<p> </p>\r\n<p> </p>\r\n<p><span style=\"font-size: medium;\">Contact @ : rejane@delices-des-sens.com</span></p>\r\n<p><span style=\"font-size: medium;\">Contact Tel : Réjane au  XX XX XX XX XX</span></p>\r\n<p><span style=\"font-size: medium;\"><span style=\"font-size: x-small;\">(Du Lundi au Samedi de 8 h 00 à 20 h 00)</span><br /></span></p>\r\n<p> </p>\r\n<p> </p>\r\n<p>Statut : auto-entreprise</p>\r\n<p>Date de Création : 15 Novembre 2009</p>\r\n<p> </p>\r\n<p>Identifiant SIREN : 412 118 044</p>\r\n<p>Identifiant SIRET : 412 118 044 00020</p>', 'a-propos'),
(5, 2, 'Paiement sécurisé', 'Notre offre de paiement sécurisé', 'paiement sécurisé, ssl, visa, mastercard, paypal', '<h2>Paiement sécurisé</h2>\r\n<h3><span style=\"font-size: medium;\"> Paiement Sécurisé</span></h3>\r\n<p>Avec SSL</p>\r\n<p> </p>\r\n<h3><span style=\"font-size: medium;\">Utilisation de Visa & Mastercard</span></h3>\r\n<p> </p>\r\n<p> </p>\r\n<p>Le paiement de votre commande sur notre site : Délices-des-Sens.com ne peut s’effectuer que par Carte Bancaire (Carte Bleue Visa et Mastercard).</p>\r\n<p> </p>\r\n<p>L’enregistrement de votre numéro de carte bancaire, de la date d’expiration et du cryptogramme valide votre commande et vaut de mandat de payer le total de votre commande auprès de  : Délices-des-Sens.com.</p>\r\n<p> </p>\r\n<p>Les données relatives à la carte bancaire ne sont conservées que pendant le temps de traitement de la commande [Protocole de communication sécurisé et technologie de données SSL (Secure Socket Layer) de dernière génération].</p>', 'paiement-securise'),
(7, 2, 'Liens', 'Liens', 'Liens', '<p><span style=\"font-size: xx-large;\"><span style=\"text-decoration: underline;\"><span style=\"font-family: tahoma,arial,helvetica,sans-serif;\">Nos Partenaires</span></span> </span></p>\r\n<p> </p>\r\n<p> </p>\r\n<p> </p>\r\n<p> </p>\r\n<p> </p>\r\n<p style=\"text-align: left;\"><span style=\"font-family: tahoma,arial,helvetica,sans-serif;\"><span style=\"text-decoration: underline;\"><span style=\"font-size: large;\">Les sites d\'annonces libertines</span></span></span></p>\r\n<p style=\"text-align: left;\"><span style=\"font-family: tahoma,arial,helvetica,sans-serif;\"><span style=\"text-decoration: underline;\"><span style=\"font-size: large;\"><br /></span></span></span></p>\r\n<p style=\"text-align: center;\"><span style=\"font-family: tahoma,arial,helvetica,sans-serif;\"><span style=\"text-decoration: underline;\"><span style=\"font-size: large;\"><a href=\"http://www.sexenbretagne.com\" target=\"_blank\"><img title=\"sexenbretagne, echangiste coquin libertin en bretagne et ouest\" src=\"http://www.sexenbretagne.com/banniere/ban_sxb.jpg\" border=\"0\" alt=\"sexenbretagne, le site des coquins de bretagne et de l\'ouest\" /></a> <br /></span></span></span></p>\r\n<p> </p>\r\n<p style=\"text-align: left;\"><span style=\"font-family: tahoma,arial,helvetica,sans-serif;\"><span style=\"text-decoration: underline;\"><span style=\"font-size: large;\">Les clubs libertins </span><br /></span></span></p>\r\n<p style=\"text-align: left;\"> </p>\r\n<p style=\"text-align: center;\"><a href=\"http://www.lelibertystation.fr\" target=\"_blank\"></a></p>\r\n<p style=\"text-align: center;\"><a title=\"Le Liberty Station\" href=\"http://www.lelibertystation.fr/\" target=\"_blank\"><img src=\"http://www.lelibertystation.fr/banniere/ban_liberty_jpg.jpg\" border=\"0\" alt=\"le liberty station\" width=\"467\" height=\"60\" /></a></p>\r\n<p> </p>\r\n<p style=\"text-align: left;\"><span style=\"text-decoration: underline;\"><span style=\"font-size: large;\">Les blogs des kokins </span></span></p>\r\n<p style=\"text-align: left;\"> </p>\r\n<p><a href=\"http://christemma29c.blog4ever.com/blog/index-246822.html\" target=\"_blank\"></a></p>\r\n<p style=\"text-align: center;\"><a title=\"christemma29c\" href=\"http://christemma29c.blog4ever.com\" target=\"_blank\"><img src=\"http://www.delices-des-sens.com/boutique/img/christemma.jpg\" alt=\"\" width=\"427\" height=\"94\" /></a></p>\r\n<p style=\"text-align: center;\"> </p>\r\n<p style=\"text-align: center;\"> </p>\r\n<p style=\"text-align: center;\"> </p>\r\n<p style=\"text-align: center;\"> </p>\r\n<p style=\"text-align: center;\"> </p>\r\n<p style=\"text-align: center;\"> </p>\r\n<p style=\"text-align: center;\"> </p>\r\n<p style=\"text-align: center;\"> </p>\r\n<p style=\"text-align: center;\"> </p>\r\n<p style=\"text-align: center;\"> </p>\r\n<p style=\"text-align: center;\"> </p>\r\n<p style=\"text-align: center;\"> </p>\r\n<p style=\"text-align: center;\"> </p>\r\n<p style=\"text-align: center;\"> </p>\r\n<p style=\"text-align: center;\"> </p>\r\n<p style=\"text-align: center;\"> </p>\r\n<p style=\"text-align: center;\"> </p>\r\n<p style=\"text-align: center;\"> </p>\r\n<p style=\"text-align: center;\"> </p>\r\n<p style=\"text-align: center;\"> </p>\r\n<p style=\"text-align: center;\"> </p>\r\n<p style=\"text-align: center;\"> </p>\r\n<p style=\"text-align: center;\"> </p>\r\n<p style=\"text-align: center;\"> </p>\r\n<p style=\"text-align: center;\"> </p>\r\n<p style=\"text-align: center;\"> </p>\r\n<p style=\"text-align: center;\"> </p>\r\n<p style=\"text-align: center;\"> </p>\r\n<p style=\"text-align: center;\"> </p>\r\n<p style=\"text-align: center;\"> </p>\r\n<p style=\"text-align: center;\"> </p>\r\n<p style=\"text-align: center;\"> </p>\r\n<p style=\"text-align: center;\"> </p>', 'liens'),
(8, 2, 'Nos garanties', 'Nos garanties', 'Nos garanties', '', 'nos-garanties');

-- --------------------------------------------------------

--
-- Structure de la table `dds_configuration`
--

CREATE TABLE `dds_configuration` (
  `id_configuration` int(10) UNSIGNED NOT NULL,
  `name` varchar(32) NOT NULL,
  `value` text,
  `date_add` datetime NOT NULL,
  `date_upd` datetime NOT NULL
) ENGINE=MyISAM DEFAULT CHARSET=utf8;

--
-- Déchargement des données de la table `dds_configuration`
--

INSERT INTO `dds_configuration` (`id_configuration`, `name`, `value`, `date_add`, `date_upd`) VALUES
(1, 'PS_LANG_DEFAULT', '2', '2009-09-17 22:45:12', '2009-09-17 22:45:12'),
(2, 'PS_CURRENCY_DEFAULT', '1', '2009-09-17 22:45:12', '2009-09-17 22:45:12'),
(3, 'PS_COUNTRY_DEFAULT', '8', '2009-09-17 22:45:12', '2009-09-17 22:45:12'),
(4, 'PS_REWRITING_SETTINGS', '1', '2009-09-17 22:45:12', '2010-12-17 04:02:27'),
(5, 'PS_ORDER_OUT_OF_STOCK', '0', '2009-09-17 22:45:12', '2012-11-09 14:42:45'),
(6, 'PS_LAST_QTIES', '0', '2009-09-17 22:45:12', '2012-11-09 14:42:45'),
(7, 'PS_CART_REDIRECT', '0', '2009-09-17 22:45:12', '2012-11-09 14:42:45'),
(8, 'PS_HELPBOX', '1', '2009-09-17 22:45:12', '2010-12-17 04:02:27'),
(9, 'PS_CONDITIONS', '1', '2009-09-17 22:45:12', '2010-12-17 04:02:27'),
(10, 'PS_RECYCLABLE_PACK', '0', '2009-09-17 22:45:12', '2010-12-17 04:02:27'),
(11, 'PS_GIFT_WRAPPING', '1', '2009-09-17 22:45:12', '2010-12-17 04:02:27'),
(12, 'PS_GIFT_WRAPPING_PRICE', '0', '2009-09-17 22:45:12', '2010-12-17 04:02:27'),
(13, 'PS_STOCK_MANAGEMENT', '1', '2009-09-17 22:45:12', '2012-11-09 14:42:45'),
(14, 'PS_NAVIGATION_PIPE', '>', '2009-09-17 22:45:12', '2009-09-17 22:59:52'),
(15, 'PS_PRODUCTS_PER_PAGE', '20', '2009-09-17 22:45:12', '2012-11-09 14:42:45'),
(16, 'PS_PURCHASE_MINIMUM', '10', '2009-09-17 22:45:12', '2012-11-09 14:42:45'),
(17, 'PS_PRODUCTS_ORDER_WAY', '1', '2009-09-17 22:45:12', '2012-11-09 14:42:45'),
(18, 'PS_PRODUCTS_ORDER_BY', '3', '2009-09-17 22:45:12', '2012-11-09 14:42:45'),
(19, 'PS_DISPLAY_QTIES', '1', '2009-09-17 22:45:12', '2012-11-09 14:42:45'),
(20, 'PS_SHIPPING_HANDLING', '0', '2009-09-17 22:45:12', '2010-02-28 22:21:19'),
(21, 'PS_SHIPPING_FREE_PRICE', '90', '2009-09-17 22:45:12', '2010-02-28 22:21:19'),
(22, 'PS_SHIPPING_FREE_WEIGHT', '50', '2009-09-17 22:45:12', '2010-02-28 22:21:19'),
(23, 'PS_SHIPPING_METHOD', '0', '2009-09-17 22:45:12', '2010-02-28 22:21:19'),
(24, 'PS_TAX', '1', '2009-09-17 22:45:12', '2009-09-17 22:45:12'),
(25, 'PS_SHOP_ENABLE', '1', '2009-09-17 22:45:12', '2010-12-17 04:02:27'),
(26, 'PS_NB_DAYS_NEW_PRODUCT', '31', '2009-09-17 22:45:12', '2012-11-09 14:42:45'),
(27, 'PS_SSL_ENABLED', '0', '2009-09-17 22:45:12', '2010-12-17 04:02:27'),
(28, 'PS_WEIGHT_UNIT', 'kg', '2009-09-17 22:45:12', '2009-09-17 22:45:12'),
(29, 'PS_BLOCK_CART_AJAX', '1', '2009-09-17 22:45:12', '2009-09-17 22:45:12'),
(30, 'PS_ORDER_RETURN', '1', '2009-09-17 22:45:12', '2010-07-06 10:29:05'),
(31, 'PS_ORDER_RETURN_NB_DAYS', '7', '2009-09-17 22:45:12', '2010-07-06 10:29:05'),
(32, 'PS_MAIL_TYPE', '3', '2009-09-17 22:45:12', '2009-09-17 22:45:12'),
(33, 'PS_PRODUCT_PICTURE_MAX_SIZE', '131072', '2009-09-17 22:45:12', '2012-11-09 14:42:45'),
(34, 'PS_PRODUCT_PICTURE_WIDTH', '64', '2009-09-17 22:45:12', '2012-11-09 14:42:45'),
(35, 'PS_PRODUCT_PICTURE_HEIGHT', '64', '2009-09-17 22:45:12', '2012-11-09 14:42:45'),
(36, 'PS_INVOICE_PREFIX', 'IN', '2009-09-17 22:45:12', '2009-09-17 22:45:12'),
(37, 'PS_INVOICE_NUMBER', '50', '2009-09-17 22:45:12', '2016-05-26 15:52:25'),
(38, 'PS_DELIVERY_PREFIX', 'DE', '2009-09-17 22:45:12', '2009-09-17 22:45:12'),
(39, 'PS_DELIVERY_NUMBER', '34', '2009-09-17 22:45:12', '2016-05-26 19:19:35'),
(40, 'PS_INVOICE', '1', '2009-09-17 22:45:12', '2009-09-17 22:45:12'),
(41, 'PS_PASSWD_TIME_BACK', '360', '2009-09-17 22:45:12', '2009-09-17 22:45:12'),
(42, 'PS_PASSWD_TIME_FRONT', '360', '2009-09-17 22:45:12', '2009-09-17 22:45:12'),
(43, 'PS_DISP_UNAVAILABLE_ATTR', '1', '2009-09-17 22:45:12', '2012-11-09 14:42:45'),
(44, 'PS_VOUCHERS', '1', '2009-09-17 22:45:12', '2011-03-10 15:50:51'),
(45, 'PS_SEARCH_MINWORDLEN', '3', '2009-09-17 22:45:12', '2009-09-17 22:45:12'),
(46, 'PS_SEARCH_BLACKLIST', '', '2009-09-17 22:45:12', '2009-09-17 22:45:12'),
(47, 'PS_SEARCH_WEIGHT_PNAME', '6', '2009-09-17 22:45:12', '2009-09-17 22:45:12'),
(48, 'PS_SEARCH_WEIGHT_REF', '10', '2009-09-17 22:45:12', '2009-09-17 22:45:12'),
(49, 'PS_SEARCH_WEIGHT_SHORTDESC', '1', '2009-09-17 22:45:12', '2009-09-17 22:45:12'),
(50, 'PS_SEARCH_WEIGHT_DESC', '1', '2009-09-17 22:45:12', '2009-09-17 22:45:12'),
(51, 'PS_SEARCH_WEIGHT_CNAME', '3', '2009-09-17 22:45:12', '2009-09-17 22:45:12'),
(52, 'PS_SEARCH_WEIGHT_MNAME', '3', '2009-09-17 22:45:12', '2009-09-17 22:45:12'),
(53, 'PS_SEARCH_WEIGHT_TAG', '4', '2009-09-17 22:45:12', '2009-09-17 22:45:12'),
(54, 'PS_SEARCH_WEIGHT_ATTRIBUTE', '2', '2009-09-17 22:45:12', '2009-09-17 22:45:12'),
(55, 'PS_SEARCH_WEIGHT_FEATURE', '2', '2009-09-17 22:45:12', '2009-09-17 22:45:12'),
(56, 'PS_SEARCH_AJAX', '1', '2009-09-17 22:45:12', '2009-09-17 22:45:12'),
(57, 'PS_TIMEZONE', '374', '2009-09-17 22:45:12', '2010-12-17 04:02:27'),
(58, 'PS_THEME_V11', '1', '2009-09-17 22:45:12', '2010-12-17 04:02:27'),
(59, 'PS_CARRIER_DEFAULT', '7', '2009-09-17 22:45:12', '2011-10-04 08:51:01'),
(110, 'REFERRAL_DISCOUNT_DESCRIPTION', '', '2009-11-26 17:38:27', '2009-11-26 17:38:27'),
(62, 'PAYPAL_CURRENCY', 'customer', '2009-09-17 22:45:12', '2009-09-17 22:45:12'),
(63, 'BANK_WIRE_CURRENCIES', '2,1', '2009-09-17 22:45:12', '2009-09-17 22:45:12'),
(64, 'CHEQUE_CURRENCIES', '2,1', '2009-09-17 22:45:12', '2009-09-17 22:45:12'),
(65, 'PRODUCTS_VIEWED_NBR', '2', '2009-09-17 22:45:12', '2009-09-17 22:45:12'),
(66, 'BLOCK_CATEG_DHTML', '1', '2009-09-17 22:45:12', '2009-09-17 22:45:12'),
(67, 'BLOCK_CATEG_MAX_DEPTH', '3', '2009-09-17 22:45:12', '2009-09-17 22:45:12'),
(68, 'MANUFACTURER_DISPLAY_FORM', '0', '2009-09-17 22:45:12', '2010-06-10 19:47:42'),
(69, 'MANUFACTURER_DISPLAY_TEXT', '1', '2009-09-17 22:45:12', '2010-06-10 19:47:42'),
(70, 'MANUFACTURER_DISPLAY_TEXT_NB', '5', '2009-09-17 22:45:12', '2010-06-10 19:47:42'),
(71, 'NEW_PRODUCTS_NBR', '6', '2009-09-17 22:45:12', '2010-06-14 17:28:52'),
(72, 'STATSHOME_YEAR_FROM', '2009', '2009-09-17 22:45:12', '2009-09-17 22:45:12'),
(73, 'STATSHOME_MONTH_FROM', '09', '2009-09-17 22:45:12', '2009-09-17 22:45:12'),
(74, 'STATSHOME_DAY_FROM', '17', '2009-09-17 22:45:12', '2009-09-17 22:45:12'),
(75, 'STATSHOME_YEAR_TO', '2009', '2009-09-17 22:45:12', '2009-09-17 22:45:12'),
(76, 'STATSHOME_MONTH_TO', '09', '2009-09-17 22:45:12', '2009-09-17 22:45:12'),
(77, 'STATSHOME_DAY_TO', '17', '2009-09-17 22:45:12', '2009-09-17 22:45:12'),
(78, 'PS_TOKEN_ENABLE', '1', '2009-09-17 22:45:12', '2010-12-17 04:02:27'),
(79, 'PS_STATS_RENDER', 'graphxmlswfcharts', '2009-09-17 22:45:12', '2009-09-17 22:45:12'),
(80, 'PS_STATS_OLD_CONNECT_AUTO_CLEAN', 'never', '2009-09-17 22:45:12', '2009-09-17 22:45:12'),
(81, 'PS_STATS_GRID_RENDER', 'gridextjs', '2009-09-17 22:45:12', '2009-09-17 22:45:12'),
(82, 'BLOCKTAGS_NBR', '20', '2009-09-17 22:45:12', '2010-06-11 10:23:13'),
(83, 'PS_SHOP_NAME', 'Délices des sens', '2009-09-17 22:46:15', '2014-12-09 22:53:03'),
(84, 'PS_SHOP_EMAIL', 'ventes@delices-des-sens.com', '2009-09-17 22:46:15', '2014-12-09 22:53:03'),
(85, 'PS_MAIL_METHOD', '1', '2009-09-17 22:46:15', '2009-09-17 22:46:15'),
(86, 'PS_LOGO', '', '2009-09-17 22:52:21', '2009-09-17 22:59:52'),
(87, 'PS_FAVICON', '', '2009-09-17 22:52:21', '2009-09-17 22:59:52'),
(88, 'PS_BASE_URI', '/', '2009-09-21 03:08:09', '2010-12-17 04:02:27'),
(89, 'PS_MAINTENANCE_IP', '', '2009-09-21 03:08:09', '2010-12-17 04:02:27'),
(90, 'PS_GIFT_WRAPPING_TAX', '0', '2009-09-21 03:08:09', '2010-12-17 04:02:27'),
(91, 'PS_CART_FOLLOWING', '1', '2009-09-21 03:08:09', '2010-12-17 04:02:27'),
(112, 'REFERRAL_DISCOUNT_VALUE', '5', '2009-11-26 17:38:27', '2009-11-26 17:38:27'),
(111, 'REFERRAL_ORDER_QUANTITY', '1', '2009-11-26 17:38:27', '2009-11-26 17:38:27'),
(94, 'PS_SHOP_DETAILS', '', '2009-09-21 03:32:01', '2014-12-09 22:53:03'),
(95, 'PS_SHOP_ADDR1', '22 avenue Mozart', '2009-09-21 03:32:01', '2014-12-09 22:53:03'),
(96, 'PS_SHOP_ADDR2', '', '2009-09-21 03:32:01', '2014-12-09 22:53:03'),
(97, 'PS_SHOP_CODE', '22300', '2009-09-21 03:32:01', '2014-12-09 22:53:03'),
(98, 'PS_SHOP_CITY', 'LANNION', '2009-09-21 03:32:01', '2014-12-09 22:53:03'),
(99, 'PS_SHOP_STATE', '', '2009-09-21 03:32:01', '2014-12-09 22:53:03'),
(100, 'PS_SHOP_COUNTRY', 'France', '2009-09-21 03:32:01', '2014-12-09 22:53:03'),
(101, 'PS_SHOP_PHONE', '', '2009-09-21 03:32:01', '2014-12-09 22:53:03'),
(102, 'PS_SHOP_FAX', '', '2009-09-21 03:32:01', '2014-12-09 22:53:03'),
(103, 'PS_PRICE_DISPLAY', '0', '2009-09-24 22:41:04', '2012-11-09 14:42:45'),
(104, 'PS_DISPLAY_JQZOOM', '0', '2009-09-24 22:41:04', '2012-11-09 14:42:45'),
(105, 'PS_IMAGE_GENERATION_METHOD', '0', '2009-09-24 22:41:04', '2012-11-09 14:42:45'),
(117, 'ATOS_MERCHAND_ID', '052037701100017', '2010-02-25 22:36:03', '2011-07-23 15:59:08'),
(116, 'ATOS_NOMLOGO', 'merchant.gif', '2010-02-25 22:36:03', '2011-07-23 15:59:08'),
(126, 'CHEQUE_NAME', 'Christophe Delesalle', '2010-05-02 15:09:32', '2012-03-28 18:29:04'),
(127, 'CHEQUE_ADDRESS', 'Christophe Delesalle\r\nDélices des sens\r\n6 rue jean savidan\r\n22300 Lannion', '2010-05-02 15:09:32', '2012-03-28 18:29:04'),
(113, 'REFERRAL_DISCOUNT_TYPE', '2', '2009-11-26 17:38:27', '2009-11-26 17:38:27'),
(114, 'REFERRAL_NB_FRIENDS', '5', '2009-11-26 17:38:27', '2009-11-26 17:38:27'),
(118, 'ATOS_BANK', 'citelisprod', '2010-02-25 22:36:03', '2011-07-23 15:59:08'),
(119, 'ATOS_BIN', '/homez.307/delicesdt/www/modules/atos/bin/', '2010-02-25 22:36:03', '2011-07-23 15:59:08'),
(120, 'TM4B_SIM', '1', '2010-03-09 23:52:38', '2010-03-09 23:52:38'),
(121, 'TM4B_ALERT_NO_ACTIVE', '1', '2010-03-09 23:52:38', '2010-03-09 23:52:38'),
(122, 'TM4B_ALERT_UQ_ACTIVE', '1', '2010-03-09 23:52:38', '2010-03-09 23:52:38'),
(123, 'TM4B_DAILY_REPORT_ACTIVE', '0', '2010-03-09 23:52:38', '2010-03-09 23:52:38'),
(124, 'PS_BLOCKLINK_TITLE', '', '2010-03-09 23:54:16', '2010-03-09 23:54:16'),
(125, 'PRODUCT_COMMENTS_MODERATE', '1', '2010-03-09 23:57:16', '2010-03-09 23:57:16'),
(128, 'MA_MERCHANT_ORDER', '1', '2010-05-02 17:09:40', '2010-05-02 17:10:09'),
(129, 'MA_MERCHANT_OOS', '1', '2010-05-02 17:09:40', '2010-05-02 17:10:09'),
(130, 'MA_CUSTOMER_QTY', '0', '2010-05-02 17:09:40', '2010-07-29 11:35:21'),
(131, 'MA_MERCHANT_MAILS', 'ventes@delices-des-sens.com', '2010-05-02 17:09:40', '2010-05-02 17:10:09'),
(132, 'GANALYTICS_ID', 'UA-16362996-1', '2010-05-12 10:31:47', '2010-05-17 16:10:23'),
(133, 'HOME_FEATURED_CAROUSEL_NBR', '10', '2010-06-10 18:49:55', '2010-06-10 18:52:10'),
(140, 'PS_INVENTORY_TITLE', '', '2010-12-10 19:17:38', '2010-12-10 19:17:38'),
(139, 'PS_MASSUPDATE_TITLE', '', '2010-12-10 13:28:58', '2010-12-10 13:28:58'),
(136, 'RSS_FEED_TITLE', 'Flux RSS', '2010-06-11 11:05:26', '2010-06-11 11:30:14'),
(137, 'RSS_FEED_NBR', '5', '2010-06-11 11:05:26', '2010-06-11 11:30:14'),
(138, 'RSS_FEED_URL', 'http://www.delices-des-sens.com/boutique/modules/feeder/rss.php', '2010-06-11 11:25:17', '2010-06-11 11:30:14'),
(141, 'PS_NEWSLETTER_RAND', '6056384641037393248', '2010-12-13 19:40:36', '2010-12-13 19:40:36'),
(142, 'HOME_FEATURED_NBR', '15', '2011-04-19 19:41:25', '2011-04-19 19:58:48'),
(143, 'PAYPAL_BUSINESS', 'christophe.delesalle@wanadoo.fr', '2013-02-08 21:55:23', '2013-02-08 22:15:37'),
(144, 'PAYPAL_SANDBOX', '0', '2013-02-08 21:55:23', '2013-02-08 22:15:37'),
(145, 'PAYPAL_HEADER', 'http://www.delices-des-sens.com/logodds.jpg', '2013-02-08 22:02:59', '2013-02-08 22:15:37');

-- --------------------------------------------------------

--
-- Structure de la table `dds_configuration_lang`
--

CREATE TABLE `dds_configuration_lang` (
  `id_configuration` int(10) UNSIGNED NOT NULL,
  `id_lang` int(10) UNSIGNED NOT NULL,
  `value` text,
  `date_upd` datetime DEFAULT NULL
) ENGINE=MyISAM DEFAULT CHARSET=utf8;

--
-- Déchargement des données de la table `dds_configuration_lang`
--

INSERT INTO `dds_configuration_lang` (`id_configuration`, `id_lang`, `value`, `date_upd`) VALUES
(36, 2, 'FA', '2009-09-17 22:45:12'),
(38, 2, 'LI', '2009-09-17 22:45:12'),
(46, 2, 'le|les|de|et|en|des|les|une', '2009-09-17 22:45:12'),
(110, 2, 'ReferralProgram', '2009-11-26 17:38:29'),
(124, 2, 'Bloc lien', '2010-03-09 23:54:08');

-- --------------------------------------------------------

--
-- Structure de la table `dds_connections`
--

CREATE TABLE `dds_connections` (
  `id_connections` int(10) UNSIGNED NOT NULL,
  `id_guest` int(10) UNSIGNED NOT NULL,
  `id_page` int(10) UNSIGNED NOT NULL,
  `ip_address` varchar(16) DEFAULT NULL,
  `date_add` datetime NOT NULL,
  `http_referer` varchar(255) DEFAULT NULL
) ENGINE=MyISAM DEFAULT CHARSET=utf8;

--
-- Déchargement des données de la table `dds_connections`
--

INSERT INTO `dds_connections` (`id_connections`, `id_guest`, `id_page`, `ip_address`, `date_add`, `http_referer`) VALUES
(1, 1, 33, '1123631310', '2018-07-02 17:42:33', ''),
(2, 2, 31, '1123631246', '2018-07-02 17:42:55', ''),
(3, 3, 9, '1123631310', '2018-07-02 17:43:01', '');

-- --------------------------------------------------------

--
-- Structure de la table `dds_connections_page`
--

CREATE TABLE `dds_connections_page` (
  `id_connections` int(10) UNSIGNED NOT NULL,
  `id_page` int(10) UNSIGNED NOT NULL,
  `time_start` datetime NOT NULL,
  `time_end` datetime DEFAULT NULL
) ENGINE=MyISAM DEFAULT CHARSET=utf8;

--
-- Déchargement des données de la table `dds_connections_page`
--

INSERT INTO `dds_connections_page` (`id_connections`, `id_page`, `time_start`, `time_end`) VALUES
(0, 12, '2018-07-02 17:42:15', NULL),
(1, 33, '2018-07-02 17:42:33', NULL),
(0, 12, '2018-07-02 17:42:37', NULL),
(0, 31, '2018-07-02 17:42:47', NULL),
(2, 31, '2018-07-02 17:42:55', NULL),
(3, 9, '2018-07-02 17:43:01', NULL);

-- --------------------------------------------------------

--
-- Structure de la table `dds_connections_source`
--

CREATE TABLE `dds_connections_source` (
  `id_connections_source` int(10) UNSIGNED NOT NULL,
  `id_connections` int(10) UNSIGNED NOT NULL,
  `http_referer` varchar(255) DEFAULT NULL,
  `request_uri` varchar(255) DEFAULT NULL,
  `keywords` varchar(255) DEFAULT NULL,
  `date_add` datetime NOT NULL
) ENGINE=MyISAM DEFAULT CHARSET=utf8;

-- --------------------------------------------------------

--
-- Structure de la table `dds_contact`
--

CREATE TABLE `dds_contact` (
  `id_contact` int(10) UNSIGNED NOT NULL,
  `email` varchar(128) NOT NULL,
  `position` tinyint(2) UNSIGNED NOT NULL DEFAULT '0'
) ENGINE=MyISAM DEFAULT CHARSET=utf8;

--
-- Déchargement des données de la table `dds_contact`
--

INSERT INTO `dds_contact` (`id_contact`, `email`, `position`) VALUES
(1, 'admin@delices-des-sens.com', 0),
(2, 'service-client@delices-des-sens.com', 0);

-- --------------------------------------------------------

--
-- Structure de la table `dds_contact_lang`
--

CREATE TABLE `dds_contact_lang` (
  `id_contact` int(10) UNSIGNED NOT NULL,
  `id_lang` int(10) UNSIGNED NOT NULL,
  `name` varchar(32) NOT NULL,
  `description` text
) ENGINE=MyISAM DEFAULT CHARSET=utf8;

--
-- Déchargement des données de la table `dds_contact_lang`
--

INSERT INTO `dds_contact_lang` (`id_contact`, `id_lang`, `name`, `description`) VALUES
(1, 2, 'Webmaster', 'Si un problème technique survient sur le site'),
(2, 2, 'Service client', 'Pour toute question ou réclamation sur une commande');

-- --------------------------------------------------------

--
-- Structure de la table `dds_country`
--

CREATE TABLE `dds_country` (
  `id_country` int(10) UNSIGNED NOT NULL,
  `id_zone` int(10) UNSIGNED NOT NULL,
  `iso_code` varchar(3) NOT NULL,
  `active` tinyint(1) UNSIGNED NOT NULL DEFAULT '0',
  `contains_states` tinyint(1) NOT NULL DEFAULT '0'
) ENGINE=MyISAM DEFAULT CHARSET=utf8;

--
-- Déchargement des données de la table `dds_country`
--

INSERT INTO `dds_country` (`id_country`, `id_zone`, `iso_code`, `active`, `contains_states`) VALUES
(1, 1, 'DE', 0, 0),
(2, 1, 'AT', 0, 0),
(3, 6, 'BE', 1, 0),
(4, 2, 'CA', 0, 0),
(5, 3, 'CN', 0, 0),
(6, 1, 'ES', 0, 0),
(7, 1, 'FI', 0, 0),
(8, 1, 'FR', 1, 0),
(9, 1, 'GR', 0, 0),
(10, 1, 'IT', 0, 0),
(11, 3, 'JP', 0, 0),
(12, 1, 'LU', 0, 0),
(13, 1, 'NL', 0, 0),
(14, 1, 'PL', 0, 0),
(15, 1, 'PT', 0, 0),
(16, 1, 'CZ', 0, 0),
(17, 1, 'GB', 0, 0),
(18, 1, 'SE', 0, 0),
(19, 1, 'CH', 0, 0),
(20, 1, 'DK', 0, 0),
(21, 2, 'US', 0, 1),
(22, 3, 'HK', 0, 0),
(23, 1, 'NO', 0, 0),
(24, 5, 'AU', 0, 0),
(25, 3, 'SG', 0, 0),
(26, 1, 'IE', 0, 0),
(27, 5, 'NZ', 0, 0),
(28, 3, 'KR', 0, 0),
(29, 3, 'IL', 0, 0),
(30, 4, 'ZA', 0, 0),
(31, 4, 'NG', 0, 0),
(32, 4, 'CI', 0, 0),
(33, 4, 'TG', 0, 0),
(34, 2, 'BO', 0, 0),
(35, 4, 'MU', 0, 0),
(143, 1, 'HU', 1, 0),
(36, 1, 'RO', 0, 0),
(37, 1, 'SK', 0, 0),
(38, 4, 'DZ', 0, 0),
(39, 2, 'AS', 0, 0),
(40, 1, 'AD', 0, 0),
(41, 4, 'AO', 0, 0),
(42, 2, 'AI', 0, 0),
(43, 2, 'AG', 0, 0),
(44, 2, 'AR', 0, 0),
(45, 3, 'AM', 0, 0),
(46, 2, 'AW', 0, 0),
(47, 3, 'AZ', 0, 0),
(48, 2, 'BS', 0, 0),
(49, 3, 'BH', 0, 0),
(50, 3, 'BD', 0, 0),
(51, 2, 'BB', 1, 0),
(52, 1, 'BY', 1, 0),
(53, 2, 'BZ', 1, 0),
(54, 4, 'BJ', 1, 0),
(55, 2, 'BM', 1, 0),
(56, 3, 'BT', 1, 0),
(57, 4, 'BW', 1, 0),
(58, 2, 'BR', 1, 0),
(59, 3, 'BN', 1, 0),
(60, 4, 'BF', 1, 0),
(61, 3, 'MM', 1, 0),
(62, 4, 'BI', 1, 0),
(63, 3, 'KH', 1, 0),
(64, 4, 'CM', 1, 0),
(65, 4, 'CV', 1, 0),
(66, 4, 'CF', 1, 0),
(67, 4, 'TD', 1, 0),
(68, 2, 'CL', 1, 0),
(69, 2, 'CO', 1, 0),
(70, 4, 'KM', 1, 0),
(71, 4, 'CD', 1, 0),
(72, 4, 'CG', 1, 0),
(73, 2, 'CR', 1, 0),
(74, 1, 'HR', 1, 0),
(75, 2, 'CU', 1, 0),
(76, 1, 'CY', 1, 0),
(77, 4, 'DJ', 1, 0),
(78, 2, 'DM', 1, 0),
(79, 2, 'DO', 1, 0),
(80, 3, 'TL', 1, 0),
(81, 2, 'EC', 1, 0),
(82, 4, 'EG', 1, 0),
(83, 2, 'SV', 1, 0),
(84, 4, 'GQ', 1, 0),
(85, 4, 'ER', 1, 0),
(86, 1, 'EE', 1, 0),
(87, 4, 'ET', 1, 0),
(88, 2, 'FK', 1, 0),
(89, 1, 'FO', 1, 0),
(90, 5, 'FJ', 1, 0),
(91, 4, 'GA', 1, 0),
(92, 4, 'GM', 1, 0),
(93, 3, 'GE', 1, 0),
(94, 4, 'GH', 1, 0),
(95, 2, 'GD', 1, 0),
(96, 1, 'GL', 1, 0),
(97, 1, 'GI', 1, 0),
(98, 2, 'GP', 1, 0),
(99, 2, 'GU', 1, 0),
(100, 2, 'GT', 1, 0),
(101, 1, 'GG', 1, 0),
(102, 4, 'GN', 1, 0),
(103, 4, 'GW', 1, 0),
(104, 2, 'GY', 1, 0),
(105, 2, 'HT', 1, 0),
(106, 5, 'HM', 1, 0),
(107, 1, 'VA', 1, 0),
(108, 2, 'HN', 1, 0),
(109, 1, 'IS', 1, 0),
(110, 3, 'IN', 1, 0),
(111, 3, 'ID', 1, 0),
(112, 3, 'IR', 1, 0),
(113, 3, 'IQ', 1, 0),
(114, 1, 'IM', 1, 0),
(115, 2, 'JM', 1, 0),
(116, 1, 'JE', 1, 0),
(117, 3, 'JO', 1, 0),
(118, 3, 'KZ', 1, 0),
(119, 4, 'KE', 1, 0),
(120, 1, 'KI', 1, 0),
(121, 3, 'KP', 1, 0),
(122, 3, 'KW', 1, 0),
(123, 3, 'KG', 1, 0),
(124, 3, 'LA', 1, 0),
(125, 1, 'LV', 1, 0),
(126, 3, 'LB', 1, 0),
(127, 4, 'LS', 1, 0),
(128, 4, 'LR', 1, 0),
(129, 4, 'LY', 1, 0),
(130, 1, 'LI', 1, 0),
(131, 1, 'LT', 1, 0),
(132, 3, 'MO', 1, 0),
(133, 1, 'MK', 1, 0),
(134, 4, 'MG', 1, 0),
(135, 4, 'MW', 1, 0),
(136, 3, 'MY', 1, 0),
(137, 3, 'MV', 1, 0),
(138, 4, 'ML', 1, 0),
(139, 1, 'MT', 1, 0),
(140, 5, 'MH', 1, 0),
(141, 2, 'MQ', 1, 0),
(142, 4, 'MR', 1, 0),
(144, 4, 'YT', 1, 0),
(145, 2, 'MX', 1, 0),
(146, 5, 'FM', 1, 0),
(147, 1, 'MD', 1, 0),
(148, 1, 'MC', 1, 0),
(149, 3, 'MN', 1, 0),
(150, 1, 'ME', 1, 0),
(151, 2, 'MS', 1, 0),
(152, 4, 'MA', 1, 0),
(153, 4, 'MZ', 1, 0),
(154, 4, 'NA', 1, 0),
(155, 5, 'NR', 1, 0),
(156, 3, 'NP', 1, 0),
(157, 2, 'AN', 1, 0),
(158, 5, 'NC', 1, 0),
(159, 2, 'NI', 1, 0),
(160, 4, 'NE', 1, 0),
(161, 5, 'NU', 1, 0),
(162, 5, 'NF', 1, 0),
(163, 5, 'MP', 1, 0),
(164, 3, 'OM', 1, 0),
(165, 3, 'PK', 1, 0),
(166, 5, 'PW', 1, 0),
(167, 3, 'PS', 1, 0),
(168, 2, 'PA', 1, 0),
(169, 5, 'PG', 1, 0),
(170, 2, 'PY', 1, 0),
(171, 2, 'PE', 1, 0),
(172, 3, 'PH', 1, 0),
(173, 5, 'PN', 1, 0),
(174, 2, 'PR', 1, 0),
(175, 3, 'QA', 1, 0),
(176, 4, 'RE', 1, 0),
(177, 1, 'RU', 1, 0),
(178, 4, 'RW', 1, 0),
(179, 2, 'BL', 1, 0),
(180, 2, 'KN', 1, 0),
(181, 2, 'LC', 1, 0),
(182, 2, 'MF', 1, 0),
(183, 2, 'PM', 1, 0),
(184, 2, 'VC', 1, 0),
(185, 5, 'WS', 1, 0),
(186, 1, 'SM', 1, 0),
(187, 4, 'ST', 1, 0),
(188, 3, 'SA', 1, 0),
(189, 4, 'SN', 1, 0),
(190, 1, 'RS', 1, 0),
(191, 4, 'SC', 1, 0),
(192, 4, 'SL', 1, 0),
(193, 1, 'SI', 1, 0),
(194, 5, 'SB', 1, 0),
(195, 4, 'SO', 1, 0),
(196, 2, 'GS', 1, 0),
(197, 3, 'LK', 1, 0),
(198, 4, 'SD', 1, 0),
(199, 2, 'SR', 1, 0),
(200, 1, 'SJ', 1, 0),
(201, 4, 'SZ', 1, 0),
(202, 3, 'SY', 1, 0),
(203, 3, 'TW', 1, 0),
(204, 3, 'TJ', 1, 0),
(205, 4, 'TZ', 1, 0),
(206, 3, 'TH', 1, 0),
(207, 5, 'TK', 1, 0),
(208, 5, 'TO', 1, 0),
(209, 2, 'TT', 1, 0),
(210, 4, 'TN', 1, 0),
(211, 1, 'TR', 1, 0),
(212, 3, 'TM', 1, 0),
(213, 2, 'TC', 1, 0),
(214, 5, 'TV', 1, 0),
(215, 4, 'UG', 1, 0),
(216, 1, 'UA', 1, 0),
(217, 3, 'AE', 1, 0),
(218, 2, 'UY', 1, 0),
(219, 3, 'UZ', 1, 0),
(220, 5, 'VU', 1, 0),
(221, 2, 'VE', 1, 0),
(222, 3, 'VN', 1, 0),
(223, 2, 'VG', 1, 0),
(224, 2, 'VI', 1, 0),
(225, 5, 'WF', 1, 0),
(226, 4, 'EH', 1, 0),
(227, 3, 'YE', 1, 0),
(228, 4, 'ZM', 1, 0),
(229, 4, 'ZW', 1, 0),
(230, 1, 'AL', 1, 0),
(231, 3, 'AF', 1, 0),
(232, 5, 'AQ', 1, 0),
(233, 1, 'BA', 1, 0),
(234, 5, 'BV', 1, 0),
(235, 5, 'IO', 1, 0),
(236, 1, 'BG', 1, 0),
(237, 2, 'KY', 1, 0),
(238, 3, 'CX', 1, 0),
(239, 3, 'CC', 1, 0),
(240, 5, 'CK', 1, 0),
(241, 2, 'GF', 1, 0),
(242, 5, 'PF', 1, 0),
(243, 5, 'TF', 1, 0),
(244, 1, 'AX', 1, 0);

-- --------------------------------------------------------

--
-- Structure de la table `dds_country_lang`
--

CREATE TABLE `dds_country_lang` (
  `id_country` int(10) UNSIGNED NOT NULL,
  `id_lang` int(10) UNSIGNED NOT NULL,
  `name` varchar(64) NOT NULL
) ENGINE=MyISAM DEFAULT CHARSET=utf8;

--
-- Déchargement des données de la table `dds_country_lang`
--

INSERT INTO `dds_country_lang` (`id_country`, `id_lang`, `name`) VALUES
(1, 2, 'Allemagne'),
(2, 2, 'Autriche'),
(3, 2, 'Belgique'),
(4, 2, 'Canada'),
(5, 2, 'Chine'),
(6, 2, 'Espagne'),
(7, 2, 'Finlande'),
(8, 2, 'France'),
(9, 2, 'Grèce'),
(10, 2, 'Italie'),
(11, 2, 'Japon'),
(12, 2, 'Luxembourg'),
(13, 2, 'Pays-bas'),
(14, 2, 'Pologne'),
(15, 2, 'Portugal'),
(16, 2, 'République Tchèque'),
(17, 2, 'Royaume-Uni'),
(18, 2, 'Suède'),
(19, 2, 'Suisse'),
(20, 2, 'Danemark'),
(21, 2, 'USA'),
(22, 2, 'Hong-Kong'),
(23, 2, 'Norvège'),
(24, 2, 'Australie'),
(25, 2, 'Singapour'),
(26, 2, 'Eire'),
(27, 2, 'Nouvelle-Zélande'),
(28, 2, 'Corée du Sud'),
(29, 2, 'Israël'),
(30, 2, 'Afrique du Sud'),
(31, 2, 'Nigeria'),
(32, 2, 'Côte d\'Ivoire'),
(33, 2, 'Togo'),
(34, 2, 'Bolivie'),
(35, 2, 'Ile Maurice'),
(143, 2, 'Hongrie'),
(36, 2, 'Roumanie'),
(37, 2, 'Slovaquie'),
(38, 2, 'Algérie'),
(39, 2, 'Samoa Américaines'),
(40, 2, 'Andorre'),
(41, 2, 'Angola'),
(42, 2, 'Anguilla'),
(43, 2, 'Antigua et Barbuda'),
(44, 2, 'Argentine'),
(45, 2, 'Arménie'),
(46, 2, 'Aruba'),
(47, 2, 'Azerbaïdjan'),
(48, 2, 'Bahamas'),
(49, 2, 'Bahreïn'),
(50, 2, 'Bangladesh'),
(51, 2, 'Barbade'),
(52, 2, 'Bélarus'),
(53, 2, 'Belize'),
(54, 2, 'Bénin'),
(55, 2, 'Bermudes'),
(56, 2, 'Bhoutan'),
(57, 2, 'Botswana'),
(58, 2, 'Brésil'),
(59, 2, 'Brunéi Darussalam'),
(60, 2, 'Burkina Faso'),
(61, 2, 'Burma (Myanmar)'),
(62, 2, 'Burundi'),
(63, 2, 'Cambodge'),
(64, 2, 'Cameroun'),
(65, 2, 'Cap-Vert'),
(66, 2, 'Centrafricaine, République'),
(67, 2, 'Tchad'),
(68, 2, 'Chili'),
(69, 2, 'Colombie'),
(70, 2, 'Comores'),
(71, 2, 'Congo, Rép. Dém.'),
(72, 2, 'Congo, Rép.'),
(73, 2, 'Costa Rica'),
(74, 2, 'Croatie'),
(75, 2, 'Cuba'),
(76, 2, 'Chypre'),
(77, 2, 'Djibouti'),
(78, 2, 'Dominica'),
(79, 2, 'République Dominicaine'),
(80, 2, 'Timor oriental'),
(81, 2, 'Équateur'),
(82, 2, 'Égypte'),
(83, 2, 'El Salvador'),
(84, 2, 'Guinée Équatoriale'),
(85, 2, 'Érythrée'),
(86, 2, 'Estonie'),
(87, 2, 'Éthiopie'),
(88, 2, 'Falkland, Îles'),
(89, 2, 'Féroé, Îles'),
(90, 2, 'Fidji'),
(91, 2, 'Gabon'),
(92, 2, 'Gambie'),
(93, 2, 'Géorgie'),
(94, 2, 'Ghana'),
(95, 2, 'Grenade'),
(96, 2, 'Groenland'),
(97, 2, 'Gibraltar'),
(98, 2, 'Guadeloupe'),
(99, 2, 'Guam'),
(100, 2, 'Guatemala'),
(101, 2, 'Guernesey'),
(102, 2, 'Guinée'),
(103, 2, 'Guinée-Bissau'),
(104, 2, 'Guyana'),
(105, 2, 'Haîti'),
(106, 2, 'Heard, Île et Mcdonald, Îles'),
(107, 2, 'Saint-Siege (État de la Cité du Vatican)'),
(108, 2, 'Honduras'),
(109, 2, 'Islande'),
(110, 2, 'Indie'),
(111, 2, 'Indonésie'),
(112, 2, 'Iran'),
(113, 2, 'Iraq'),
(114, 2, 'Île de Man'),
(115, 2, 'Jamaique'),
(116, 2, 'Jersey'),
(117, 2, 'Jordanie'),
(118, 2, 'Kazakhstan'),
(119, 2, 'Kenya'),
(120, 2, 'Kiribati'),
(121, 2, 'Corée, Rép. Populaire Dém. de'),
(122, 2, 'Koweït'),
(123, 2, 'Kirghizistan'),
(124, 2, 'Laos'),
(125, 2, 'Lettonie'),
(126, 2, 'Liban'),
(127, 2, 'Lesotho'),
(128, 2, 'Libéria'),
(129, 2, 'Libyenne, Jamahiriya Arabe'),
(130, 2, 'Liechtenstein'),
(131, 2, 'Lituanie'),
(132, 2, 'Macao'),
(133, 2, 'Macédoine'),
(134, 2, 'Madagascar'),
(135, 2, 'Malawi'),
(136, 2, 'Malaisie'),
(137, 2, 'Maldives'),
(138, 2, 'Mali'),
(139, 2, 'Malte'),
(140, 2, 'Marshall, Îles'),
(141, 2, 'Martinique'),
(142, 2, 'Mauritanie'),
(144, 2, 'Mayotte'),
(145, 2, 'Mexique'),
(146, 2, 'Micronésie'),
(147, 2, 'Moldova'),
(148, 2, 'Monaco'),
(149, 2, 'Mongolie'),
(150, 2, 'Monténégro'),
(151, 2, 'Montserrat'),
(152, 2, 'Maroc'),
(153, 2, 'Mozambique'),
(154, 2, 'Namibie'),
(155, 2, 'Nauru'),
(156, 2, 'Népal'),
(157, 2, 'Antilles Néerlandaises'),
(158, 2, 'Nouvelle-Calédonie'),
(159, 2, 'Nicaragua'),
(160, 2, 'Niger'),
(161, 2, 'Niué'),
(162, 2, 'Norfolk, Île'),
(163, 2, 'Mariannes du Nord, Îles'),
(164, 2, 'Oman'),
(165, 2, 'Pakistan'),
(166, 2, 'Palaos'),
(167, 2, 'Palestinien Occupé, Territoire'),
(168, 2, 'Panama'),
(169, 2, 'Papouasie-Nouvelle-Guinée'),
(170, 2, 'Paraguay'),
(171, 2, 'Pérou'),
(172, 2, 'Philippines'),
(173, 2, 'Pitcairn'),
(174, 2, 'Porto Rico'),
(175, 2, 'Qatar'),
(176, 2, 'Réunion'),
(177, 2, 'Russie, Fédération de'),
(178, 2, 'Rwanda'),
(179, 2, 'Saint-Barthélemy'),
(180, 2, 'Saint-Kitts-et-Nevis'),
(181, 2, 'Sainte-Lucie'),
(182, 2, 'Saint-Martin'),
(183, 2, 'Saint-Pierre-et-Miquelon'),
(184, 2, 'Saint-Vincent-et-Les Grenadines'),
(185, 2, 'Samoa'),
(186, 2, 'Saint-Marin'),
(187, 2, 'Sao Tomé-et-Principe'),
(188, 2, 'Arabie Saoudite'),
(189, 2, 'Sénégal'),
(190, 2, 'Serbie'),
(191, 2, 'Seychelles'),
(192, 2, 'Sierra Leone'),
(193, 2, 'Slovénie'),
(194, 2, 'Salomon, Îles'),
(195, 2, 'Somalie'),
(196, 2, 'Géorgie du Sud et les Îles Sandwich du Sud'),
(197, 2, 'Sri Lanka'),
(198, 2, 'Soudan'),
(199, 2, 'Suriname'),
(200, 2, 'Svalbard et Île Jan Mayen'),
(201, 2, 'Swaziland'),
(202, 2, 'Syrienne'),
(203, 2, 'Taïwan'),
(204, 2, 'Tadjikistan'),
(205, 2, 'Tanzanie'),
(206, 2, 'Thaïlande'),
(207, 2, 'Tokelau'),
(208, 2, 'Tonga'),
(209, 2, 'Trinité-et-Tobago'),
(210, 2, 'Tunisie'),
(211, 2, 'Turquie'),
(212, 2, 'Turkménistan'),
(213, 2, 'Turks et Caiques, Îles'),
(214, 2, 'Tuvalu'),
(215, 2, 'Ouganda'),
(216, 2, 'Ukraine'),
(217, 2, 'Émirats Arabes Unis'),
(218, 2, 'Uruguay'),
(219, 2, 'Ouzbékistan'),
(220, 2, 'Vanuatu'),
(221, 2, 'Venezuela'),
(222, 2, 'Vietnam'),
(223, 2, 'Îles Vierges Britanniques'),
(224, 2, 'Îles Vierges des États-Unis'),
(225, 2, 'Wallis et Futuna'),
(226, 2, 'Sahara Occidental'),
(227, 2, 'Yémen'),
(228, 2, 'Zambie'),
(229, 2, 'Zimbabwe'),
(230, 2, 'Albanie'),
(231, 2, 'Afghanistan'),
(232, 2, 'Antarctique'),
(233, 2, 'Bosnie-Herzégovine'),
(234, 2, 'Bouvet, Île'),
(235, 2, 'Océan Indien, Territoire Britannique de L\''),
(236, 2, 'Bulgarie'),
(237, 2, 'Caïmans, Îles'),
(238, 2, 'Christmas, Île'),
(239, 2, 'Cocos (Keeling), Îles'),
(240, 2, 'Cook, Îles'),
(241, 2, 'Guyane Française'),
(242, 2, 'Polynésie Française'),
(243, 2, 'Terres Australes Françaises'),
(244, 2, 'Åland, Îles');

-- --------------------------------------------------------

--
-- Structure de la table `dds_currency`
--

CREATE TABLE `dds_currency` (
  `id_currency` int(10) UNSIGNED NOT NULL,
  `name` varchar(32) NOT NULL,
  `iso_code` varchar(3) NOT NULL DEFAULT '0',
  `sign` varchar(8) NOT NULL,
  `blank` tinyint(1) UNSIGNED NOT NULL DEFAULT '0',
  `format` tinyint(1) UNSIGNED NOT NULL DEFAULT '0',
  `decimals` tinyint(1) UNSIGNED NOT NULL DEFAULT '1',
  `conversion_rate` decimal(13,6) NOT NULL,
  `deleted` tinyint(1) UNSIGNED NOT NULL DEFAULT '0'
) ENGINE=MyISAM DEFAULT CHARSET=utf8;

--
-- Déchargement des données de la table `dds_currency`
--

INSERT INTO `dds_currency` (`id_currency`, `name`, `iso_code`, `sign`, `blank`, `format`, `decimals`, `conversion_rate`, `deleted`) VALUES
(1, 'Euro', 'EUR', '€', 1, 2, 1, 1.000000, 0),
(2, 'Dollar', 'USD', '$', 0, 1, 1, 1.470000, 1),
(3, 'Pound', 'GBP', '£', 0, 1, 1, 0.800000, 1);

-- --------------------------------------------------------

--
-- Structure de la table `dds_customer`
--

CREATE TABLE `dds_customer` (
  `id_customer` int(10) UNSIGNED NOT NULL,
  `id_gender` int(10) UNSIGNED NOT NULL,
  `secure_key` varchar(32) NOT NULL DEFAULT '-1',
  `email` varchar(128) NOT NULL,
  `passwd` varchar(32) NOT NULL,
  `last_passwd_gen` timestamp NOT NULL DEFAULT CURRENT_TIMESTAMP,
  `birthday` date DEFAULT NULL,
  `lastname` varchar(32) NOT NULL,
  `newsletter` tinyint(1) UNSIGNED NOT NULL DEFAULT '0',
  `ip_registration_newsletter` varchar(15) DEFAULT NULL,
  `newsletter_date_add` datetime DEFAULT NULL,
  `optin` tinyint(1) UNSIGNED NOT NULL DEFAULT '0',
  `firstname` varchar(32) NOT NULL,
  `active` tinyint(1) UNSIGNED NOT NULL DEFAULT '0',
  `deleted` tinyint(1) NOT NULL DEFAULT '0',
  `date_add` datetime NOT NULL,
  `date_upd` datetime NOT NULL
) ENGINE=MyISAM DEFAULT CHARSET=utf8;

--
-- Déchargement des données de la table `dds_customer`
--

INSERT INTO `dds_customer` (`id_customer`, `id_gender`, `secure_key`, `email`, `passwd`, `last_passwd_gen`, `birthday`, `lastname`, `newsletter`, `ip_registration_newsletter`, `newsletter_date_add`, `optin`, `firstname`, `active`, `deleted`, `date_add`, `date_upd`) VALUES
(1, 2, '47ce86627c1f3c792a80773c5d2deaf8', 'pub@prestashop.com', 'ad807bdf0426766c05c64041124d30ce', '2009-09-17 20:45:13', '1970-01-15', 'DOE', 1, NULL, '2009-09-24 14:53:11', 1, 'Johna', 1, 1, '2009-09-17 22:45:13', '2009-10-09 11:03:35'),
(2, 2, '7a46720410609cc3a09fe04a13c4d1f1', 'sig-kat@orange.fr', '2d7a9a2aa409d02839d70eab0e33ccdd', '0000-00-00 00:00:00', '1977-11-09', 'SIGWART', 1, '0', '2009-10-14 00:27:13', 1, 'Katy', 1, 1, '2009-10-14 00:25:55', '2010-12-16 17:42:09'),
(3, 1, '49ab41743dac046246046d19608a6167', 'christophe.delesalle@wanadoo.fr', '872c5fe5981f9dbaa3c6c23c68b671bf', '0000-00-00 00:00:00', '1970-03-20', 'DELESALLE', 1, '0', '2011-07-27 08:24:20', 1, 'Christophe', 1, 0, '2009-11-15 22:34:12', '2011-10-04 09:01:07'),
(4, 2, '975a14bc6d7d48846cc926df587acd2c', 'papillonsdenuits22@hotmail.fr', 'a37d24754e0e3901373b3e2944370de8', '2010-05-10 03:28:25', '1977-10-07', 'AGEN', 1, '92.158.118.2', '2010-05-10 11:28:25', 0, 'Aline', 1, 0, '2010-05-10 11:28:25', '2010-05-10 11:28:25'),
(5, 1, '023534048432023817b2ec459c16f48b', 'cherynoon@yahoo.fr', '14f868fa9cfd27d6652655595d92e4aa', '2010-05-10 03:30:13', '1959-08-30', 'YONCOURT', 1, '93.29.60.95', '2010-05-10 11:30:13', 1, 'Philippe', 1, 0, '2010-05-10 11:30:13', '2010-05-10 11:30:13'),
(6, 1, '77298686371bdc7bd2aad187768bd306', 'chasseuiljacques@orange.fr', '9b8734a6c9926794813950cbe3127e46', '0000-00-00 00:00:00', '1950-02-08', 'CHASSEUIL', 1, '0', '2010-05-10 17:42:41', 1, 'Jacques', 1, 0, '2010-05-10 17:31:49', '2010-06-01 21:08:47'),
(7, 2, '4dc7d61b1104fd4c12dee5fc241fbe43', 'meuric_nath@hotmail.com', '9e5d222c4ea40e97ca386cd4a47638aa', '2010-05-14 02:29:28', '1970-01-01', 'TATA', 0, NULL, NULL, 0, 'tata', 1, 0, '2010-05-14 10:29:28', '2010-05-14 10:29:28'),
(8, 1, '20fc4dbba2e2ee040f3d3d004d302661', 'myster22300@hotmail.fr', '99e231606aa847fe9814343b5e0cd7e0', '2010-05-18 15:02:01', '1971-04-05', 'MAJERE', 1, '90.31.187.62', '2010-05-18 23:02:01', 0, 'Loic', 1, 0, '2010-05-18 23:02:01', '2010-07-29 22:08:33'),
(9, 1, '3f44e555cd1f066c5ce686f5a7046add', 'eric.sigwart@laposte.net', '090848226d12f638cf9ab20d34467f1c', '2010-05-24 09:03:49', '1981-05-13', 'SIGWART', 0, NULL, NULL, 0, 'Eric', 1, 0, '2010-05-24 17:03:49', '2010-07-29 22:07:31'),
(10, 2, '2840d44a665397707c4f719e72dec5d6', 'lisapepperuk@hotmail.com', 'b703337459f5ded8a24ee048c38a1520', '2010-05-31 13:22:14', '1985-04-28', 'STATIOTIS', 0, NULL, NULL, 0, 'Lisa', 1, 0, '2010-05-31 21:22:14', '2010-07-29 22:07:57'),
(11, 2, 'd8dd9c4d2c63e220aac86c1ea46912e3', 'timad_7@hotmail.fr', '303f25a244887e083405330bf73f79d9', '2010-07-02 14:14:16', '1982-01-22', 'SOUIDI', 1, '80.125.175.213', '2010-07-02 22:14:16', 0, 'Steph', 1, 0, '2010-07-02 22:14:16', '2010-07-29 22:08:17'),
(12, 1, 'e88d8ffcb75e18498abebaa6a4129df6', 'desmet.mickael@voila.fr', '8f8800365f52cb36ec42d1c8988a3757', '2010-07-05 06:38:59', '1980-07-22', 'DESMET', 1, '88.164.62.102', '2010-07-05 14:38:59', 1, 'mickael', 1, 0, '2010-07-05 14:38:59', '2010-07-05 14:38:59'),
(13, 2, '9f087bf720d9000d820ecdc4ba835e82', 'david.capron@sfr.fr', '1ece1d1ecac8e0b43f8778280b581db6', '2010-07-29 14:41:38', '1977-05-21', 'CAPRON', 1, '93.11.244.120', '2010-07-29 22:41:38', 0, 'Michelle', 1, 0, '2010-07-29 22:41:38', '2010-07-29 22:41:38'),
(14, 2, 'a79c277230503e1a3a4cf808fd4f13f5', 'thierry.le-coat@orange.fr', '3af944f8f87d5d7aa91e19450bc6518e', '2010-07-29 14:55:53', '1972-02-05', 'BARDE', 1, '93.11.244.120', '2010-07-29 22:55:53', 0, 'Danielle', 1, 0, '2010-07-29 22:55:53', '2010-07-29 22:55:53'),
(15, 2, 'ac40383c58ab94a134b392a7dd72371e', 'catherine.daniel9@orange.fr', 'cecea77735d0a3f0de0518f87e874e9d', '2010-07-29 15:02:24', '1966-06-24', 'DANIEL', 0, NULL, NULL, 0, 'Catherine', 1, 0, '2010-07-29 23:02:24', '2010-07-29 23:02:24'),
(16, 2, '0ec6173a10c6d885364989030038b262', 'virginie_bellamy@yahoo.fr', '5115c1193d0539ba9e091129f06a1d33', '2010-07-29 15:07:44', '1983-08-14', 'PAUL', 1, '93.11.244.120', '2010-07-29 23:07:44', 0, 'Virginie', 1, 0, '2010-07-29 23:07:44', '2010-07-29 23:07:44'),
(17, 2, '1130145be7bb5bdc41df8feb28b55ae3', 'sylvie.ponthieux0541@orange.fr', 'de49e2e8cf00594e2a207fc1e5ecc642', '2011-04-02 12:45:43', '1964-01-29', 'PONTHIEUX', 1, '93.11.244.120', '2010-07-29 23:17:26', 0, 'Sylvie', 1, 0, '2010-07-29 23:17:26', '2011-04-05 20:50:58'),
(18, 1, 'be035745ef993e894a00cf1a5b78defb', 'seb.gakilon@hotmail.fr', 'c3eb78821365abf8e96e7843b551610e', '2010-09-03 09:35:45', '1975-01-20', 'GAKILON', 0, NULL, NULL, 0, 'seb', 1, 0, '2010-09-03 17:35:45', '2010-09-03 17:35:45'),
(19, 2, '47d18c03872d43ab992d43eb96507451', 'lelayhenriette@yahoo.fr', '2e92d184e48ec4791954e5187c8c78b0', '2010-12-11 11:06:37', '1963-04-03', 'LE GOUELLEC', 0, NULL, NULL, 0, 'marie-pierre', 1, 0, '2010-12-11 18:06:37', '2010-12-11 18:06:37'),
(20, 2, 'a29ae6e98379f6a2468992c59d06ab57', 'annielemoulec@orange.fr', 'e19e044e130e8f3dd8697b70bcc19b5f', '2010-12-11 11:14:43', '1949-08-13', 'LEMOULEC', 0, NULL, NULL, 0, 'annie', 1, 0, '2010-12-11 18:14:43', '2010-12-11 18:14:43'),
(21, 2, 'b2cca48895a105f3f4053af51241d1c8', 'laurencedufraux@orange.fr', 'f2bbaf0b0e7a63394f6a04e2b5bd7316', '0000-00-00 00:00:00', '1962-10-20', 'DUFRAUX', 1, '0', '2010-12-11 19:34:05', 0, 'Laurence', 1, 0, '2010-12-11 18:20:04', '2010-12-11 19:34:05'),
(22, 2, '3a7f55cd340e0c9298f63a73c635fbbd', 'ccrystal13@orange.fr', 'de361f86f3e7ac6bcc320dd153dec278', '0000-00-00 00:00:00', '1968-03-16', 'RENOUARD', 0, '0', '0000-00-00 00:00:00', 0, 'Karine', 1, 0, '2010-12-11 18:48:31', '2011-01-04 22:08:13'),
(23, 2, '2d249b748cbf753a197daab1ee10bee0', 'isabelle.pageau@neuf.fr', 'fc3b797cbec37208a80a7c9f874fec41', '2010-12-15 12:33:17', NULL, 'PAGEAU', 1, '78.123.100.196', '2010-12-15 19:33:17', 0, 'isabelle', 1, 0, '2010-12-15 19:33:17', '2010-12-15 19:33:17'),
(24, 2, 'a2936e13470cc3b430e8642067329eaa', 'bobin.rozenn@aliceadsl.fr', 'bd80734a4e6de43ed42082a50dd95520', '2011-03-23 08:54:15', '1957-05-07', 'BOBIN', 1, '78.242.40.167', '2011-03-23 15:54:15', 0, 'Rozenn', 1, 0, '2011-03-23 15:54:15', '2011-03-23 15:54:15'),
(25, 1, '476faeb3105f9757f134f8b3a5fe042c', 'franketlatifa@msn.com', '4bbf0a3c89afb0e9c5f1b0ebb2ead34e', '2011-05-06 06:33:31', '1977-01-01', 'SIRACUSA', 0, NULL, NULL, 0, 'frank', 1, 0, '2011-04-19 18:30:45', '2011-05-06 08:33:31'),
(26, 2, 'df7f170c8a5e3392b65061e4da4cc026', 'diablesse.poisson@yahoo.fr', '1a1e61794101789bc823fa9a500b7d0e', '2011-05-01 15:16:16', '1978-03-14', 'LE QUERRIOU', 0, NULL, NULL, 0, 'stéphanie', 1, 0, '2011-05-01 23:16:16', '2011-05-01 23:16:16'),
(27, 2, '09f79132bbed927656826e1526c9f58e', 'sandra967@hotmail.fr', '98656f34603f56016b3a104a8c6b0e2d', '2011-05-14 17:35:37', '1967-02-28', 'PHILIPPE', 1, '92.90.21.8', '2011-05-15 01:35:37', 0, 'sandra', 1, 0, '2011-05-15 01:35:37', '2011-05-15 01:35:37'),
(28, 9, 'e1950c3ef9e9f3c61dace5b6358ad53a', 'sarlafr@aol.com', '092cca7e17fe706d84bd7dbb53695a6c', '2011-05-31 19:36:01', '1977-06-04', 'VIALAR', 0, NULL, NULL, 0, 'YOANN', 1, 0, '2011-06-01 03:36:01', '2011-06-01 03:36:01'),
(29, 1, '1f9c22356387cbde66c5b7c26bc08f46', 'sphmars@gmail.com', '3d2cb5705fdfc2e6f157428da6211ddc', '2011-06-08 12:57:50', '1980-10-01', 'WIRTZ', 0, NULL, NULL, 0, 'michael', 1, 0, '2011-06-08 20:57:50', '2011-06-08 20:57:50'),
(30, 1, '494fe71d04467e581b3ea35822f0186e', 'jean-rene.guegan@orange.fr', '3ce2f8a7e88d01b8743cf49b8adffa9b', '2011-06-09 15:03:14', '1951-09-20', 'GUEGAN', 0, NULL, NULL, 0, 'jean rene', 1, 0, '2011-06-09 23:03:14', '2011-06-09 23:03:14'),
(31, 2, '8195e4f6f21d725f56f12388d4c30891', 'jynnie@aliceadsl.fr', 'aae6ca44bf6f2607cda6f4206dd362df', '2011-06-14 11:32:24', '1978-11-25', 'LUCAS', 0, NULL, NULL, 0, 'Virginie', 1, 0, '2011-06-14 19:32:24', '2011-06-14 19:32:24'),
(32, 1, '2900a301314efef6e3f420fba6b1dda3', 'jean-yves.coutiez@orange.fr', 'abd57b2b6155e39fb9aed8cc506efe40', '2011-06-22 12:01:08', '1965-12-06', 'COUTIEZ', 0, NULL, NULL, 0, 'Jean-Yves', 1, 0, '2011-06-22 20:01:08', '2011-06-22 20:01:08'),
(33, 2, '179dec19c2607bb6debe7dbd06604002', 'coralie2v@hotmail.com', '94df5a3f90ac25daf13891603df9f663', '2011-06-29 16:07:19', '1979-07-12', 'VILLARD', 0, NULL, NULL, 0, 'Coralie', 1, 0, '2011-06-30 00:07:19', '2011-06-30 00:07:19'),
(34, 1, 'cbe27c5436b7164b76e551b1d22a41fe', 'mondialcyclesarl@gmail.com', 'cfe93d79419385f5957699665919a597', '2011-07-22 08:24:02', NULL, 'BOURGOIN', 0, NULL, NULL, 0, 'Yves', 1, 0, '2011-07-22 16:24:02', '2011-07-22 16:24:02'),
(35, 2, '745ac68ae52069c1d5f17f3808682685', 'sigriedduberos@yahoo.fr', '529bde0c82226f03001d63981622fa5c', '2011-07-24 16:58:11', NULL, 'DUBEROS', 0, NULL, NULL, 0, 'sigried', 1, 0, '2011-07-25 00:58:11', '2011-07-25 00:58:11'),
(36, 1, '985992f22d25d54049d0479ff9467e5d', 'lucette.drouilhet@orange.fr', 'c50edb2738d3e242d25d9c059919fb6d', '2011-08-03 02:52:27', '1951-10-26', 'DROUILHET', 1, '81.49.41.124', '2011-08-03 10:52:27', 0, 'jean-jacques', 1, 0, '2011-08-03 10:52:27', '2011-08-03 10:52:27'),
(37, 2, 'f57b6f7f732d6d147962a55462c734c8', 'krystel_971_91@hotmail.fr', '24182471668b1d01450449e292ed7f2a', '2011-08-05 14:35:07', '1984-12-11', 'FERGA', 0, NULL, NULL, 0, 'christelle', 1, 0, '2011-08-05 22:35:07', '2011-08-05 22:35:07'),
(38, 1, 'dfd60a2cb3d03bc7ee3292676055455b', 'ahinu@ymail.com', '6ce23b2c293f1363b2926a120c5df5ef', '2011-08-26 02:44:13', '1980-05-23', 'BORDE', 0, NULL, NULL, 0, 'Sebastien', 1, 0, '2011-08-26 10:44:13', '2011-08-26 10:44:13'),
(39, 9, '508846bf19e302ee199f178bf93ccc7e', 'brunetamandine@orange.fr', 'eaa75f923631f8239e49f8aedb8f9910', '2011-09-16 01:04:09', NULL, 'BRUNET', 0, NULL, NULL, 0, 'amandine', 1, 0, '2011-09-16 09:04:09', '2011-09-16 09:04:09'),
(40, 2, 'c8dd3d82a91cc334b051ea6232cc73d2', 'julielazaro@hotmail.com', '2cae4989809cfa813ff280dff9375254', '2011-10-05 02:51:52', '1976-01-10', 'LAZARO RUIZ', 1, '78.22.247.254', '2011-10-05 10:51:52', 0, 'JULIANA', 1, 0, '2011-10-05 10:51:52', '2011-10-05 10:51:52'),
(41, 2, 'a29081d1d876877786f33de1b5d1bb72', 'elfik@orange.fr', '03632285156340e5b811ffc9ea5ee098', '2011-11-17 14:16:51', '1980-02-24', 'RUIZ', 0, NULL, NULL, 0, 'Céline', 1, 0, '2011-11-17 21:16:51', '2011-11-17 21:16:51'),
(42, 2, 'e92a62f7265af8ba5be606c31b58840f', 'ange-petit@laposte.net', 'b3912a93647033ed5360ef21c064b3a2', '2012-01-18 03:56:12', '1978-03-14', 'LE QUERRIOU', 0, NULL, NULL, 1, 'stéphanie', 1, 0, '2012-01-18 10:56:12', '2012-01-18 10:56:12'),
(43, 1, '6ba1781ee49b17b319020545b1f14127', 'luc.carpentier26@orange.fr', 'f9781fded2fee014544ad53f163b7bc9', '2012-02-10 06:35:29', '1964-11-13', 'CARPENTIER', 0, NULL, NULL, 1, 'luc', 1, 0, '2012-02-10 13:35:29', '2012-02-10 13:35:29'),
(44, 2, '81ae2c245d98f3ee993bfa52b27cc791', 'lae.ti@live.fr', 'c5d559b185d42ef0345a0f4aea204796', '2012-03-04 03:46:02', NULL, 'LAHEURTE', 0, NULL, NULL, 0, 'laetitia', 1, 0, '2012-03-04 10:46:02', '2012-03-04 10:46:02'),
(45, 2, 'c8a261d83bc923ce2f6fc08846ac16b6', 'sig-kat@bbox.fr', 'aa55ddac98e456d74377982a915b6897', '2012-11-26 22:48:08', '1977-11-09', 'SIGWART', 0, NULL, NULL, 0, 'katy', 1, 0, '2012-03-21 20:20:00', '2012-11-26 23:48:08'),
(46, 1, 'aa3b7bbb968d89ca4ec1804e25fae39d', 'contact@lespetitstabous.eu', '8895ccd0a7956e4ee30edc9b7eb2d182', '2012-03-30 01:11:36', '1963-03-04', 'LECLERCQ  ', 1, '91.179.16.149', '2012-03-30 09:11:36', 0, 'marc', 1, 0, '2012-03-30 09:11:36', '2012-03-30 09:11:36'),
(47, 2, '0cd3e6448748289a0e29c3686184fb4a', 'nelly.mejai@hotmail.fr', 'dc150601be342fff5695ba5e8a69eb2b', '2012-04-26 01:02:27', '1969-06-15', 'NELLY', 0, NULL, NULL, 0, 'CHAIGNON', 1, 0, '2012-04-26 09:02:27', '2012-04-26 09:02:27'),
(48, 1, 'ef65ea350f897dd5291e9fd2c163d2d0', 'lacroixbruce@yahoo.com', 'a761c8e083445f89835df54776032437', '2012-11-07 12:26:44', '1979-01-01', 'LACROIX', 0, NULL, NULL, 0, 'Bruce', 1, 0, '2012-11-07 19:26:44', '2012-11-07 19:26:44'),
(49, 1, 'e840be306178518d48313273780d5f20', 'ben.we44@gmail.com', 'fcf3a8a42fbdb7146308e079b933e88b', '2012-11-08 09:10:35', '1979-01-01', 'WELSH', 1, '178.43.180.110', '2012-11-08 16:10:35', 1, 'Benjamin', 1, 0, '2012-11-08 16:10:35', '2012-11-08 16:10:35'),
(50, 2, '0e5e8dd4ff18074e89b83307321b8e05', 'sopnoble@yahoo.fr', '1627f006f0ac506029c730ebae9a0c18', '2013-05-14 06:26:47', '1985-04-10', 'DELARENTA', 0, NULL, NULL, 0, 'Allegra', 1, 0, '2013-05-14 14:26:47', '2013-05-14 14:26:47'),
(51, 2, 'efa539c36b4b5d4a69be68f23968ac8c', '08fabienne@free.fr', '0ed83edaef9553d066c184a43acf97e6', '2013-05-23 02:40:23', '1966-03-08', 'ARCHÉ', 0, NULL, NULL, 0, 'fabienne', 1, 0, '2013-05-23 10:40:23', '2013-05-23 10:40:23'),
(52, 1, '3a1d6c5732f50818f569d65d41234205', 'etienne.bienkowski@aliceadsl.fr', 'e6aac4824ce4fe032aa1d07bcd6525c9', '2013-12-09 14:02:26', '1977-03-12', 'BIENKOWSKI', 0, NULL, NULL, 0, 'étienne', 1, 0, '2013-12-09 21:02:26', '2013-12-09 21:02:26'),
(53, 1, '99de420532337c9bc8e06d76216d85fc', 'pascal.bredillet@orange.fr', 'dc37fcf3c31f0b796dbf1dac1451aa9b', '2015-04-02 06:39:11', '1958-03-09', 'BREDILLET', 0, NULL, NULL, 0, 'pascal', 1, 0, '2015-04-02 14:39:11', '2015-04-02 14:39:11'),
(54, 1, '0fd1f3123cb0e0271c36ec88c8ceeeb9', 'Alexis95340@live.fr', '61c782d7fb3d2eeb18fb910c658612f7', '2016-05-26 04:10:24', '1986-11-04', 'LE NAN', 0, NULL, NULL, 0, 'Alexis ', 1, 0, '2016-05-26 12:10:24', '2016-05-26 12:10:24'),
(55, 2, '3d483ff24046d46cbf511247ef5a380e', 'loutares@wanadoo.fr', 'a834d2f408d5a9e6747e8a149c1e48a0', '2016-10-30 09:43:51', '1953-04-28', 'DE MONTEVERDE', 0, NULL, NULL, 0, 'Beatrice', 1, 0, '2016-10-30 16:43:51', '2016-10-30 16:43:51');

-- --------------------------------------------------------

--
-- Structure de la table `dds_customer_group`
--

