CREATE TABLE `dds_customer_group` (
  `id_customer` int(10) UNSIGNED NOT NULL,
  `id_group` int(10) UNSIGNED NOT NULL
) ENGINE=MyISAM DEFAULT CHARSET=utf8;

--
-- Déchargement des données de la table `dds_customer_group`
--

INSERT INTO `dds_customer_group` (`id_customer`, `id_group`) VALUES
(1, 1),
(2, 1),
(3, 1),
(4, 1),
(5, 1),
(6, 1),
(7, 1),
(8, 1),
(9, 1),
(10, 1),
(11, 1),
(12, 1),
(13, 1),
(14, 1),
(15, 1),
(16, 1),
(17, 1),
(18, 1),
(19, 1),
(20, 1),
(21, 1),
(22, 1),
(23, 1),
(24, 1),
(25, 1),
(26, 1),
(27, 1),
(28, 1),
(29, 1),
(30, 1),
(31, 1),
(32, 1),
(33, 1),
(34, 1),
(35, 1),
(36, 1),
(37, 1),
(38, 1),
(39, 1),
(40, 1),
(41, 1),
(42, 1),
(43, 1),
(44, 1),
(45, 1),
(46, 1),
(47, 1),
(48, 1),
(49, 1),
(50, 1),
(51, 1),
(52, 1),
(53, 1),
(54, 1),
(55, 1);

-- --------------------------------------------------------

--
-- Structure de la table `dds_customization`
--

CREATE TABLE `dds_customization` (
  `id_customization` int(10) UNSIGNED NOT NULL,
  `id_product_attribute` int(10) NOT NULL DEFAULT '0',
  `id_cart` int(10) NOT NULL,
  `id_product` int(10) NOT NULL,
  `quantity` int(10) NOT NULL,
  `quantity_refunded` int(11) NOT NULL DEFAULT '0',
  `quantity_returned` int(11) NOT NULL DEFAULT '0'
) ENGINE=MyISAM DEFAULT CHARSET=utf8;

-- --------------------------------------------------------

--
-- Structure de la table `dds_customization_field`
--

CREATE TABLE `dds_customization_field` (
  `id_customization_field` int(10) UNSIGNED NOT NULL,
  `id_product` int(10) NOT NULL,
  `type` tinyint(1) NOT NULL,
  `required` tinyint(1) NOT NULL
) ENGINE=MyISAM DEFAULT CHARSET=utf8;

-- --------------------------------------------------------

--
-- Structure de la table `dds_customization_field_lang`
--

CREATE TABLE `dds_customization_field_lang` (
  `id_customization_field` int(10) NOT NULL,
  `id_lang` int(10) NOT NULL,
  `name` varchar(255) NOT NULL
) ENGINE=MyISAM DEFAULT CHARSET=utf8;

-- --------------------------------------------------------

--
-- Structure de la table `dds_customized_data`
--

CREATE TABLE `dds_customized_data` (
  `id_customization` int(10) NOT NULL,
  `type` tinyint(1) NOT NULL,
  `index` int(3) NOT NULL,
  `value` varchar(255) NOT NULL
) ENGINE=MyISAM DEFAULT CHARSET=utf8;

-- --------------------------------------------------------

--
-- Structure de la table `dds_date_range`
--

CREATE TABLE `dds_date_range` (
  `id_date_range` int(10) UNSIGNED NOT NULL,
  `time_start` datetime NOT NULL,
  `time_end` datetime NOT NULL
) ENGINE=MyISAM DEFAULT CHARSET=utf8;

--
-- Déchargement des données de la table `dds_date_range`
--

INSERT INTO `dds_date_range` (`id_date_range`, `time_start`, `time_end`) VALUES
(1, '2009-09-17 00:00:00', '2009-09-17 23:59:59'),
(2, '2009-09-20 00:00:00', '2009-09-20 23:59:59'),
(3, '2009-09-21 00:00:00', '2009-09-21 23:59:59'),
(4, '2009-09-22 00:00:00', '2009-09-22 23:59:59'),
(5, '2009-09-23 00:00:00', '2009-09-23 23:59:59'),
(6, '2009-09-24 00:00:00', '2009-09-24 23:59:59'),
(7, '2009-09-25 00:00:00', '2009-09-25 23:59:59'),
(8, '2009-09-26 00:00:00', '2009-09-26 23:59:59'),
(9, '2009-09-27 00:00:00', '2009-09-27 23:59:59'),
(10, '2009-09-28 00:00:00', '2009-09-28 23:59:59'),
(11, '2009-09-29 00:00:00', '2009-09-29 23:59:59'),
(12, '2009-09-30 00:00:00', '2009-09-30 23:59:59'),
(13, '2009-10-01 00:00:00', '2009-10-01 23:59:59'),
(14, '2009-10-02 00:00:00', '2009-10-02 23:59:59'),
(15, '2009-10-03 00:00:00', '2009-10-03 23:59:59'),
(16, '2009-10-03 00:00:00', '2009-10-03 23:59:59'),
(17, '2009-10-04 00:00:00', '2009-10-04 23:59:59'),
(18, '2009-10-05 00:00:00', '2009-10-05 23:59:59'),
(19, '2009-10-06 00:00:00', '2009-10-06 23:59:59'),
(20, '2009-10-07 00:00:00', '2009-10-07 23:59:59'),
(21, '2009-10-08 00:00:00', '2009-10-08 23:59:59'),
(22, '2009-10-09 00:00:00', '2009-10-09 23:59:59'),
(23, '2009-10-10 00:00:00', '2009-10-10 23:59:59'),
(24, '2009-10-11 00:00:00', '2009-10-11 23:59:59'),
(25, '2009-10-12 00:00:00', '2009-10-12 23:59:59'),
(26, '2009-10-13 00:00:00', '2009-10-13 23:59:59'),
(27, '2009-10-14 00:00:00', '2009-10-14 23:59:59'),
(28, '2009-10-15 00:00:00', '2009-10-15 23:59:59'),
(29, '2009-10-16 00:00:00', '2009-10-16 23:59:59'),
(30, '2009-10-17 00:00:00', '2009-10-17 23:59:59'),
(31, '2009-10-18 00:00:00', '2009-10-18 23:59:59'),
(32, '2009-10-19 00:00:00', '2009-10-19 23:59:59'),
(33, '2009-10-20 00:00:00', '2009-10-20 23:59:59'),
(34, '2009-10-21 00:00:00', '2009-10-21 23:59:59'),
(35, '2009-10-22 00:00:00', '2009-10-22 23:59:59'),
(36, '2009-10-23 00:00:00', '2009-10-23 23:59:59'),
(37, '2009-10-24 00:00:00', '2009-10-24 23:59:59'),
(38, '2009-10-25 00:00:00', '2009-10-25 22:59:59'),
(39, '2009-10-26 00:00:00', '2009-10-26 23:59:59'),
(40, '2009-10-27 00:00:00', '2009-10-27 23:59:59'),
(41, '2009-10-28 00:00:00', '2009-10-28 23:59:59'),
(42, '2009-10-29 00:00:00', '2009-10-29 23:59:59'),
(43, '2009-10-30 00:00:00', '2009-10-30 23:59:59'),
(44, '2009-10-31 00:00:00', '2009-10-31 23:59:59'),
(45, '2009-11-01 00:00:00', '2009-11-01 23:59:59'),
(46, '2009-11-02 00:00:00', '2009-11-02 23:59:59'),
(47, '2009-11-03 00:00:00', '2009-11-03 23:59:59'),
(48, '2009-11-04 00:00:00', '2009-11-04 23:59:59'),
(49, '2009-11-05 00:00:00', '2009-11-05 23:59:59'),
(50, '2009-11-06 00:00:00', '2009-11-06 23:59:59'),
(51, '2009-11-07 00:00:00', '2009-11-07 23:59:59'),
(52, '2009-11-08 00:00:00', '2009-11-08 23:59:59'),
(53, '2009-11-09 00:00:00', '2009-11-09 23:59:59'),
(54, '2009-11-10 00:00:00', '2009-11-10 23:59:59'),
(55, '2009-11-11 00:00:00', '2009-11-11 23:59:59'),
(56, '2009-11-12 00:00:00', '2009-11-12 23:59:59'),
(57, '2009-11-13 00:00:00', '2009-11-13 23:59:59'),
(58, '2009-11-14 00:00:00', '2009-11-14 23:59:59'),
(59, '2009-11-15 00:00:00', '2009-11-15 23:59:59'),
(60, '2009-11-16 00:00:00', '2009-11-16 23:59:59'),
(61, '2009-11-17 00:00:00', '2009-11-17 23:59:59'),
(62, '2009-11-18 00:00:00', '2009-11-18 23:59:59'),
(63, '2009-11-19 00:00:00', '2009-11-19 23:59:59'),
(64, '2009-11-20 00:00:00', '2009-11-20 23:59:59'),
(65, '2009-11-21 00:00:00', '2009-11-21 23:59:59'),
(66, '2009-11-22 00:00:00', '2009-11-22 23:59:59'),
(67, '2009-11-23 00:00:00', '2009-11-23 23:59:59'),
(68, '2009-11-24 00:00:00', '2009-11-24 23:59:59'),
(69, '2009-11-25 00:00:00', '2009-11-25 23:59:59'),
(70, '2009-11-26 00:00:00', '2009-11-26 23:59:59'),
(71, '2009-11-27 00:00:00', '2009-11-27 23:59:59'),
(72, '2009-11-28 00:00:00', '2009-11-28 23:59:59'),
(73, '2009-11-29 00:00:00', '2009-11-29 23:59:59'),
(74, '2009-11-30 00:00:00', '2009-11-30 23:59:59'),
(75, '2009-12-01 00:00:00', '2009-12-01 23:59:59'),
(76, '2009-12-02 00:00:00', '2009-12-02 23:59:59'),
(77, '2009-12-03 00:00:00', '2009-12-03 23:59:59'),
(78, '2009-12-04 00:00:00', '2009-12-04 23:59:59'),
(79, '2009-12-05 00:00:00', '2009-12-05 23:59:59'),
(80, '2009-12-06 00:00:00', '2009-12-06 23:59:59'),
(81, '2009-12-07 00:00:00', '2009-12-07 23:59:59'),
(82, '2009-12-08 00:00:00', '2009-12-08 23:59:59'),
(83, '2009-12-09 00:00:00', '2009-12-09 23:59:59'),
(84, '2009-12-10 00:00:00', '2009-12-10 23:59:59'),
(85, '2009-12-11 00:00:00', '2009-12-11 23:59:59'),
(86, '2009-12-12 00:00:00', '2009-12-12 23:59:59'),
(87, '2009-12-13 00:00:00', '2009-12-13 23:59:59'),
(88, '2009-12-14 00:00:00', '2009-12-14 23:59:59'),
(89, '2009-12-15 00:00:00', '2009-12-15 23:59:59'),
(90, '2009-12-16 00:00:00', '2009-12-16 23:59:59'),
(91, '2009-12-17 00:00:00', '2009-12-17 23:59:59'),
(92, '2009-12-18 00:00:00', '2009-12-18 23:59:59'),
(93, '2009-12-19 00:00:00', '2009-12-19 23:59:59'),
(94, '2009-12-20 00:00:00', '2009-12-20 23:59:59'),
(95, '2009-12-21 00:00:00', '2009-12-21 23:59:59'),
(96, '2009-12-22 00:00:00', '2009-12-22 23:59:59'),
(97, '2009-12-23 00:00:00', '2009-12-23 23:59:59'),
(98, '2009-12-24 00:00:00', '2009-12-24 23:59:59'),
(99, '2009-12-25 00:00:00', '2009-12-25 23:59:59'),
(100, '2009-12-26 00:00:00', '2009-12-26 23:59:59'),
(101, '2009-12-27 00:00:00', '2009-12-27 23:59:59'),
(102, '2009-12-28 00:00:00', '2009-12-28 23:59:59'),
(103, '2009-12-29 00:00:00', '2009-12-29 23:59:59'),
(104, '2009-12-30 00:00:00', '2009-12-30 23:59:59'),
(105, '2009-12-31 00:00:00', '2009-12-31 23:59:59'),
(106, '2010-01-01 00:00:00', '2010-01-01 23:59:59'),
(107, '2010-01-02 00:00:00', '2010-01-02 23:59:59'),
(108, '2010-01-03 00:00:00', '2010-01-03 23:59:59'),
(109, '2010-01-04 00:00:00', '2010-01-04 23:59:59'),
(110, '2010-01-05 00:00:00', '2010-01-05 23:59:59'),
(111, '2010-01-06 00:00:00', '2010-01-06 23:59:59'),
(112, '2010-01-07 00:00:00', '2010-01-07 23:59:59'),
(113, '2010-01-08 00:00:00', '2010-01-08 23:59:59'),
(114, '2010-01-09 00:00:00', '2010-01-09 23:59:59'),
(115, '2010-01-10 00:00:00', '2010-01-10 23:59:59'),
(116, '2010-01-11 00:00:00', '2010-01-11 23:59:59'),
(117, '2010-01-12 00:00:00', '2010-01-12 23:59:59'),
(118, '2010-01-13 00:00:00', '2010-01-13 23:59:59'),
(119, '2010-01-14 00:00:00', '2010-01-14 23:59:59'),
(120, '2010-01-15 00:00:00', '2010-01-15 23:59:59'),
(121, '2010-01-16 00:00:00', '2010-01-16 23:59:59'),
(122, '2010-01-17 00:00:00', '2010-01-17 23:59:59'),
(123, '2010-01-18 00:00:00', '2010-01-18 23:59:59'),
(124, '2010-01-19 00:00:00', '2010-01-19 23:59:59'),
(125, '2010-01-20 00:00:00', '2010-01-20 23:59:59'),
(126, '2010-01-21 00:00:00', '2010-01-21 23:59:59'),
(127, '2010-01-22 00:00:00', '2010-01-22 23:59:59'),
(128, '2010-01-23 00:00:00', '2010-01-23 23:59:59'),
(129, '2010-01-24 00:00:00', '2010-01-24 23:59:59'),
(130, '2010-01-25 00:00:00', '2010-01-25 23:59:59'),
(131, '2010-01-26 00:00:00', '2010-01-26 23:59:59'),
(132, '2010-01-27 00:00:00', '2010-01-27 23:59:59'),
(133, '2010-01-28 00:00:00', '2010-01-28 23:59:59'),
(134, '2010-01-29 00:00:00', '2010-01-29 23:59:59'),
(135, '2010-01-30 00:00:00', '2010-01-30 23:59:59'),
(136, '2010-01-31 00:00:00', '2010-01-31 23:59:59'),
(137, '2010-02-01 00:00:00', '2010-02-01 23:59:59'),
(138, '2010-02-02 00:00:00', '2010-02-02 23:59:59'),
(139, '2010-02-03 00:00:00', '2010-02-03 23:59:59'),
(140, '2010-02-04 00:00:00', '2010-02-04 23:59:59'),
(141, '2010-02-05 00:00:00', '2010-02-05 23:59:59'),
(142, '2010-02-06 00:00:00', '2010-02-06 23:59:59'),
(143, '2010-02-07 00:00:00', '2010-02-07 23:59:59'),
(144, '2010-02-08 00:00:00', '2010-02-08 23:59:59'),
(145, '2010-02-09 00:00:00', '2010-02-09 23:59:59'),
(146, '2010-02-10 00:00:00', '2010-02-10 23:59:59'),
(147, '2010-02-11 00:00:00', '2010-02-11 23:59:59'),
(148, '2010-02-12 00:00:00', '2010-02-12 23:59:59'),
(149, '2010-02-13 00:00:00', '2010-02-13 23:59:59'),
(150, '2010-02-14 00:00:00', '2010-02-14 23:59:59'),
(151, '2010-02-15 00:00:00', '2010-02-15 23:59:59'),
(152, '2010-02-16 00:00:00', '2010-02-16 23:59:59'),
(153, '2010-02-17 00:00:00', '2010-02-17 23:59:59'),
(154, '2010-02-18 00:00:00', '2010-02-18 23:59:59'),
(155, '2010-02-19 00:00:00', '2010-02-19 23:59:59'),
(156, '2010-02-20 00:00:00', '2010-02-20 23:59:59'),
(157, '2010-02-21 00:00:00', '2010-02-21 23:59:59'),
(158, '2010-02-22 00:00:00', '2010-02-22 23:59:59'),
(159, '2010-02-23 00:00:00', '2010-02-23 23:59:59'),
(160, '2010-02-24 00:00:00', '2010-02-24 23:59:59'),
(161, '2010-02-25 00:00:00', '2010-02-25 23:59:59'),
(162, '2010-02-26 00:00:00', '2010-02-26 23:59:59'),
(163, '2010-02-27 00:00:00', '2010-02-27 23:59:59'),
(164, '2010-02-28 00:00:00', '2010-02-28 23:59:59'),
(165, '2010-03-01 00:00:00', '2010-03-01 23:59:59'),
(166, '2010-03-02 00:00:00', '2010-03-02 23:59:59'),
(167, '2010-03-03 00:00:00', '2010-03-03 23:59:59'),
(168, '2010-03-04 00:00:00', '2010-03-04 23:59:59'),
(169, '2010-03-05 00:00:00', '2010-03-05 23:59:59'),
(170, '2010-03-06 00:00:00', '2010-03-06 23:59:59'),
(171, '2010-03-07 00:00:00', '2010-03-07 23:59:59'),
(172, '2010-03-08 00:00:00', '2010-03-08 23:59:59'),
(173, '2010-03-09 00:00:00', '2010-03-09 23:59:59'),
(174, '2010-03-10 00:00:00', '2010-03-10 23:59:59'),
(175, '2010-03-11 00:00:00', '2010-03-11 23:59:59'),
(176, '2010-03-12 00:00:00', '2010-03-12 23:59:59'),
(177, '2010-03-13 00:00:00', '2010-03-13 23:59:59'),
(178, '2010-03-14 00:00:00', '2010-03-14 23:59:59'),
(179, '2010-03-15 00:00:00', '2010-03-15 23:59:59'),
(180, '2010-03-16 00:00:00', '2010-03-16 23:59:59'),
(181, '2010-03-17 00:00:00', '2010-03-17 23:59:59'),
(182, '2010-03-18 00:00:00', '2010-03-18 23:59:59'),
(183, '2010-03-19 00:00:00', '2010-03-19 23:59:59'),
(184, '2010-03-20 00:00:00', '2010-03-20 23:59:59'),
(185, '2010-03-21 00:00:00', '2010-03-21 23:59:59'),
(186, '2010-03-22 00:00:00', '2010-03-22 23:59:59'),
(187, '2010-03-23 00:00:00', '2010-03-23 23:59:59'),
(188, '2010-03-24 00:00:00', '2010-03-24 23:59:59'),
(189, '2010-03-25 00:00:00', '2010-03-25 23:59:59'),
(190, '2010-03-26 00:00:00', '2010-03-26 23:59:59'),
(191, '2010-03-27 00:00:00', '2010-03-27 23:59:59'),
(192, '2010-03-28 00:00:00', '2010-03-29 00:59:59'),
(193, '2010-03-29 00:00:00', '2010-03-29 23:59:59'),
(194, '2010-03-30 00:00:00', '2010-03-30 23:59:59'),
(195, '2010-03-31 00:00:00', '2010-03-31 23:59:59'),
(196, '2010-04-01 00:00:00', '2010-04-01 23:59:59'),
(197, '2010-04-02 00:00:00', '2010-04-02 23:59:59'),
(198, '2010-04-03 00:00:00', '2010-04-03 23:59:59'),
(199, '2010-04-04 00:00:00', '2010-04-04 23:59:59'),
(200, '2010-04-05 00:00:00', '2010-04-05 23:59:59'),
(201, '2010-04-06 00:00:00', '2010-04-06 23:59:59'),
(202, '2010-04-07 00:00:00', '2010-04-07 23:59:59'),
(203, '2010-04-08 00:00:00', '2010-04-08 23:59:59'),
(204, '2010-04-09 00:00:00', '2010-04-09 23:59:59'),
(205, '2010-04-10 00:00:00', '2010-04-10 23:59:59'),
(206, '2010-04-11 00:00:00', '2010-04-11 23:59:59'),
(207, '2010-04-12 00:00:00', '2010-04-12 23:59:59'),
(208, '2010-04-13 00:00:00', '2010-04-13 23:59:59'),
(209, '2010-04-14 00:00:00', '2010-04-14 23:59:59'),
(210, '2010-04-15 00:00:00', '2010-04-15 23:59:59'),
(211, '2010-04-16 00:00:00', '2010-04-16 23:59:59'),
(212, '2010-04-17 00:00:00', '2010-04-17 23:59:59'),
(213, '2010-04-18 00:00:00', '2010-04-18 23:59:59'),
(214, '2010-04-19 00:00:00', '2010-04-19 23:59:59'),
(215, '2010-04-20 00:00:00', '2010-04-20 23:59:59'),
(216, '2010-04-21 00:00:00', '2010-04-21 23:59:59'),
(217, '2010-04-22 00:00:00', '2010-04-22 23:59:59'),
(218, '2010-04-23 00:00:00', '2010-04-23 23:59:59'),
(219, '2010-04-24 00:00:00', '2010-04-24 23:59:59'),
(220, '2010-04-25 00:00:00', '2010-04-25 23:59:59'),
(221, '2010-04-26 00:00:00', '2010-04-26 23:59:59'),
(222, '2010-04-27 00:00:00', '2010-04-27 23:59:59'),
(223, '2010-04-28 00:00:00', '2010-04-28 23:59:59'),
(224, '2010-04-29 00:00:00', '2010-04-29 23:59:59'),
(225, '2010-05-01 00:00:00', '2010-05-01 23:59:59'),
(226, '2010-05-02 00:00:00', '2010-05-02 23:59:59'),
(227, '2010-05-03 00:00:00', '2010-05-03 23:59:59'),
(228, '2010-05-04 00:00:00', '2010-05-04 23:59:59'),
(229, '2010-05-06 00:00:00', '2010-05-06 23:59:59'),
(230, '2010-05-09 00:00:00', '2010-05-09 23:59:59'),
(231, '2010-05-10 00:00:00', '2010-05-10 23:59:59'),
(232, '2010-05-11 00:00:00', '2010-05-11 23:59:59'),
(233, '2010-05-12 00:00:00', '2010-05-12 23:59:59'),
(234, '2010-05-13 00:00:00', '2010-05-13 23:59:59'),
(235, '2010-05-14 00:00:00', '2010-05-14 23:59:59'),
(236, '2010-05-15 00:00:00', '2010-05-15 23:59:59'),
(237, '2010-05-16 00:00:00', '2010-05-16 23:59:59'),
(238, '2010-05-17 00:00:00', '2010-05-17 23:59:59'),
(239, '2010-05-18 00:00:00', '2010-05-18 23:59:59'),
(240, '2010-05-19 00:00:00', '2010-05-19 23:59:59'),
(241, '2010-05-20 00:00:00', '2010-05-20 23:59:59'),
(242, '2010-05-21 00:00:00', '2010-05-21 23:59:59'),
(243, '2010-05-22 00:00:00', '2010-05-22 23:59:59'),
(244, '2010-05-23 00:00:00', '2010-05-23 23:59:59'),
(245, '2010-05-24 00:00:00', '2010-05-24 23:59:59'),
(246, '2010-05-25 00:00:00', '2010-05-25 23:59:59'),
(247, '2010-05-26 00:00:00', '2010-05-26 23:59:59'),
(248, '2010-05-27 00:00:00', '2010-05-27 23:59:59'),
(249, '2010-05-28 00:00:00', '2010-05-28 23:59:59'),
(250, '2010-05-29 00:00:00', '2010-05-29 23:59:59'),
(251, '2010-05-30 00:00:00', '2010-05-30 23:59:59'),
(252, '2010-05-31 00:00:00', '2010-05-31 23:59:59'),
(253, '2010-06-01 00:00:00', '2010-06-01 23:59:59'),
(254, '2010-06-02 00:00:00', '2010-06-02 23:59:59'),
(255, '2010-06-03 00:00:00', '2010-06-03 23:59:59'),
(256, '2010-06-04 00:00:00', '2010-06-04 23:59:59'),
(257, '2010-06-05 00:00:00', '2010-06-05 23:59:59'),
(258, '2010-06-06 00:00:00', '2010-06-06 23:59:59'),
(259, '2010-06-07 00:00:00', '2010-06-07 23:59:59'),
(260, '2010-06-08 00:00:00', '2010-06-08 23:59:59'),
(261, '2010-06-09 00:00:00', '2010-06-09 23:59:59'),
(262, '2010-06-10 00:00:00', '2010-06-10 23:59:59'),
(263, '2010-06-11 00:00:00', '2010-06-11 23:59:59'),
(264, '2010-06-12 00:00:00', '2010-06-12 23:59:59'),
(265, '2010-06-13 00:00:00', '2010-06-13 23:59:59'),
(266, '2010-06-14 00:00:00', '2010-06-14 23:59:59'),
(267, '2010-06-15 00:00:00', '2010-06-15 23:59:59'),
(268, '2010-06-16 00:00:00', '2010-06-16 23:59:59'),
(269, '2010-06-17 00:00:00', '2010-06-17 23:59:59'),
(270, '2010-06-18 00:00:00', '2010-06-18 23:59:59'),
(271, '2010-06-19 00:00:00', '2010-06-19 23:59:59'),
(272, '2010-06-20 00:00:00', '2010-06-20 23:59:59'),
(273, '2010-06-21 00:00:00', '2010-06-21 23:59:59'),
(274, '2010-06-22 00:00:00', '2010-06-22 23:59:59'),
(275, '2010-06-23 00:00:00', '2010-06-23 23:59:59'),
(276, '2010-06-24 00:00:00', '2010-06-24 23:59:59'),
(277, '2010-06-25 00:00:00', '2010-06-25 23:59:59'),
(278, '2010-06-26 00:00:00', '2010-06-26 23:59:59'),
(279, '2010-06-27 00:00:00', '2010-06-27 23:59:59'),
(280, '2010-06-28 00:00:00', '2010-06-28 23:59:59'),
(281, '2010-06-29 00:00:00', '2010-06-29 23:59:59'),
(282, '2010-06-30 00:00:00', '2010-06-30 23:59:59'),
(283, '2010-07-01 00:00:00', '2010-07-01 23:59:59'),
(284, '2010-07-02 00:00:00', '2010-07-02 23:59:59'),
(285, '2010-07-03 00:00:00', '2010-07-03 23:59:59'),
(286, '2010-07-04 00:00:00', '2010-07-04 23:59:59'),
(287, '2010-07-05 00:00:00', '2010-07-05 23:59:59'),
(288, '2010-07-06 00:00:00', '2010-07-06 23:59:59'),
(289, '2010-07-07 00:00:00', '2010-07-07 23:59:59'),
(290, '2010-07-08 00:00:00', '2010-07-08 23:59:59'),
(291, '2010-07-09 00:00:00', '2010-07-09 23:59:59'),
(292, '2010-07-10 00:00:00', '2010-07-10 23:59:59'),
(293, '2010-07-11 00:00:00', '2010-07-11 23:59:59'),
(294, '2010-07-12 00:00:00', '2010-07-12 23:59:59'),
(295, '2010-07-13 00:00:00', '2010-07-13 23:59:59'),
(296, '2010-07-14 00:00:00', '2010-07-14 23:59:59'),
(297, '2010-07-15 00:00:00', '2010-07-15 23:59:59'),
(298, '2010-07-16 00:00:00', '2010-07-16 23:59:59'),
(299, '2010-07-17 00:00:00', '2010-07-17 23:59:59'),
(300, '2010-07-18 00:00:00', '2010-07-18 23:59:59'),
(301, '2010-07-19 00:00:00', '2010-07-19 23:59:59'),
(302, '2010-07-20 00:00:00', '2010-07-20 23:59:59'),
(303, '2010-07-21 00:00:00', '2010-07-21 23:59:59'),
(304, '2010-07-22 00:00:00', '2010-07-22 23:59:59'),
(305, '2010-07-23 00:00:00', '2010-07-23 23:59:59'),
(306, '2010-07-24 00:00:00', '2010-07-24 23:59:59'),
(307, '2010-07-25 00:00:00', '2010-07-25 23:59:59'),
(308, '2010-07-26 00:00:00', '2010-07-26 23:59:59'),
(309, '2010-07-27 00:00:00', '2010-07-27 23:59:59'),
(310, '2010-07-28 00:00:00', '2010-07-28 23:59:59'),
(311, '2010-07-29 00:00:00', '2010-07-29 23:59:59'),
(312, '2010-07-30 00:00:00', '2010-07-30 23:59:59'),
(313, '2010-07-31 00:00:00', '2010-07-31 23:59:59'),
(314, '2010-08-01 00:00:00', '2010-08-01 23:59:59'),
(315, '2010-08-02 00:00:00', '2010-08-02 23:59:59'),
(316, '2010-08-03 00:00:00', '2010-08-03 23:59:59'),
(317, '2010-08-04 00:00:00', '2010-08-04 23:59:59'),
(318, '2010-08-05 00:00:00', '2010-08-05 23:59:59'),
(319, '2010-08-06 00:00:00', '2010-08-06 23:59:59'),
(320, '2010-08-07 00:00:00', '2010-08-07 23:59:59'),
(321, '2010-08-08 00:00:00', '2010-08-08 23:59:59'),
(322, '2010-08-09 00:00:00', '2010-08-09 23:59:59'),
(323, '2010-08-10 00:00:00', '2010-08-10 23:59:59'),
(324, '2010-08-11 00:00:00', '2010-08-11 23:59:59'),
(325, '2010-08-12 00:00:00', '2010-08-12 23:59:59'),
(326, '2010-08-13 00:00:00', '2010-08-13 23:59:59'),
(327, '2010-08-14 00:00:00', '2010-08-14 23:59:59'),
(328, '2010-08-15 00:00:00', '2010-08-15 23:59:59'),
(329, '2010-08-16 00:00:00', '2010-08-16 23:59:59'),
(330, '2010-08-17 00:00:00', '2010-08-17 23:59:59'),
(331, '2010-08-18 00:00:00', '2010-08-18 23:59:59'),
(332, '2010-08-19 00:00:00', '2010-08-19 23:59:59'),
(333, '2010-08-20 00:00:00', '2010-08-20 23:59:59'),
(334, '2010-08-21 00:00:00', '2010-08-21 23:59:59'),
(335, '2010-08-22 00:00:00', '2010-08-22 23:59:59'),
(336, '2010-08-23 00:00:00', '2010-08-23 23:59:59'),
(337, '2010-08-24 00:00:00', '2010-08-24 23:59:59'),
(338, '2010-08-25 00:00:00', '2010-08-25 23:59:59'),
(339, '2010-08-26 00:00:00', '2010-08-26 23:59:59'),
(340, '2010-08-27 00:00:00', '2010-08-27 23:59:59'),
(341, '2010-08-28 00:00:00', '2010-08-28 23:59:59'),
(342, '2010-08-29 00:00:00', '2010-08-29 23:59:59'),
(343, '2010-08-30 00:00:00', '2010-08-30 23:59:59'),
(344, '2010-08-31 00:00:00', '2010-08-31 23:59:59'),
(345, '2010-09-01 00:00:00', '2010-09-01 23:59:59'),
(346, '2010-09-02 00:00:00', '2010-09-02 23:59:59'),
(347, '2010-09-03 00:00:00', '2010-09-03 23:59:59'),
(348, '2010-09-04 00:00:00', '2010-09-04 23:59:59'),
(349, '2010-09-05 00:00:00', '2010-09-05 23:59:59'),
(350, '2010-09-06 00:00:00', '2010-09-06 23:59:59'),
(351, '2010-09-07 00:00:00', '2010-09-07 23:59:59'),
(352, '2010-09-08 00:00:00', '2010-09-08 23:59:59'),
(353, '2010-09-09 00:00:00', '2010-09-09 23:59:59'),
(354, '2010-09-10 00:00:00', '2010-09-10 23:59:59'),
(355, '2010-09-11 00:00:00', '2010-09-11 23:59:59'),
(356, '2010-09-12 00:00:00', '2010-09-12 23:59:59'),
(357, '2010-09-13 00:00:00', '2010-09-13 23:59:59'),
(358, '2010-09-14 00:00:00', '2010-09-14 23:59:59'),
(359, '2010-09-15 00:00:00', '2010-09-15 23:59:59'),
(360, '2010-09-16 00:00:00', '2010-09-16 23:59:59'),
(361, '2010-09-17 00:00:00', '2010-09-17 23:59:59'),
(362, '2010-09-18 00:00:00', '2010-09-18 23:59:59'),
(363, '2010-09-19 00:00:00', '2010-09-19 23:59:59'),
(364, '2010-09-20 00:00:00', '2010-09-20 23:59:59'),
(365, '2010-09-21 00:00:00', '2010-09-21 23:59:59'),
(366, '2010-09-22 00:00:00', '2010-09-22 23:59:59'),
(367, '2010-09-23 00:00:00', '2010-09-23 23:59:59'),
(368, '2010-09-24 00:00:00', '2010-09-24 23:59:59'),
(369, '2010-09-25 00:00:00', '2010-09-25 23:59:59'),
(370, '2010-09-26 00:00:00', '2010-09-26 23:59:59'),
(371, '2010-09-27 00:00:00', '2010-09-27 23:59:59'),
(372, '2010-09-28 00:00:00', '2010-09-28 23:59:59'),
(373, '2010-09-29 00:00:00', '2010-09-29 23:59:59'),
(374, '2010-09-30 00:00:00', '2010-09-30 23:59:59'),
(375, '2010-10-01 00:00:00', '2010-10-01 23:59:59'),
(376, '2010-10-02 00:00:00', '2010-10-02 23:59:59'),
(377, '2010-10-03 00:00:00', '2010-10-03 23:59:59'),
(378, '2010-10-04 00:00:00', '2010-10-04 23:59:59'),
(379, '2010-10-05 00:00:00', '2010-10-05 23:59:59'),
(380, '2010-10-06 00:00:00', '2010-10-06 23:59:59'),
(381, '2010-10-07 00:00:00', '2010-10-07 23:59:59'),
(382, '2010-10-08 00:00:00', '2010-10-08 23:59:59'),
(383, '2010-10-09 00:00:00', '2010-10-09 23:59:59'),
(384, '2010-10-10 00:00:00', '2010-10-10 23:59:59'),
(385, '2010-10-11 00:00:00', '2010-10-11 23:59:59'),
(386, '2010-10-12 00:00:00', '2010-10-12 23:59:59'),
(387, '2010-10-13 00:00:00', '2010-10-13 23:59:59'),
(388, '2010-10-14 00:00:00', '2010-10-14 23:59:59'),
(389, '2010-10-15 00:00:00', '2010-10-15 23:59:59'),
(390, '2010-10-16 00:00:00', '2010-10-16 23:59:59'),
(391, '2010-10-17 00:00:00', '2010-10-17 23:59:59'),
(392, '2010-10-18 00:00:00', '2010-10-18 23:59:59'),
(393, '2010-10-19 00:00:00', '2010-10-19 23:59:59'),
(394, '2010-10-20 00:00:00', '2010-10-20 23:59:59'),
(395, '2010-10-21 00:00:00', '2010-10-21 23:59:59'),
(396, '2010-10-22 00:00:00', '2010-10-22 23:59:59'),
(397, '2010-10-23 00:00:00', '2010-10-23 23:59:59'),
(398, '2010-10-24 00:00:00', '2010-10-24 23:59:59'),
(399, '2010-10-25 00:00:00', '2010-10-25 23:59:59'),
(400, '2010-10-26 00:00:00', '2010-10-26 23:59:59'),
(401, '2010-10-27 00:00:00', '2010-10-27 23:59:59'),
(402, '2010-10-28 00:00:00', '2010-10-28 23:59:59'),
(403, '2010-12-06 00:00:00', '2010-12-06 23:59:59'),
(404, '2010-12-07 00:00:00', '2010-12-07 23:59:59'),
(405, '2010-12-08 00:00:00', '2010-12-08 23:59:59'),
(406, '2010-12-09 00:00:00', '2010-12-09 23:59:59'),
(407, '2010-12-10 00:00:00', '2010-12-10 23:59:59'),
(408, '2010-12-11 00:00:00', '2010-12-11 23:59:59'),
(409, '2010-12-12 00:00:00', '2010-12-12 23:59:59'),
(410, '2010-12-13 00:00:00', '2010-12-13 23:59:59'),
(411, '2010-12-14 00:00:00', '2010-12-14 23:59:59'),
(412, '2010-12-15 00:00:00', '2010-12-15 23:59:59'),
(413, '2010-12-16 00:00:00', '2010-12-16 23:59:59'),
(414, '2010-12-17 00:00:00', '2010-12-17 23:59:59'),
(415, '2010-12-18 00:00:00', '2010-12-18 23:59:59'),
(416, '2010-12-19 00:00:00', '2010-12-19 23:59:59'),
(417, '2010-12-20 00:00:00', '2010-12-20 23:59:59'),
(418, '2010-12-21 00:00:00', '2010-12-21 23:59:59'),
(419, '2010-12-22 00:00:00', '2010-12-22 23:59:59'),
(420, '2010-12-23 00:00:00', '2010-12-23 23:59:59'),
(421, '2010-12-24 00:00:00', '2010-12-24 23:59:59'),
(422, '2010-12-25 00:00:00', '2010-12-25 23:59:59'),
(423, '2010-12-26 00:00:00', '2010-12-26 23:59:59'),
(424, '2010-12-27 00:00:00', '2010-12-27 23:59:59'),
(425, '2010-12-28 00:00:00', '2010-12-28 23:59:59'),
(426, '2010-12-29 00:00:00', '2010-12-29 23:59:59'),
(427, '2010-12-30 00:00:00', '2010-12-30 23:59:59'),
(428, '2010-12-31 00:00:00', '2010-12-31 23:59:59'),
(429, '2011-01-01 00:00:00', '2011-01-01 23:59:59'),
(430, '2011-01-02 00:00:00', '2011-01-02 23:59:59'),
(431, '2011-01-03 00:00:00', '2011-01-03 23:59:59'),
(432, '2011-01-04 00:00:00', '2011-01-04 23:59:59'),
(433, '2011-01-05 00:00:00', '2011-01-05 23:59:59'),
(434, '2011-01-06 00:00:00', '2011-01-06 23:59:59'),
(435, '2011-01-07 00:00:00', '2011-01-07 23:59:59'),
(436, '2011-01-08 00:00:00', '2011-01-08 23:59:59'),
(437, '2011-01-09 00:00:00', '2011-01-09 23:59:59'),
(438, '2011-01-10 00:00:00', '2011-01-10 23:59:59'),
(439, '2011-01-11 00:00:00', '2011-01-11 23:59:59'),
(440, '2011-01-12 00:00:00', '2011-01-12 23:59:59'),
(441, '2011-01-13 00:00:00', '2011-01-13 23:59:59'),
(442, '2011-01-14 00:00:00', '2011-01-14 23:59:59'),
(443, '2011-01-15 00:00:00', '2011-01-15 23:59:59'),
(444, '2011-01-16 00:00:00', '2011-01-16 23:59:59'),
(445, '2011-01-17 00:00:00', '2011-01-17 23:59:59'),
(446, '2011-01-18 00:00:00', '2011-01-18 23:59:59'),
(447, '2011-01-19 00:00:00', '2011-01-19 23:59:59'),
(448, '2011-01-20 00:00:00', '2011-01-20 23:59:59'),
(449, '2011-01-21 00:00:00', '2011-01-21 23:59:59'),
(450, '2011-01-22 00:00:00', '2011-01-22 23:59:59'),
(451, '2011-01-23 00:00:00', '2011-01-23 23:59:59'),
(452, '2011-01-24 00:00:00', '2011-01-24 23:59:59'),
(453, '2011-01-25 00:00:00', '2011-01-25 23:59:59'),
(454, '2011-01-26 00:00:00', '2011-01-26 23:59:59'),
(455, '2011-01-27 00:00:00', '2011-01-27 23:59:59'),
(456, '2011-01-28 00:00:00', '2011-01-28 23:59:59'),
(457, '2011-01-29 00:00:00', '2011-01-29 23:59:59'),
(458, '2011-01-30 00:00:00', '2011-01-30 23:59:59'),
(459, '2011-01-31 00:00:00', '2011-01-31 23:59:59'),
(460, '2011-02-01 00:00:00', '2011-02-01 23:59:59'),
(461, '2011-02-02 00:00:00', '2011-02-02 23:59:59'),
(462, '2011-02-03 00:00:00', '2011-02-03 23:59:59'),
(463, '2011-02-04 00:00:00', '2011-02-04 23:59:59'),
(464, '2011-02-05 00:00:00', '2011-02-05 23:59:59'),
(465, '2011-02-06 00:00:00', '2011-02-06 23:59:59'),
(466, '2011-02-07 00:00:00', '2011-02-07 23:59:59'),
(467, '2011-02-08 00:00:00', '2011-02-08 23:59:59'),
(468, '2011-02-09 00:00:00', '2011-02-09 23:59:59'),
(469, '2011-02-10 00:00:00', '2011-02-10 23:59:59'),
(470, '2011-02-11 00:00:00', '2011-02-11 23:59:59'),
(471, '2011-02-12 00:00:00', '2011-02-12 23:59:59'),
(472, '2011-02-13 00:00:00', '2011-02-13 23:59:59'),
(473, '2011-02-14 00:00:00', '2011-02-14 23:59:59'),
(474, '2011-02-15 00:00:00', '2011-02-15 23:59:59'),
(475, '2011-02-16 00:00:00', '2011-02-16 23:59:59'),
(476, '2011-02-17 00:00:00', '2011-02-17 23:59:59'),
(477, '2011-02-18 00:00:00', '2011-02-18 23:59:59'),
(478, '2011-02-19 00:00:00', '2011-02-19 23:59:59'),
(479, '2011-02-20 00:00:00', '2011-02-20 23:59:59'),
(480, '2011-02-21 00:00:00', '2011-02-21 23:59:59'),
(481, '2011-02-22 00:00:00', '2011-02-22 23:59:59'),
(482, '2011-02-23 00:00:00', '2011-02-23 23:59:59'),
(483, '2011-02-24 00:00:00', '2011-02-24 23:59:59'),
(484, '2011-02-25 00:00:00', '2011-02-25 23:59:59'),
(485, '2011-02-26 00:00:00', '2011-02-26 23:59:59'),
(486, '2011-02-27 00:00:00', '2011-02-27 23:59:59'),
(487, '2011-02-28 00:00:00', '2011-02-28 23:59:59'),
(488, '2011-03-01 00:00:00', '2011-03-01 23:59:59'),
(489, '2011-03-02 00:00:00', '2011-03-02 23:59:59'),
(490, '2011-03-03 00:00:00', '2011-03-03 23:59:59'),
(491, '2011-03-04 00:00:00', '2011-03-04 23:59:59'),
(492, '2011-03-05 00:00:00', '2011-03-05 23:59:59'),
(493, '2011-03-06 00:00:00', '2011-03-06 23:59:59'),
(494, '2011-03-07 00:00:00', '2011-03-07 23:59:59'),
(495, '2011-03-08 00:00:00', '2011-03-08 23:59:59'),
(496, '2011-03-09 00:00:00', '2011-03-09 23:59:59'),
(497, '2011-03-10 00:00:00', '2011-03-10 23:59:59'),
(498, '2011-03-11 00:00:00', '2011-03-11 23:59:59'),
(499, '2011-03-12 00:00:00', '2011-03-12 23:59:59'),
(500, '2011-03-13 00:00:00', '2011-03-13 23:59:59'),
(501, '2011-03-14 00:00:00', '2011-03-14 23:59:59'),
(502, '2011-03-15 00:00:00', '2011-03-15 23:59:59'),
(503, '2011-03-16 00:00:00', '2011-03-16 23:59:59'),
(504, '2011-03-17 00:00:00', '2011-03-17 23:59:59'),
(505, '2011-03-18 00:00:00', '2011-03-18 23:59:59'),
(506, '2011-03-19 00:00:00', '2011-03-19 23:59:59'),
(507, '2011-03-20 00:00:00', '2011-03-20 23:59:59'),
(508, '2011-03-21 00:00:00', '2011-03-21 23:59:59'),
(509, '2011-03-22 00:00:00', '2011-03-22 23:59:59'),
(510, '2011-03-23 00:00:00', '2011-03-23 23:59:59'),
(511, '2011-03-24 00:00:00', '2011-03-24 23:59:59'),
(512, '2011-03-25 00:00:00', '2011-03-25 23:59:59'),
(513, '2011-03-26 00:00:00', '2011-03-26 23:59:59'),
(514, '2011-03-27 00:00:00', '2011-03-28 00:59:59'),
(515, '2011-03-28 00:00:00', '2011-03-28 23:59:59'),
(516, '2011-03-29 00:00:00', '2011-03-29 23:59:59'),
(517, '2011-03-30 00:00:00', '2011-03-30 23:59:59'),
(518, '2011-03-31 00:00:00', '2011-03-31 23:59:59'),
(519, '2011-04-01 00:00:00', '2011-04-01 23:59:59'),
(520, '2011-04-02 00:00:00', '2011-04-02 23:59:59'),
(521, '2011-04-03 00:00:00', '2011-04-03 23:59:59'),
(522, '2011-04-04 00:00:00', '2011-04-04 23:59:59'),
(523, '2011-04-05 00:00:00', '2011-04-05 23:59:59'),
(524, '2011-04-06 00:00:00', '2011-04-06 23:59:59'),
(525, '2011-04-07 00:00:00', '2011-04-07 23:59:59'),
(526, '2011-04-08 00:00:00', '2011-04-08 23:59:59'),
(527, '2011-04-09 00:00:00', '2011-04-09 23:59:59'),
(528, '2011-04-10 00:00:00', '2011-04-10 23:59:59'),
(529, '2011-04-11 00:00:00', '2011-04-11 23:59:59'),
(530, '2011-04-12 00:00:00', '2011-04-12 23:59:59'),
(531, '2011-04-13 00:00:00', '2011-04-13 23:59:59'),
(532, '2011-04-14 00:00:00', '2011-04-14 23:59:59'),
(533, '2011-04-15 00:00:00', '2011-04-15 23:59:59'),
(534, '2011-04-16 00:00:00', '2011-04-16 23:59:59'),
(535, '2011-04-17 00:00:00', '2011-04-17 23:59:59'),
(536, '2011-04-18 00:00:00', '2011-04-18 23:59:59'),
(537, '2011-04-19 00:00:00', '2011-04-19 23:59:59'),
(538, '2011-04-20 00:00:00', '2011-04-20 23:59:59'),
(539, '2011-04-21 00:00:00', '2011-04-21 23:59:59'),
(540, '2011-04-22 00:00:00', '2011-04-22 23:59:59'),
(541, '2011-04-23 00:00:00', '2011-04-23 23:59:59'),
(542, '2011-04-24 00:00:00', '2011-04-24 23:59:59'),
(543, '2011-04-25 00:00:00', '2011-04-25 23:59:59'),
(544, '2011-04-26 00:00:00', '2011-04-26 23:59:59'),
(545, '2011-04-27 00:00:00', '2011-04-27 23:59:59'),
(546, '2011-04-28 00:00:00', '2011-04-28 23:59:59'),
(547, '2011-04-29 00:00:00', '2011-04-29 23:59:59'),
(548, '2011-04-30 00:00:00', '2011-04-30 23:59:59'),
(549, '2011-05-01 00:00:00', '2011-05-01 23:59:59'),
(550, '2011-05-02 00:00:00', '2011-05-02 23:59:59'),
(551, '2011-05-03 00:00:00', '2011-05-03 23:59:59'),
(552, '2011-05-04 00:00:00', '2011-05-04 23:59:59'),
(553, '2011-05-05 00:00:00', '2011-05-05 23:59:59'),
(554, '2011-05-06 00:00:00', '2011-05-06 23:59:59'),
(555, '2011-05-07 00:00:00', '2011-05-07 23:59:59'),
(556, '2011-05-08 00:00:00', '2011-05-08 23:59:59'),
(557, '2011-05-09 00:00:00', '2011-05-09 23:59:59'),
(558, '2011-05-10 00:00:00', '2011-05-10 23:59:59'),
(559, '2011-05-11 00:00:00', '2011-05-11 23:59:59'),
(560, '2011-05-12 00:00:00', '2011-05-12 23:59:59'),
(561, '2011-05-13 00:00:00', '2011-05-13 23:59:59'),
(562, '2011-05-14 00:00:00', '2011-05-14 23:59:59'),
(563, '2011-05-15 00:00:00', '2011-05-15 23:59:59'),
(564, '2011-05-16 00:00:00', '2011-05-16 23:59:59'),
(565, '2011-05-17 00:00:00', '2011-05-17 23:59:59'),
(566, '2011-05-18 00:00:00', '2011-05-18 23:59:59'),
(567, '2011-05-19 00:00:00', '2011-05-19 23:59:59'),
(568, '2011-05-20 00:00:00', '2011-05-20 23:59:59'),
(569, '2011-05-21 00:00:00', '2011-05-21 23:59:59'),
(570, '2011-05-22 00:00:00', '2011-05-22 23:59:59'),
(571, '2011-05-23 00:00:00', '2011-05-23 23:59:59'),
(572, '2011-05-24 00:00:00', '2011-05-24 23:59:59'),
(573, '2011-05-25 00:00:00', '2011-05-25 23:59:59'),
(574, '2011-05-26 00:00:00', '2011-05-26 23:59:59'),
(575, '2011-05-27 00:00:00', '2011-05-27 23:59:59'),
(576, '2011-05-28 00:00:00', '2011-05-28 23:59:59'),
(577, '2011-05-29 00:00:00', '2011-05-29 23:59:59'),
(578, '2011-05-30 00:00:00', '2011-05-30 23:59:59'),
(579, '2011-05-31 00:00:00', '2011-05-31 23:59:59'),
(580, '2011-06-01 00:00:00', '2011-06-01 23:59:59'),
(581, '2011-06-02 00:00:00', '2011-06-02 23:59:59'),
(582, '2011-06-03 00:00:00', '2011-06-03 23:59:59'),
(583, '2011-06-04 00:00:00', '2011-06-04 23:59:59'),
(584, '2011-06-05 00:00:00', '2011-06-05 23:59:59'),
(585, '2011-06-06 00:00:00', '2011-06-06 23:59:59'),
(586, '2011-06-07 00:00:00', '2011-06-07 23:59:59'),
(587, '2011-06-08 00:00:00', '2011-06-08 23:59:59'),
(588, '2011-06-09 00:00:00', '2011-06-09 23:59:59'),
(589, '2011-06-10 00:00:00', '2011-06-10 23:59:59'),
(590, '2011-06-11 00:00:00', '2011-06-11 23:59:59'),
(591, '2011-06-12 00:00:00', '2011-06-12 23:59:59'),
(592, '2011-06-13 00:00:00', '2011-06-13 23:59:59'),
(593, '2011-06-14 00:00:00', '2011-06-14 23:59:59'),
(594, '2011-06-15 00:00:00', '2011-06-15 23:59:59'),
(595, '2011-06-16 00:00:00', '2011-06-16 23:59:59'),
(596, '2011-06-17 00:00:00', '2011-06-17 23:59:59'),
(597, '2011-06-18 00:00:00', '2011-06-18 23:59:59'),
(598, '2011-06-19 00:00:00', '2011-06-19 23:59:59'),
(599, '2011-06-20 00:00:00', '2011-06-20 23:59:59'),
(600, '2011-06-21 00:00:00', '2011-06-21 23:59:59'),
(601, '2011-06-22 00:00:00', '2011-06-22 23:59:59'),
(602, '2011-06-23 00:00:00', '2011-06-23 23:59:59'),
(603, '2011-06-24 00:00:00', '2011-06-24 23:59:59'),
(604, '2011-06-25 00:00:00', '2011-06-25 23:59:59'),
(605, '2011-06-26 00:00:00', '2011-06-26 23:59:59'),
(606, '2011-06-27 00:00:00', '2011-06-27 23:59:59'),
(607, '2011-06-28 00:00:00', '2011-06-28 23:59:59'),
(608, '2011-06-29 00:00:00', '2011-06-29 23:59:59'),
(609, '2011-06-30 00:00:00', '2011-06-30 23:59:59'),
(610, '2011-07-01 00:00:00', '2011-07-01 23:59:59'),
(611, '2011-07-02 00:00:00', '2011-07-02 23:59:59'),
(612, '2011-07-03 00:00:00', '2011-07-03 23:59:59'),
(613, '2011-07-04 00:00:00', '2011-07-04 23:59:59'),
(614, '2011-07-05 00:00:00', '2011-07-05 23:59:59'),
(615, '2011-07-06 00:00:00', '2011-07-06 23:59:59'),
(616, '2011-07-07 00:00:00', '2011-07-07 23:59:59'),
(617, '2011-07-08 00:00:00', '2011-07-08 23:59:59'),
(618, '2011-07-09 00:00:00', '2011-07-09 23:59:59'),
(619, '2011-07-10 00:00:00', '2011-07-10 23:59:59'),
(620, '2011-07-11 00:00:00', '2011-07-11 23:59:59'),
(621, '2011-07-12 00:00:00', '2011-07-12 23:59:59'),
(622, '2011-07-13 00:00:00', '2011-07-13 23:59:59'),
(623, '2011-07-14 00:00:00', '2011-07-14 23:59:59'),
(624, '2011-07-15 00:00:00', '2011-07-15 23:59:59'),
(625, '2011-07-16 00:00:00', '2011-07-16 23:59:59'),
(626, '2011-07-17 00:00:00', '2011-07-17 23:59:59'),
(627, '2011-07-18 00:00:00', '2011-07-18 23:59:59'),
(628, '2011-07-19 00:00:00', '2011-07-19 23:59:59'),
(629, '2011-07-20 00:00:00', '2011-07-20 23:59:59'),
(630, '2011-07-21 00:00:00', '2011-07-21 23:59:59'),
(631, '2011-07-22 00:00:00', '2011-07-22 23:59:59'),
(632, '2011-07-23 00:00:00', '2011-07-23 23:59:59'),
(633, '2011-07-24 00:00:00', '2011-07-24 23:59:59'),
(634, '2011-07-25 00:00:00', '2011-07-25 23:59:59'),
(635, '2011-07-26 00:00:00', '2011-07-26 23:59:59'),
(636, '2011-07-27 00:00:00', '2011-07-27 23:59:59'),
(637, '2011-07-28 00:00:00', '2011-07-28 23:59:59'),
(638, '2011-07-29 00:00:00', '2011-07-29 23:59:59'),
(639, '2011-07-30 00:00:00', '2011-07-30 23:59:59'),
(640, '2011-07-31 00:00:00', '2011-07-31 23:59:59'),
(641, '2011-08-01 00:00:00', '2011-08-01 23:59:59'),
(642, '2011-08-02 00:00:00', '2011-08-02 23:59:59'),
(643, '2011-08-03 00:00:00', '2011-08-03 23:59:59'),
(644, '2011-08-04 00:00:00', '2011-08-04 23:59:59'),
(645, '2011-08-05 00:00:00', '2011-08-05 23:59:59'),
(646, '2011-08-06 00:00:00', '2011-08-06 23:59:59'),
(647, '2011-08-07 00:00:00', '2011-08-07 23:59:59'),
(648, '2011-08-08 00:00:00', '2011-08-08 23:59:59'),
(649, '2011-08-09 00:00:00', '2011-08-09 23:59:59'),
(650, '2011-08-10 00:00:00', '2011-08-10 23:59:59'),
(651, '2011-08-11 00:00:00', '2011-08-11 23:59:59'),
(652, '2011-08-12 00:00:00', '2011-08-12 23:59:59'),
(653, '2011-08-13 00:00:00', '2011-08-13 23:59:59'),
(654, '2011-08-14 00:00:00', '2011-08-14 23:59:59'),
(655, '2011-08-15 00:00:00', '2011-08-15 23:59:59'),
(656, '2011-08-16 00:00:00', '2011-08-16 23:59:59'),
(657, '2011-08-17 00:00:00', '2011-08-17 23:59:59'),
(658, '2011-08-18 00:00:00', '2011-08-18 23:59:59'),
(659, '2011-08-19 00:00:00', '2011-08-19 23:59:59'),
(660, '2011-08-20 00:00:00', '2011-08-20 23:59:59'),
(661, '2011-08-21 00:00:00', '2011-08-21 23:59:59'),
(662, '2011-08-22 00:00:00', '2011-08-22 23:59:59'),
(663, '2011-08-23 00:00:00', '2011-08-23 23:59:59'),
(664, '2011-08-24 00:00:00', '2011-08-24 23:59:59'),
(665, '2011-08-25 00:00:00', '2011-08-25 23:59:59'),
(666, '2011-08-26 00:00:00', '2011-08-26 23:59:59'),
(667, '2011-08-27 00:00:00', '2011-08-27 23:59:59'),
(668, '2011-08-28 00:00:00', '2011-08-28 23:59:59'),
(669, '2011-08-29 00:00:00', '2011-08-29 23:59:59'),
(670, '2011-08-30 00:00:00', '2011-08-30 23:59:59'),
(671, '2011-08-31 00:00:00', '2011-08-31 23:59:59'),
(672, '2011-09-01 00:00:00', '2011-09-01 23:59:59'),
(673, '2011-09-02 00:00:00', '2011-09-02 23:59:59'),
(674, '2011-09-03 00:00:00', '2011-09-03 23:59:59'),
(675, '2011-09-04 00:00:00', '2011-09-04 23:59:59'),
(676, '2011-09-05 00:00:00', '2011-09-05 23:59:59'),
(677, '2011-09-06 00:00:00', '2011-09-06 23:59:59'),
(678, '2011-09-07 00:00:00', '2011-09-07 23:59:59'),
(679, '2011-09-08 00:00:00', '2011-09-08 23:59:59'),
(680, '2011-09-09 00:00:00', '2011-09-09 23:59:59'),
(681, '2011-09-10 00:00:00', '2011-09-10 23:59:59'),
(682, '2011-09-11 00:00:00', '2011-09-11 23:59:59'),
(683, '2011-09-12 00:00:00', '2011-09-12 23:59:59'),
(684, '2011-09-13 00:00:00', '2011-09-13 23:59:59'),
(685, '2011-09-14 00:00:00', '2011-09-14 23:59:59'),
(686, '2011-09-15 00:00:00', '2011-09-15 23:59:59'),
(687, '2011-09-16 00:00:00', '2011-09-16 23:59:59'),
(688, '2011-09-17 00:00:00', '2011-09-17 23:59:59'),
(689, '2011-09-18 00:00:00', '2011-09-18 23:59:59'),
(690, '2011-09-19 00:00:00', '2011-09-19 23:59:59'),
(691, '2011-09-20 00:00:00', '2011-09-20 23:59:59'),
(692, '2011-09-21 00:00:00', '2011-09-21 23:59:59'),
(693, '2011-09-22 00:00:00', '2011-09-22 23:59:59'),
(694, '2011-09-23 00:00:00', '2011-09-23 23:59:59'),
(695, '2011-09-24 00:00:00', '2011-09-24 23:59:59'),
(696, '2011-09-25 00:00:00', '2011-09-25 23:59:59'),
(697, '2011-09-26 00:00:00', '2011-09-26 23:59:59'),
(698, '2011-09-27 00:00:00', '2011-09-27 23:59:59'),
(699, '2011-09-28 00:00:00', '2011-09-28 23:59:59'),
(700, '2011-09-29 00:00:00', '2011-09-29 23:59:59'),
(701, '2011-09-30 00:00:00', '2011-09-30 23:59:59'),
(702, '2011-10-01 00:00:00', '2011-10-01 23:59:59'),
(703, '2011-10-02 00:00:00', '2011-10-02 23:59:59'),
(704, '2011-10-03 00:00:00', '2011-10-03 23:59:59'),
(705, '2011-10-04 00:00:00', '2011-10-04 23:59:59'),
(706, '2011-10-05 00:00:00', '2011-10-05 23:59:59'),
(707, '2011-10-06 00:00:00', '2011-10-06 23:59:59'),
(708, '2011-10-07 00:00:00', '2011-10-07 23:59:59'),
(709, '2011-10-08 00:00:00', '2011-10-08 23:59:59'),
(710, '2011-10-09 00:00:00', '2011-10-09 23:59:59'),
(711, '2011-10-10 00:00:00', '2011-10-10 23:59:59'),
(712, '2011-10-11 00:00:00', '2011-10-11 23:59:59'),
(713, '2011-10-12 00:00:00', '2011-10-12 23:59:59'),
(714, '2011-10-13 00:00:00', '2011-10-13 23:59:59'),
(715, '2011-10-14 00:00:00', '2011-10-14 23:59:59'),
(716, '2011-10-15 00:00:00', '2011-10-15 23:59:59'),
(717, '2011-10-16 00:00:00', '2011-10-16 23:59:59'),
(718, '2011-10-17 00:00:00', '2011-10-17 23:59:59'),
(719, '2011-10-18 00:00:00', '2011-10-18 23:59:59'),
(720, '2011-10-19 00:00:00', '2011-10-19 23:59:59'),
(721, '2011-10-20 00:00:00', '2011-10-20 23:59:59'),
(722, '2011-10-21 00:00:00', '2011-10-21 23:59:59'),
(723, '2011-10-22 00:00:00', '2011-10-22 23:59:59'),
(724, '2011-10-23 00:00:00', '2011-10-23 23:59:59'),
(725, '2011-10-24 00:00:00', '2011-10-24 23:59:59'),
(726, '2011-10-25 00:00:00', '2011-10-25 23:59:59'),
(727, '2011-10-26 00:00:00', '2011-10-26 23:59:59'),
(728, '2011-10-27 00:00:00', '2011-10-27 23:59:59'),
(729, '2011-10-28 00:00:00', '2011-10-28 23:59:59'),
(730, '2011-10-29 00:00:00', '2011-10-29 23:59:59'),
(731, '2011-10-30 00:00:00', '2011-10-30 22:59:59'),
(732, '2011-10-30 00:00:00', '2011-10-30 22:59:59'),
(733, '2011-10-30 00:00:00', '2011-10-30 22:59:59'),
(734, '2011-10-30 00:00:00', '2011-10-30 22:59:59'),
(735, '2011-10-30 00:00:00', '2011-10-30 22:59:59'),
(736, '2011-10-30 00:00:00', '2011-10-30 22:59:59'),
(737, '2011-10-30 00:00:00', '2011-10-30 22:59:59'),
(738, '2011-10-30 00:00:00', '2011-10-30 22:59:59'),
(739, '2011-10-30 00:00:00', '2011-10-30 22:59:59'),
(740, '2011-10-31 00:00:00', '2011-10-31 23:59:59'),
(741, '2011-11-01 00:00:00', '2011-11-01 23:59:59'),
(742, '2011-11-02 00:00:00', '2011-11-02 23:59:59'),
(743, '2011-11-03 00:00:00', '2011-11-03 23:59:59'),
(744, '2011-11-04 00:00:00', '2011-11-04 23:59:59'),
(745, '2011-11-05 00:00:00', '2011-11-05 23:59:59'),
(746, '2011-11-06 00:00:00', '2011-11-06 23:59:59'),
(747, '2011-11-07 00:00:00', '2011-11-07 23:59:59'),
(748, '2011-11-08 00:00:00', '2011-11-08 23:59:59'),
(749, '2011-11-09 00:00:00', '2011-11-09 23:59:59'),
(750, '2011-11-10 00:00:00', '2011-11-10 23:59:59'),
(751, '2011-11-11 00:00:00', '2011-11-11 23:59:59'),
(752, '2011-11-12 00:00:00', '2011-11-12 23:59:59'),
(753, '2011-11-13 00:00:00', '2011-11-13 23:59:59'),
(754, '2011-11-14 00:00:00', '2011-11-14 23:59:59'),
(755, '2011-11-15 00:00:00', '2011-11-15 23:59:59'),
(756, '2011-11-16 00:00:00', '2011-11-16 23:59:59'),
(757, '2011-11-17 00:00:00', '2011-11-17 23:59:59'),
(758, '2011-11-18 00:00:00', '2011-11-18 23:59:59'),
(759, '2011-11-19 00:00:00', '2011-11-19 23:59:59'),
(760, '2011-11-20 00:00:00', '2011-11-20 23:59:59'),
(761, '2011-11-21 00:00:00', '2011-11-21 23:59:59'),
(762, '2011-11-22 00:00:00', '2011-11-22 23:59:59'),
(763, '2011-11-23 00:00:00', '2011-11-23 23:59:59'),
(764, '2011-11-24 00:00:00', '2011-11-24 23:59:59'),
(765, '2011-11-25 00:00:00', '2011-11-25 23:59:59'),
(766, '2011-11-26 00:00:00', '2011-11-26 23:59:59'),
(767, '2011-11-27 00:00:00', '2011-11-27 23:59:59'),
(768, '2011-11-28 00:00:00', '2011-11-28 23:59:59'),
(769, '2011-11-29 00:00:00', '2011-11-29 23:59:59'),
(770, '2011-11-30 00:00:00', '2011-11-30 23:59:59'),
(771, '2011-12-01 00:00:00', '2011-12-01 23:59:59'),
(772, '2011-12-02 00:00:00', '2011-12-02 23:59:59'),
(773, '2011-12-03 00:00:00', '2011-12-03 23:59:59'),
(774, '2011-12-04 00:00:00', '2011-12-04 23:59:59'),
(775, '2011-12-05 00:00:00', '2011-12-05 23:59:59'),
(776, '2011-12-06 00:00:00', '2011-12-06 23:59:59'),
(777, '2011-12-07 00:00:00', '2011-12-07 23:59:59'),
(778, '2011-12-08 00:00:00', '2011-12-08 23:59:59'),
(779, '2011-12-09 00:00:00', '2011-12-09 23:59:59'),
(780, '2011-12-10 00:00:00', '2011-12-10 23:59:59'),
(781, '2011-12-11 00:00:00', '2011-12-11 23:59:59'),
(782, '2011-12-12 00:00:00', '2011-12-12 23:59:59'),
(783, '2011-12-13 00:00:00', '2011-12-13 23:59:59'),
(784, '2011-12-14 00:00:00', '2011-12-14 23:59:59'),
(785, '2011-12-15 00:00:00', '2011-12-15 23:59:59'),
(786, '2011-12-16 00:00:00', '2011-12-16 23:59:59'),
(787, '2011-12-17 00:00:00', '2011-12-17 23:59:59'),
(788, '2011-12-18 00:00:00', '2011-12-18 23:59:59'),
(789, '2011-12-19 00:00:00', '2011-12-19 23:59:59'),
(790, '2011-12-20 00:00:00', '2011-12-20 23:59:59'),
(791, '2011-12-21 00:00:00', '2011-12-21 23:59:59'),
(792, '2011-12-22 00:00:00', '2011-12-22 23:59:59'),
(793, '2011-12-23 00:00:00', '2011-12-23 23:59:59'),
(794, '2011-12-24 00:00:00', '2011-12-24 23:59:59'),
(795, '2011-12-25 00:00:00', '2011-12-25 23:59:59'),
(796, '2011-12-26 00:00:00', '2011-12-26 23:59:59'),
(797, '2011-12-27 00:00:00', '2011-12-27 23:59:59'),
(798, '2011-12-28 00:00:00', '2011-12-28 23:59:59'),
(799, '2011-12-29 00:00:00', '2011-12-29 23:59:59'),
(800, '2011-12-30 00:00:00', '2011-12-30 23:59:59'),
(801, '2011-12-31 00:00:00', '2011-12-31 23:59:59'),
(802, '2012-01-01 00:00:00', '2012-01-01 23:59:59'),
(803, '2012-01-02 00:00:00', '2012-01-02 23:59:59'),
(804, '2012-01-03 00:00:00', '2012-01-03 23:59:59'),
(805, '2012-01-04 00:00:00', '2012-01-04 23:59:59'),
(806, '2012-01-05 00:00:00', '2012-01-05 23:59:59'),
(807, '2012-01-06 00:00:00', '2012-01-06 23:59:59'),
(808, '2012-01-07 00:00:00', '2012-01-07 23:59:59'),
(809, '2012-01-08 00:00:00', '2012-01-08 23:59:59'),
(810, '2012-01-09 00:00:00', '2012-01-09 23:59:59'),
(811, '2012-01-10 00:00:00', '2012-01-10 23:59:59'),
(812, '2012-01-11 00:00:00', '2012-01-11 23:59:59'),
(813, '2012-01-12 00:00:00', '2012-01-12 23:59:59'),
(814, '2012-01-13 00:00:00', '2012-01-13 23:59:59'),
(815, '2012-01-14 00:00:00', '2012-01-14 23:59:59'),
(816, '2012-01-15 00:00:00', '2012-01-15 23:59:59'),
(817, '2012-01-16 00:00:00', '2012-01-16 23:59:59'),
(818, '2012-01-17 00:00:00', '2012-01-17 23:59:59'),
(819, '2012-01-18 00:00:00', '2012-01-18 23:59:59'),
(820, '2012-01-19 00:00:00', '2012-01-19 23:59:59'),
(821, '2012-01-20 00:00:00', '2012-01-20 23:59:59'),
(822, '2012-01-21 00:00:00', '2012-01-21 23:59:59'),
(823, '2012-01-22 00:00:00', '2012-01-22 23:59:59'),
(824, '2012-01-23 00:00:00', '2012-01-23 23:59:59'),
(825, '2012-01-24 00:00:00', '2012-01-24 23:59:59'),
(826, '2012-01-25 00:00:00', '2012-01-25 23:59:59'),
(827, '2012-01-26 00:00:00', '2012-01-26 23:59:59'),
(828, '2012-01-27 00:00:00', '2012-01-27 23:59:59'),
(829, '2012-01-28 00:00:00', '2012-01-28 23:59:59'),
(830, '2012-01-29 00:00:00', '2012-01-29 23:59:59'),
(831, '2012-01-30 00:00:00', '2012-01-30 23:59:59'),
(832, '2012-01-31 00:00:00', '2012-01-31 23:59:59'),
(833, '2012-02-01 00:00:00', '2012-02-01 23:59:59'),
(834, '2012-02-02 00:00:00', '2012-02-02 23:59:59'),
(835, '2012-02-03 00:00:00', '2012-02-03 23:59:59'),
(836, '2012-02-04 00:00:00', '2012-02-04 23:59:59'),
(837, '2012-02-05 00:00:00', '2012-02-05 23:59:59'),
(838, '2012-02-06 00:00:00', '2012-02-06 23:59:59'),
(839, '2012-02-07 00:00:00', '2012-02-07 23:59:59'),
(840, '2012-02-08 00:00:00', '2012-02-08 23:59:59'),
(841, '2012-02-09 00:00:00', '2012-02-09 23:59:59'),
(842, '2012-02-10 00:00:00', '2012-02-10 23:59:59'),
(843, '2012-02-11 00:00:00', '2012-02-11 23:59:59'),
(844, '2012-02-12 00:00:00', '2012-02-12 23:59:59'),
(845, '2012-02-13 00:00:00', '2012-02-13 23:59:59'),
(846, '2012-02-14 00:00:00', '2012-02-14 23:59:59'),
(847, '2012-02-15 00:00:00', '2012-02-15 23:59:59'),
(848, '2012-02-16 00:00:00', '2012-02-16 23:59:59'),
(849, '2012-02-17 00:00:00', '2012-02-17 23:59:59'),
(850, '2012-02-18 00:00:00', '2012-02-18 23:59:59'),
(851, '2012-02-19 00:00:00', '2012-02-19 23:59:59'),
(852, '2012-02-20 00:00:00', '2012-02-20 23:59:59'),
(853, '2012-02-21 00:00:00', '2012-02-21 23:59:59'),
(854, '2012-02-22 00:00:00', '2012-02-22 23:59:59'),
(855, '2012-02-23 00:00:00', '2012-02-23 23:59:59'),
(856, '2012-02-24 00:00:00', '2012-02-24 23:59:59'),
(857, '2012-02-25 00:00:00', '2012-02-25 23:59:59'),
(858, '2012-02-26 00:00:00', '2012-02-26 23:59:59'),
(859, '2012-02-27 00:00:00', '2012-02-27 23:59:59'),
(860, '2012-02-28 00:00:00', '2012-02-28 23:59:59'),
(861, '2012-02-29 00:00:00', '2012-02-29 23:59:59'),
(862, '2012-03-01 00:00:00', '2012-03-01 23:59:59'),
(863, '2012-03-02 00:00:00', '2012-03-02 23:59:59'),
(864, '2012-03-03 00:00:00', '2012-03-03 23:59:59'),
(865, '2012-03-04 00:00:00', '2012-03-04 23:59:59'),
(866, '2012-03-05 00:00:00', '2012-03-05 23:59:59'),
(867, '2012-03-06 00:00:00', '2012-03-06 23:59:59'),
(868, '2012-03-07 00:00:00', '2012-03-07 23:59:59'),
(869, '2012-03-08 00:00:00', '2012-03-08 23:59:59'),
(870, '2012-03-09 00:00:00', '2012-03-09 23:59:59'),
(871, '2012-03-10 00:00:00', '2012-03-10 23:59:59'),
(872, '2012-03-11 00:00:00', '2012-03-11 23:59:59'),
(873, '2012-03-12 00:00:00', '2012-03-12 23:59:59'),
(874, '2012-03-13 00:00:00', '2012-03-13 23:59:59'),
(875, '2012-03-14 00:00:00', '2012-03-14 23:59:59'),
(876, '2012-03-15 00:00:00', '2012-03-15 23:59:59'),
(877, '2012-03-16 00:00:00', '2012-03-16 23:59:59'),
(878, '2012-03-17 00:00:00', '2012-03-17 23:59:59'),
(879, '2012-03-18 00:00:00', '2012-03-18 23:59:59'),
(880, '2012-03-19 00:00:00', '2012-03-19 23:59:59'),
(881, '2012-03-20 00:00:00', '2012-03-20 23:59:59'),
(882, '2012-03-21 00:00:00', '2012-03-21 23:59:59'),
(883, '2012-03-22 00:00:00', '2012-03-22 23:59:59'),
(884, '2012-03-23 00:00:00', '2012-03-23 23:59:59'),
(885, '2012-03-24 00:00:00', '2012-03-24 23:59:59'),
(886, '2012-03-25 00:00:00', '2012-03-26 00:59:59'),
(887, '2012-03-26 00:00:00', '2012-03-26 23:59:59'),
(888, '2012-03-27 00:00:00', '2012-03-27 23:59:59'),
(889, '2012-03-28 00:00:00', '2012-03-28 23:59:59'),
(890, '2012-03-29 00:00:00', '2012-03-29 23:59:59'),
(891, '2012-03-30 00:00:00', '2012-03-30 23:59:59'),
(892, '2012-03-31 00:00:00', '2012-03-31 23:59:59'),
(893, '2012-04-01 00:00:00', '2012-04-01 23:59:59'),
(894, '2012-04-02 00:00:00', '2012-04-02 23:59:59'),
(895, '2012-04-03 00:00:00', '2012-04-03 23:59:59'),
(896, '2012-04-04 00:00:00', '2012-04-04 23:59:59'),
(897, '2012-04-05 00:00:00', '2012-04-05 23:59:59'),
(898, '2012-04-06 00:00:00', '2012-04-06 23:59:59'),
(899, '2012-04-07 00:00:00', '2012-04-07 23:59:59'),
(900, '2012-04-08 00:00:00', '2012-04-08 23:59:59'),
(901, '2012-04-09 00:00:00', '2012-04-09 23:59:59'),
(902, '2012-04-10 00:00:00', '2012-04-10 23:59:59'),
(903, '2012-04-11 00:00:00', '2012-04-11 23:59:59'),
(904, '2012-04-12 00:00:00', '2012-04-12 23:59:59'),
(905, '2012-04-13 00:00:00', '2012-04-13 23:59:59'),
(906, '2012-04-14 00:00:00', '2012-04-14 23:59:59'),
(907, '2012-04-15 00:00:00', '2012-04-15 23:59:59'),
(908, '2012-04-16 00:00:00', '2012-04-16 23:59:59'),
(909, '2012-04-17 00:00:00', '2012-04-17 23:59:59'),
(910, '2012-04-18 00:00:00', '2012-04-18 23:59:59'),
(911, '2012-04-19 00:00:00', '2012-04-19 23:59:59'),
(912, '2012-04-20 00:00:00', '2012-04-20 23:59:59'),
(913, '2012-04-21 00:00:00', '2012-04-21 23:59:59'),
(914, '2012-04-22 00:00:00', '2012-04-22 23:59:59'),
(915, '2012-04-23 00:00:00', '2012-04-23 23:59:59'),
(916, '2012-04-24 00:00:00', '2012-04-24 23:59:59'),
(917, '2012-04-25 00:00:00', '2012-04-25 23:59:59'),
(918, '2012-04-26 00:00:00', '2012-04-26 23:59:59'),
(919, '2012-04-27 00:00:00', '2012-04-27 23:59:59'),
(920, '2012-04-28 00:00:00', '2012-04-28 23:59:59'),
(921, '2012-04-29 00:00:00', '2012-04-29 23:59:59'),
(922, '2012-04-30 00:00:00', '2012-04-30 23:59:59'),
(923, '2012-05-01 00:00:00', '2012-05-01 23:59:59'),
(924, '2012-05-02 00:00:00', '2012-05-02 23:59:59'),
(925, '2012-05-03 00:00:00', '2012-05-03 23:59:59'),
(926, '2012-05-04 00:00:00', '2012-05-04 23:59:59'),
(927, '2012-05-05 00:00:00', '2012-05-05 23:59:59'),
(928, '2012-05-06 00:00:00', '2012-05-06 23:59:59'),
(929, '2012-05-07 00:00:00', '2012-05-07 23:59:59'),
(930, '2012-05-08 00:00:00', '2012-05-08 23:59:59'),
(931, '2012-05-09 00:00:00', '2012-05-09 23:59:59'),
(932, '2012-05-10 00:00:00', '2012-05-10 23:59:59'),
(933, '2012-05-11 00:00:00', '2012-05-11 23:59:59'),
(934, '2012-05-12 00:00:00', '2012-05-12 23:59:59'),
(935, '2012-05-13 00:00:00', '2012-05-13 23:59:59'),
(936, '2012-05-14 00:00:00', '2012-05-14 23:59:59'),
(937, '2012-05-15 00:00:00', '2012-05-15 23:59:59'),
(938, '2012-05-16 00:00:00', '2012-05-16 23:59:59'),
(939, '2012-05-17 00:00:00', '2012-05-17 23:59:59'),
(940, '2012-05-18 00:00:00', '2012-05-18 23:59:59'),
(941, '2012-05-19 00:00:00', '2012-05-19 23:59:59'),
(942, '2012-05-20 00:00:00', '2012-05-20 23:59:59'),
(943, '2012-05-21 00:00:00', '2012-05-21 23:59:59'),
(944, '2012-05-22 00:00:00', '2012-05-22 23:59:59'),
(945, '2012-05-23 00:00:00', '2012-05-23 23:59:59'),
(946, '2012-05-24 00:00:00', '2012-05-24 23:59:59'),
(947, '2012-05-25 00:00:00', '2012-05-25 23:59:59'),
(948, '2012-05-26 00:00:00', '2012-05-26 23:59:59'),
(949, '2012-05-27 00:00:00', '2012-05-27 23:59:59'),
(950, '2012-05-28 00:00:00', '2012-05-28 23:59:59'),
(951, '2012-05-29 00:00:00', '2012-05-29 23:59:59'),
(952, '2012-05-30 00:00:00', '2012-05-30 23:59:59'),
(953, '2012-05-31 00:00:00', '2012-05-31 23:59:59'),
(954, '2012-06-01 00:00:00', '2012-06-01 23:59:59'),
(955, '2012-06-02 00:00:00', '2012-06-02 23:59:59'),
(956, '2012-06-03 00:00:00', '2012-06-03 23:59:59'),
(957, '2012-06-04 00:00:00', '2012-06-04 23:59:59'),
(958, '2012-06-05 00:00:00', '2012-06-05 23:59:59'),
(959, '2012-06-06 00:00:00', '2012-06-06 23:59:59'),
(960, '2012-06-07 00:00:00', '2012-06-07 23:59:59'),
(961, '2012-06-08 00:00:00', '2012-06-08 23:59:59'),
(962, '2012-06-09 00:00:00', '2012-06-09 23:59:59'),
(963, '2012-06-10 00:00:00', '2012-06-10 23:59:59'),
(964, '2012-06-11 00:00:00', '2012-06-11 23:59:59'),
(965, '2012-06-12 00:00:00', '2012-06-12 23:59:59'),
(966, '2012-06-13 00:00:00', '2012-06-13 23:59:59'),
(967, '2012-06-14 00:00:00', '2012-06-14 23:59:59'),
(968, '2012-06-15 00:00:00', '2012-06-15 23:59:59'),
(969, '2012-06-16 00:00:00', '2012-06-16 23:59:59'),
(970, '2012-06-17 00:00:00', '2012-06-17 23:59:59'),
(971, '2012-06-18 00:00:00', '2012-06-18 23:59:59'),
(972, '2012-06-19 00:00:00', '2012-06-19 23:59:59'),
(973, '2012-06-20 00:00:00', '2012-06-20 23:59:59'),
(974, '2012-06-21 00:00:00', '2012-06-21 23:59:59'),
(975, '2012-06-22 00:00:00', '2012-06-22 23:59:59'),
(976, '2012-06-23 00:00:00', '2012-06-23 23:59:59'),
(977, '2012-06-24 00:00:00', '2012-06-24 23:59:59'),
(978, '2012-06-25 00:00:00', '2012-06-25 23:59:59'),
(979, '2012-06-26 00:00:00', '2012-06-26 23:59:59'),
(980, '2012-06-27 00:00:00', '2012-06-27 23:59:59');
INSERT INTO `dds_date_range` (`id_date_range`, `time_start`, `time_end`) VALUES
(981, '2012-06-28 00:00:00', '2012-06-28 23:59:59'),
(982, '2012-06-29 00:00:00', '2012-06-29 23:59:59'),
(983, '2012-06-30 00:00:00', '2012-06-30 23:59:59'),
(984, '2012-07-01 00:00:00', '2012-07-01 23:59:59'),
(985, '2012-07-02 00:00:00', '2012-07-02 23:59:59'),
(986, '2012-07-03 00:00:00', '2012-07-03 23:59:59'),
(987, '2012-07-04 00:00:00', '2012-07-04 23:59:59'),
(988, '2012-07-05 00:00:00', '2012-07-05 23:59:59'),
(989, '2012-07-06 00:00:00', '2012-07-06 23:59:59'),
(990, '2012-07-07 00:00:00', '2012-07-07 23:59:59'),
(991, '2012-07-08 00:00:00', '2012-07-08 23:59:59'),
(992, '2012-07-09 00:00:00', '2012-07-09 23:59:59'),
(993, '2012-07-10 00:00:00', '2012-07-10 23:59:59'),
(994, '2012-07-11 00:00:00', '2012-07-11 23:59:59'),
(995, '2012-07-12 00:00:00', '2012-07-12 23:59:59'),
(996, '2012-07-13 00:00:00', '2012-07-13 23:59:59'),
(997, '2012-07-14 00:00:00', '2012-07-14 23:59:59'),
(998, '2012-07-15 00:00:00', '2012-07-15 23:59:59'),
(999, '2012-07-16 00:00:00', '2012-07-16 23:59:59'),
(1000, '2012-07-17 00:00:00', '2012-07-17 23:59:59'),
(1001, '2012-07-18 00:00:00', '2012-07-18 23:59:59'),
(1002, '2012-07-19 00:00:00', '2012-07-19 23:59:59'),
(1003, '2012-07-20 00:00:00', '2012-07-20 23:59:59'),
(1004, '2012-07-21 00:00:00', '2012-07-21 23:59:59'),
(1005, '2012-07-22 00:00:00', '2012-07-22 23:59:59'),
(1006, '2012-07-23 00:00:00', '2012-07-23 23:59:59'),
(1007, '2012-07-24 00:00:00', '2012-07-24 23:59:59'),
(1008, '2012-07-25 00:00:00', '2012-07-25 23:59:59'),
(1009, '2012-07-26 00:00:00', '2012-07-26 23:59:59'),
(1010, '2012-07-27 00:00:00', '2012-07-27 23:59:59'),
(1011, '2012-07-28 00:00:00', '2012-07-28 23:59:59'),
(1012, '2012-07-29 00:00:00', '2012-07-29 23:59:59'),
(1013, '2012-07-30 00:00:00', '2012-07-30 23:59:59'),
(1014, '2012-07-31 00:00:00', '2012-07-31 23:59:59'),
(1015, '2012-08-01 00:00:00', '2012-08-01 23:59:59'),
(1016, '2012-08-02 00:00:00', '2012-08-02 23:59:59'),
(1017, '2012-08-03 00:00:00', '2012-08-03 23:59:59'),
(1018, '2012-08-04 00:00:00', '2012-08-04 23:59:59'),
(1019, '2012-08-05 00:00:00', '2012-08-05 23:59:59'),
(1020, '2012-08-06 00:00:00', '2012-08-06 23:59:59'),
(1021, '2012-08-07 00:00:00', '2012-08-07 23:59:59'),
(1022, '2012-08-08 00:00:00', '2012-08-08 23:59:59'),
(1023, '2012-08-09 00:00:00', '2012-08-09 23:59:59'),
(1024, '2012-08-10 00:00:00', '2012-08-10 23:59:59'),
(1025, '2012-08-11 00:00:00', '2012-08-11 23:59:59'),
(1026, '2012-08-12 00:00:00', '2012-08-12 23:59:59'),
(1027, '2012-08-13 00:00:00', '2012-08-13 23:59:59'),
(1028, '2012-08-14 00:00:00', '2012-08-14 23:59:59'),
(1029, '2012-08-15 00:00:00', '2012-08-15 23:59:59'),
(1030, '2012-08-16 00:00:00', '2012-08-16 23:59:59'),
(1031, '2012-08-17 00:00:00', '2012-08-17 23:59:59'),
(1032, '2012-08-18 00:00:00', '2012-08-18 23:59:59'),
(1033, '2012-08-19 00:00:00', '2012-08-19 23:59:59'),
(1034, '2012-08-20 00:00:00', '2012-08-20 23:59:59'),
(1035, '2012-08-21 00:00:00', '2012-08-21 23:59:59'),
(1036, '2012-08-22 00:00:00', '2012-08-22 23:59:59'),
(1037, '2012-08-23 00:00:00', '2012-08-23 23:59:59'),
(1038, '2012-08-24 00:00:00', '2012-08-24 23:59:59'),
(1039, '2012-08-25 00:00:00', '2012-08-25 23:59:59'),
(1040, '2012-08-26 00:00:00', '2012-08-26 23:59:59'),
(1041, '2012-08-27 00:00:00', '2012-08-27 23:59:59'),
(1042, '2012-08-28 00:00:00', '2012-08-28 23:59:59'),
(1043, '2012-08-29 00:00:00', '2012-08-29 23:59:59'),
(1044, '2012-08-30 00:00:00', '2012-08-30 23:59:59'),
(1045, '2012-08-31 00:00:00', '2012-08-31 23:59:59'),
(1046, '2012-09-01 00:00:00', '2012-09-01 23:59:59'),
(1047, '2012-09-02 00:00:00', '2012-09-02 23:59:59'),
(1048, '2012-09-03 00:00:00', '2012-09-03 23:59:59'),
(1049, '2012-09-04 00:00:00', '2012-09-04 23:59:59'),
(1050, '2012-09-05 00:00:00', '2012-09-05 23:59:59'),
(1051, '2012-09-06 00:00:00', '2012-09-06 23:59:59'),
(1052, '2012-09-07 00:00:00', '2012-09-07 23:59:59'),
(1053, '2012-09-08 00:00:00', '2012-09-08 23:59:59'),
(1054, '2012-09-09 00:00:00', '2012-09-09 23:59:59'),
(1055, '2012-09-10 00:00:00', '2012-09-10 23:59:59'),
(1056, '2012-09-11 00:00:00', '2012-09-11 23:59:59'),
(1057, '2012-09-12 00:00:00', '2012-09-12 23:59:59'),
(1058, '2012-09-13 00:00:00', '2012-09-13 23:59:59'),
(1059, '2012-09-14 00:00:00', '2012-09-14 23:59:59'),
(1060, '2012-09-15 00:00:00', '2012-09-15 23:59:59'),
(1061, '2012-09-16 00:00:00', '2012-09-16 23:59:59'),
(1062, '2012-09-17 00:00:00', '2012-09-17 23:59:59'),
(1063, '2012-09-18 00:00:00', '2012-09-18 23:59:59'),
(1064, '2012-09-19 00:00:00', '2012-09-19 23:59:59'),
(1065, '2012-09-20 00:00:00', '2012-09-20 23:59:59'),
(1066, '2012-09-21 00:00:00', '2012-09-21 23:59:59'),
(1067, '2012-09-22 00:00:00', '2012-09-22 23:59:59'),
(1068, '2012-09-23 00:00:00', '2012-09-23 23:59:59'),
(1069, '2012-09-24 00:00:00', '2012-09-24 23:59:59'),
(1070, '2012-09-25 00:00:00', '2012-09-25 23:59:59'),
(1071, '2012-09-26 00:00:00', '2012-09-26 23:59:59'),
(1072, '2012-09-27 00:00:00', '2012-09-27 23:59:59'),
(1073, '2012-09-28 00:00:00', '2012-09-28 23:59:59'),
(1074, '2012-09-29 00:00:00', '2012-09-29 23:59:59'),
(1075, '2012-09-30 00:00:00', '2012-09-30 23:59:59'),
(1076, '2012-10-01 00:00:00', '2012-10-01 23:59:59'),
(1077, '2012-10-02 00:00:00', '2012-10-02 23:59:59'),
(1078, '2012-10-03 00:00:00', '2012-10-03 23:59:59'),
(1079, '2012-10-04 00:00:00', '2012-10-04 23:59:59'),
(1080, '2012-10-05 00:00:00', '2012-10-05 23:59:59'),
(1081, '2012-10-06 00:00:00', '2012-10-06 23:59:59'),
(1082, '2012-10-07 00:00:00', '2012-10-07 23:59:59'),
(1083, '2012-10-08 00:00:00', '2012-10-08 23:59:59'),
(1084, '2012-10-09 00:00:00', '2012-10-09 23:59:59'),
(1085, '2012-10-10 00:00:00', '2012-10-10 23:59:59'),
(1086, '2012-10-11 00:00:00', '2012-10-11 23:59:59'),
(1087, '2012-10-12 00:00:00', '2012-10-12 23:59:59'),
(1088, '2012-10-13 00:00:00', '2012-10-13 23:59:59'),
(1089, '2012-10-14 00:00:00', '2012-10-14 23:59:59'),
(1090, '2012-10-15 00:00:00', '2012-10-15 23:59:59'),
(1091, '2012-10-16 00:00:00', '2012-10-16 23:59:59'),
(1092, '2012-10-17 00:00:00', '2012-10-17 23:59:59'),
(1093, '2012-10-18 00:00:00', '2012-10-18 23:59:59'),
(1094, '2012-10-19 00:00:00', '2012-10-19 23:59:59'),
(1095, '2012-10-20 00:00:00', '2012-10-20 23:59:59'),
(1096, '2012-10-21 00:00:00', '2012-10-21 23:59:59'),
(1097, '2012-10-22 00:00:00', '2012-10-22 23:59:59'),
(1098, '2012-10-23 00:00:00', '2012-10-23 23:59:59'),
(1099, '2012-10-24 00:00:00', '2012-10-24 23:59:59'),
(1100, '2012-10-25 00:00:00', '2012-10-25 23:59:59'),
(1101, '2012-10-26 00:00:00', '2012-10-26 23:59:59'),
(1102, '2012-10-27 00:00:00', '2012-10-27 23:59:59'),
(1103, '2012-10-28 00:00:00', '2012-10-28 22:59:59'),
(1104, '2012-10-28 00:00:00', '2012-10-28 22:59:59'),
(1105, '2012-10-28 00:00:00', '2012-10-28 22:59:59'),
(1106, '2012-10-28 00:00:00', '2012-10-28 22:59:59'),
(1107, '2012-10-28 00:00:00', '2012-10-28 22:59:59'),
(1108, '2012-10-28 00:00:00', '2012-10-28 22:59:59'),
(1109, '2012-10-28 00:00:00', '2012-10-28 22:59:59'),
(1110, '2012-10-28 00:00:00', '2012-10-28 22:59:59'),
(1111, '2012-10-28 00:00:00', '2012-10-28 22:59:59'),
(1112, '2012-10-28 00:00:00', '2012-10-28 22:59:59'),
(1113, '2012-10-28 00:00:00', '2012-10-28 22:59:59'),
(1114, '2012-10-28 00:00:00', '2012-10-28 22:59:59'),
(1115, '2012-10-28 00:00:00', '2012-10-28 22:59:59'),
(1116, '2012-10-29 00:00:00', '2012-10-29 23:59:59'),
(1117, '2012-10-30 00:00:00', '2012-10-30 23:59:59'),
(1118, '2012-10-31 00:00:00', '2012-10-31 23:59:59'),
(1119, '2012-11-01 00:00:00', '2012-11-01 23:59:59'),
(1120, '2012-11-02 00:00:00', '2012-11-02 23:59:59'),
(1121, '2012-11-03 00:00:00', '2012-11-03 23:59:59'),
(1122, '2012-11-04 00:00:00', '2012-11-04 23:59:59'),
(1123, '2012-11-05 00:00:00', '2012-11-05 23:59:59'),
(1124, '2012-11-06 00:00:00', '2012-11-06 23:59:59'),
(1125, '2012-11-07 00:00:00', '2012-11-07 23:59:59'),
(1126, '2012-11-08 00:00:00', '2012-11-08 23:59:59'),
(1127, '2012-11-09 00:00:00', '2012-11-09 23:59:59'),
(1128, '2012-11-10 00:00:00', '2012-11-10 23:59:59'),
(1129, '2012-11-11 00:00:00', '2012-11-11 23:59:59'),
(1130, '2012-11-12 00:00:00', '2012-11-12 23:59:59'),
(1131, '2012-11-13 00:00:00', '2012-11-13 23:59:59'),
(1132, '2012-11-14 00:00:00', '2012-11-14 23:59:59'),
(1133, '2012-11-15 00:00:00', '2012-11-15 23:59:59'),
(1134, '2012-11-16 00:00:00', '2012-11-16 23:59:59'),
(1135, '2012-11-17 00:00:00', '2012-11-17 23:59:59'),
(1136, '2012-11-18 00:00:00', '2012-11-18 23:59:59'),
(1137, '2012-11-19 00:00:00', '2012-11-19 23:59:59'),
(1138, '2012-11-20 00:00:00', '2012-11-20 23:59:59'),
(1139, '2012-11-21 00:00:00', '2012-11-21 23:59:59'),
(1140, '2012-11-22 00:00:00', '2012-11-22 23:59:59'),
(1141, '2012-11-23 00:00:00', '2012-11-23 23:59:59'),
(1142, '2012-11-24 00:00:00', '2012-11-24 23:59:59'),
(1143, '2012-11-25 00:00:00', '2012-11-25 23:59:59'),
(1144, '2012-11-26 00:00:00', '2012-11-26 23:59:59'),
(1145, '2012-11-27 00:00:00', '2012-11-27 23:59:59'),
(1146, '2012-11-28 00:00:00', '2012-11-28 23:59:59'),
(1147, '2012-11-29 00:00:00', '2012-11-29 23:59:59'),
(1148, '2012-11-30 00:00:00', '2012-11-30 23:59:59'),
(1149, '2012-12-01 00:00:00', '2012-12-01 23:59:59'),
(1150, '2012-12-02 00:00:00', '2012-12-02 23:59:59'),
(1151, '2012-12-03 00:00:00', '2012-12-03 23:59:59'),
(1152, '2012-12-04 00:00:00', '2012-12-04 23:59:59'),
(1153, '2012-12-05 00:00:00', '2012-12-05 23:59:59'),
(1154, '2012-12-06 00:00:00', '2012-12-06 23:59:59'),
(1155, '2012-12-07 00:00:00', '2012-12-07 23:59:59'),
(1156, '2012-12-08 00:00:00', '2012-12-08 23:59:59'),
(1157, '2012-12-09 00:00:00', '2012-12-09 23:59:59'),
(1158, '2012-12-10 00:00:00', '2012-12-10 23:59:59'),
(1159, '2012-12-11 00:00:00', '2012-12-11 23:59:59'),
(1160, '2012-12-12 00:00:00', '2012-12-12 23:59:59'),
(1161, '2012-12-13 00:00:00', '2012-12-13 23:59:59'),
(1162, '2012-12-14 00:00:00', '2012-12-14 23:59:59'),
(1163, '2012-12-15 00:00:00', '2012-12-15 23:59:59'),
(1164, '2012-12-16 00:00:00', '2012-12-16 23:59:59'),
(1165, '2012-12-17 00:00:00', '2012-12-17 23:59:59'),
(1166, '2012-12-18 00:00:00', '2012-12-18 23:59:59'),
(1167, '2012-12-19 00:00:00', '2012-12-19 23:59:59'),
(1168, '2012-12-20 00:00:00', '2012-12-20 23:59:59'),
(1169, '2012-12-21 00:00:00', '2012-12-21 23:59:59'),
(1170, '2012-12-22 00:00:00', '2012-12-22 23:59:59'),
(1171, '2012-12-23 00:00:00', '2012-12-23 23:59:59'),
(1172, '2012-12-24 00:00:00', '2012-12-24 23:59:59'),
(1173, '2012-12-25 00:00:00', '2012-12-25 23:59:59'),
(1174, '2012-12-26 00:00:00', '2012-12-26 23:59:59'),
(1175, '2012-12-27 00:00:00', '2012-12-27 23:59:59'),
(1176, '2012-12-28 00:00:00', '2012-12-28 23:59:59'),
(1177, '2012-12-29 00:00:00', '2012-12-29 23:59:59'),
(1178, '2012-12-30 00:00:00', '2012-12-30 23:59:59'),
(1179, '2012-12-31 00:00:00', '2012-12-31 23:59:59'),
(1180, '2013-01-01 00:00:00', '2013-01-01 23:59:59'),
(1181, '2013-01-02 00:00:00', '2013-01-02 23:59:59'),
(1182, '2013-01-03 00:00:00', '2013-01-03 23:59:59'),
(1183, '2013-01-04 00:00:00', '2013-01-04 23:59:59'),
(1184, '2013-01-05 00:00:00', '2013-01-05 23:59:59'),
(1185, '2013-01-06 00:00:00', '2013-01-06 23:59:59'),
(1186, '2013-01-07 00:00:00', '2013-01-07 23:59:59'),
(1187, '2013-01-08 00:00:00', '2013-01-08 23:59:59'),
(1188, '2013-01-09 00:00:00', '2013-01-09 23:59:59'),
(1189, '2013-01-10 00:00:00', '2013-01-10 23:59:59'),
(1190, '2013-01-11 00:00:00', '2013-01-11 23:59:59'),
(1191, '2013-01-12 00:00:00', '2013-01-12 23:59:59'),
(1192, '2013-01-13 00:00:00', '2013-01-13 23:59:59'),
(1193, '2013-01-14 00:00:00', '2013-01-14 23:59:59'),
(1194, '2013-01-15 00:00:00', '2013-01-15 23:59:59'),
(1195, '2013-01-16 00:00:00', '2013-01-16 23:59:59'),
(1196, '2013-01-17 00:00:00', '2013-01-17 23:59:59'),
(1197, '2013-01-18 00:00:00', '2013-01-18 23:59:59'),
(1198, '2013-01-19 00:00:00', '2013-01-19 23:59:59'),
(1199, '2013-01-20 00:00:00', '2013-01-20 23:59:59'),
(1200, '2013-01-21 00:00:00', '2013-01-21 23:59:59'),
(1201, '2013-01-22 00:00:00', '2013-01-22 23:59:59'),
(1202, '2013-01-23 00:00:00', '2013-01-23 23:59:59'),
(1203, '2013-01-24 00:00:00', '2013-01-24 23:59:59'),
(1204, '2013-01-25 00:00:00', '2013-01-25 23:59:59'),
(1205, '2013-01-26 00:00:00', '2013-01-26 23:59:59'),
(1206, '2013-01-27 00:00:00', '2013-01-27 23:59:59'),
(1207, '2013-01-28 00:00:00', '2013-01-28 23:59:59'),
(1208, '2013-01-29 00:00:00', '2013-01-29 23:59:59'),
(1209, '2013-01-30 00:00:00', '2013-01-30 23:59:59'),
(1210, '2013-01-31 00:00:00', '2013-01-31 23:59:59'),
(1211, '2013-02-01 00:00:00', '2013-02-01 23:59:59'),
(1212, '2013-02-02 00:00:00', '2013-02-02 23:59:59'),
(1213, '2013-02-03 00:00:00', '2013-02-03 23:59:59'),
(1214, '2013-02-04 00:00:00', '2013-02-04 23:59:59'),
(1215, '2013-02-05 00:00:00', '2013-02-05 23:59:59'),
(1216, '2013-02-06 00:00:00', '2013-02-06 23:59:59'),
(1217, '2013-02-07 00:00:00', '2013-02-07 23:59:59'),
(1218, '2013-02-08 00:00:00', '2013-02-08 23:59:59'),
(1219, '2013-02-09 00:00:00', '2013-02-09 23:59:59'),
(1220, '2013-02-10 00:00:00', '2013-02-10 23:59:59'),
(1221, '2013-02-11 00:00:00', '2013-02-11 23:59:59'),
(1222, '2013-02-12 00:00:00', '2013-02-12 23:59:59'),
(1223, '2013-02-13 00:00:00', '2013-02-13 23:59:59'),
(1224, '2013-02-14 00:00:00', '2013-02-14 23:59:59'),
(1225, '2013-02-15 00:00:00', '2013-02-15 23:59:59'),
(1226, '2013-02-16 00:00:00', '2013-02-16 23:59:59'),
(1227, '2013-02-17 00:00:00', '2013-02-17 23:59:59'),
(1228, '2013-02-18 00:00:00', '2013-02-18 23:59:59'),
(1229, '2013-02-19 00:00:00', '2013-02-19 23:59:59'),
(1230, '2013-02-20 00:00:00', '2013-02-20 23:59:59'),
(1231, '2013-02-21 00:00:00', '2013-02-21 23:59:59'),
(1232, '2013-02-22 00:00:00', '2013-02-22 23:59:59'),
(1233, '2013-02-23 00:00:00', '2013-02-23 23:59:59'),
(1234, '2013-02-24 00:00:00', '2013-02-24 23:59:59'),
(1235, '2013-02-25 00:00:00', '2013-02-25 23:59:59'),
(1236, '2013-02-26 00:00:00', '2013-02-26 23:59:59'),
(1237, '2013-02-27 00:00:00', '2013-02-27 23:59:59'),
(1238, '2013-02-28 00:00:00', '2013-02-28 23:59:59'),
(1239, '2013-03-01 00:00:00', '2013-03-01 23:59:59'),
(1240, '2013-03-02 00:00:00', '2013-03-02 23:59:59'),
(1241, '2013-03-03 00:00:00', '2013-03-03 23:59:59'),
(1242, '2013-03-04 00:00:00', '2013-03-04 23:59:59'),
(1243, '2013-03-05 00:00:00', '2013-03-05 23:59:59'),
(1244, '2013-03-06 00:00:00', '2013-03-06 23:59:59'),
(1245, '2013-03-07 00:00:00', '2013-03-07 23:59:59'),
(1246, '2013-03-08 00:00:00', '2013-03-08 23:59:59'),
(1247, '2013-03-09 00:00:00', '2013-03-09 23:59:59'),
(1248, '2013-03-10 00:00:00', '2013-03-10 23:59:59'),
(1249, '2013-03-11 00:00:00', '2013-03-11 23:59:59'),
(1250, '2013-03-12 00:00:00', '2013-03-12 23:59:59'),
(1251, '2013-03-13 00:00:00', '2013-03-13 23:59:59'),
(1252, '2013-03-14 00:00:00', '2013-03-14 23:59:59'),
(1253, '2013-03-15 00:00:00', '2013-03-15 23:59:59'),
(1254, '2013-03-16 00:00:00', '2013-03-16 23:59:59'),
(1255, '2013-03-17 00:00:00', '2013-03-17 23:59:59'),
(1256, '2013-03-18 00:00:00', '2013-03-18 23:59:59'),
(1257, '2013-03-19 00:00:00', '2013-03-19 23:59:59'),
(1258, '2013-03-20 00:00:00', '2013-03-20 23:59:59'),
(1259, '2013-03-21 00:00:00', '2013-03-21 23:59:59'),
(1260, '2013-03-22 00:00:00', '2013-03-22 23:59:59'),
(1261, '2013-03-23 00:00:00', '2013-03-23 23:59:59'),
(1262, '2013-03-24 00:00:00', '2013-03-24 23:59:59'),
(1263, '2013-03-25 00:00:00', '2013-03-25 23:59:59'),
(1264, '2013-03-26 00:00:00', '2013-03-26 23:59:59'),
(1265, '2013-03-27 00:00:00', '2013-03-27 23:59:59'),
(1266, '2013-03-28 00:00:00', '2013-03-28 23:59:59'),
(1267, '2013-03-29 00:00:00', '2013-03-29 23:59:59'),
(1268, '2013-03-30 00:00:00', '2013-03-30 23:59:59'),
(1269, '2013-03-31 00:00:00', '2013-04-01 00:59:59'),
(1270, '2013-04-01 00:00:00', '2013-04-01 23:59:59'),
(1271, '2013-04-02 00:00:00', '2013-04-02 23:59:59'),
(1272, '2013-04-03 00:00:00', '2013-04-03 23:59:59'),
(1273, '2013-04-04 00:00:00', '2013-04-04 23:59:59'),
(1274, '2013-04-05 00:00:00', '2013-04-05 23:59:59'),
(1275, '2013-04-06 00:00:00', '2013-04-06 23:59:59'),
(1276, '2013-04-07 00:00:00', '2013-04-07 23:59:59'),
(1277, '2013-04-08 00:00:00', '2013-04-08 23:59:59'),
(1278, '2013-04-09 00:00:00', '2013-04-09 23:59:59'),
(1279, '2013-04-10 00:00:00', '2013-04-10 23:59:59'),
(1280, '2013-04-11 00:00:00', '2013-04-11 23:59:59'),
(1281, '2013-04-12 00:00:00', '2013-04-12 23:59:59'),
(1282, '2013-04-13 00:00:00', '2013-04-13 23:59:59'),
(1283, '2013-04-14 00:00:00', '2013-04-14 23:59:59'),
(1284, '2013-04-15 00:00:00', '2013-04-15 23:59:59'),
(1285, '2013-04-16 00:00:00', '2013-04-16 23:59:59'),
(1286, '2013-04-17 00:00:00', '2013-04-17 23:59:59'),
(1287, '2013-04-18 00:00:00', '2013-04-18 23:59:59'),
(1288, '2013-04-19 00:00:00', '2013-04-19 23:59:59'),
(1289, '2013-04-20 00:00:00', '2013-04-20 23:59:59'),
(1290, '2013-04-21 00:00:00', '2013-04-21 23:59:59'),
(1291, '2013-04-22 00:00:00', '2013-04-22 23:59:59'),
(1292, '2013-04-23 00:00:00', '2013-04-23 23:59:59'),
(1293, '2013-04-24 00:00:00', '2013-04-24 23:59:59'),
(1294, '2013-04-25 00:00:00', '2013-04-25 23:59:59'),
(1295, '2013-04-26 00:00:00', '2013-04-26 23:59:59'),
(1296, '2013-04-27 00:00:00', '2013-04-27 23:59:59'),
(1297, '2013-04-28 00:00:00', '2013-04-28 23:59:59'),
(1298, '2013-04-29 00:00:00', '2013-04-29 23:59:59'),
(1299, '2013-04-30 00:00:00', '2013-04-30 23:59:59'),
(1300, '2013-05-01 00:00:00', '2013-05-01 23:59:59'),
(1301, '2013-05-02 00:00:00', '2013-05-02 23:59:59'),
(1302, '2013-05-03 00:00:00', '2013-05-03 23:59:59'),
(1303, '2013-05-04 00:00:00', '2013-05-04 23:59:59'),
(1304, '2013-05-05 00:00:00', '2013-05-05 23:59:59'),
(1305, '2013-05-06 00:00:00', '2013-05-06 23:59:59'),
(1306, '2013-05-07 00:00:00', '2013-05-07 23:59:59'),
(1307, '2013-05-08 00:00:00', '2013-05-08 23:59:59'),
(1308, '2013-05-09 00:00:00', '2013-05-09 23:59:59'),
(1309, '2013-05-10 00:00:00', '2013-05-10 23:59:59'),
(1310, '2013-05-11 00:00:00', '2013-05-11 23:59:59'),
(1311, '2013-05-12 00:00:00', '2013-05-12 23:59:59'),
(1312, '2013-05-13 00:00:00', '2013-05-13 23:59:59'),
(1313, '2013-05-14 00:00:00', '2013-05-14 23:59:59'),
(1314, '2013-05-15 00:00:00', '2013-05-15 23:59:59'),
(1315, '2013-05-16 00:00:00', '2013-05-16 23:59:59'),
(1316, '2013-05-17 00:00:00', '2013-05-17 23:59:59'),
(1317, '2013-05-18 00:00:00', '2013-05-18 23:59:59'),
(1318, '2013-05-19 00:00:00', '2013-05-19 23:59:59'),
(1319, '2013-05-20 00:00:00', '2013-05-20 23:59:59'),
(1320, '2013-05-21 00:00:00', '2013-05-21 23:59:59'),
(1321, '2013-05-22 00:00:00', '2013-05-22 23:59:59'),
(1322, '2013-05-23 00:00:00', '2013-05-23 23:59:59'),
(1323, '2013-05-24 00:00:00', '2013-05-24 23:59:59'),
(1324, '2013-05-25 00:00:00', '2013-05-25 23:59:59'),
(1325, '2013-05-26 00:00:00', '2013-05-26 23:59:59'),
(1326, '2013-05-27 00:00:00', '2013-05-27 23:59:59'),
(1327, '2013-05-28 00:00:00', '2013-05-28 23:59:59'),
(1328, '2013-05-29 00:00:00', '2013-05-29 23:59:59'),
(1329, '2013-05-30 00:00:00', '2013-05-30 23:59:59'),
(1330, '2013-05-31 00:00:00', '2013-05-31 23:59:59'),
(1331, '2013-06-01 00:00:00', '2013-06-01 23:59:59'),
(1332, '2013-06-02 00:00:00', '2013-06-02 23:59:59'),
(1333, '2013-06-03 00:00:00', '2013-06-03 23:59:59'),
(1334, '2013-06-04 00:00:00', '2013-06-04 23:59:59'),
(1335, '2013-06-05 00:00:00', '2013-06-05 23:59:59'),
(1336, '2013-06-06 00:00:00', '2013-06-06 23:59:59'),
(1337, '2013-06-07 00:00:00', '2013-06-07 23:59:59'),
(1338, '2013-06-08 00:00:00', '2013-06-08 23:59:59'),
(1339, '2013-06-09 00:00:00', '2013-06-09 23:59:59'),
(1340, '2013-06-10 00:00:00', '2013-06-10 23:59:59'),
(1341, '2013-06-11 00:00:00', '2013-06-11 23:59:59'),
(1342, '2013-06-12 00:00:00', '2013-06-12 23:59:59'),
(1343, '2013-06-13 00:00:00', '2013-06-13 23:59:59'),
(1344, '2013-06-14 00:00:00', '2013-06-14 23:59:59'),
(1345, '2013-06-15 00:00:00', '2013-06-15 23:59:59'),
(1346, '2013-06-16 00:00:00', '2013-06-16 23:59:59'),
(1347, '2013-06-17 00:00:00', '2013-06-17 23:59:59'),
(1348, '2013-06-18 00:00:00', '2013-06-18 23:59:59'),
(1349, '2013-06-19 00:00:00', '2013-06-19 23:59:59'),
(1350, '2013-06-20 00:00:00', '2013-06-20 23:59:59'),
(1351, '2013-06-21 00:00:00', '2013-06-21 23:59:59'),
(1352, '2013-06-22 00:00:00', '2013-06-22 23:59:59'),
(1353, '2013-06-23 00:00:00', '2013-06-23 23:59:59'),
(1354, '2013-06-24 00:00:00', '2013-06-24 23:59:59'),
(1355, '2013-06-25 00:00:00', '2013-06-25 23:59:59'),
(1356, '2013-06-26 00:00:00', '2013-06-26 23:59:59'),
(1357, '2013-06-27 00:00:00', '2013-06-27 23:59:59'),
(1358, '2013-06-28 00:00:00', '2013-06-28 23:59:59'),
(1359, '2013-06-29 00:00:00', '2013-06-29 23:59:59'),
(1360, '2013-06-30 00:00:00', '2013-06-30 23:59:59'),
(1361, '2013-07-01 00:00:00', '2013-07-01 23:59:59'),
(1362, '2013-07-02 00:00:00', '2013-07-02 23:59:59'),
(1363, '2013-07-03 00:00:00', '2013-07-03 23:59:59'),
(1364, '2013-07-04 00:00:00', '2013-07-04 23:59:59'),
(1365, '2013-07-05 00:00:00', '2013-07-05 23:59:59'),
(1366, '2013-07-06 00:00:00', '2013-07-06 23:59:59'),
(1367, '2013-07-07 00:00:00', '2013-07-07 23:59:59'),
(1368, '2013-07-08 00:00:00', '2013-07-08 23:59:59'),
(1369, '2013-07-09 00:00:00', '2013-07-09 23:59:59'),
(1370, '2013-07-10 00:00:00', '2013-07-10 23:59:59'),
(1371, '2013-07-11 00:00:00', '2013-07-11 23:59:59'),
(1372, '2013-07-12 00:00:00', '2013-07-12 23:59:59'),
(1373, '2013-07-13 00:00:00', '2013-07-13 23:59:59'),
(1374, '2013-07-14 00:00:00', '2013-07-14 23:59:59'),
(1375, '2013-07-15 00:00:00', '2013-07-15 23:59:59'),
(1376, '2013-07-16 00:00:00', '2013-07-16 23:59:59'),
(1377, '2013-07-17 00:00:00', '2013-07-17 23:59:59'),
(1378, '2013-07-18 00:00:00', '2013-07-18 23:59:59'),
(1379, '2013-07-19 00:00:00', '2013-07-19 23:59:59'),
(1380, '2013-07-20 00:00:00', '2013-07-20 23:59:59'),
(1381, '2013-07-21 00:00:00', '2013-07-21 23:59:59'),
(1382, '2013-07-22 00:00:00', '2013-07-22 23:59:59'),
(1383, '2013-07-23 00:00:00', '2013-07-23 23:59:59'),
(1384, '2013-07-24 00:00:00', '2013-07-24 23:59:59'),
(1385, '2013-07-25 00:00:00', '2013-07-25 23:59:59'),
(1386, '2013-07-26 00:00:00', '2013-07-26 23:59:59'),
(1387, '2013-07-27 00:00:00', '2013-07-27 23:59:59'),
(1388, '2013-07-28 00:00:00', '2013-07-28 23:59:59'),
(1389, '2013-07-29 00:00:00', '2013-07-29 23:59:59'),
(1390, '2013-07-30 00:00:00', '2013-07-30 23:59:59'),
(1391, '2013-07-31 00:00:00', '2013-07-31 23:59:59'),
(1392, '2013-08-01 00:00:00', '2013-08-01 23:59:59'),
(1393, '2013-08-02 00:00:00', '2013-08-02 23:59:59'),
(1394, '2013-08-03 00:00:00', '2013-08-03 23:59:59'),
(1395, '2013-08-04 00:00:00', '2013-08-04 23:59:59'),
(1396, '2013-08-05 00:00:00', '2013-08-05 23:59:59'),
(1397, '2013-08-06 00:00:00', '2013-08-06 23:59:59'),
(1398, '2013-08-07 00:00:00', '2013-08-07 23:59:59'),
(1399, '2013-08-08 00:00:00', '2013-08-08 23:59:59'),
(1400, '2013-08-09 00:00:00', '2013-08-09 23:59:59'),
(1401, '2013-08-10 00:00:00', '2013-08-10 23:59:59'),
(1402, '2013-08-11 00:00:00', '2013-08-11 23:59:59'),
(1403, '2013-08-12 00:00:00', '2013-08-12 23:59:59'),
(1404, '2013-08-13 00:00:00', '2013-08-13 23:59:59'),
(1405, '2013-08-14 00:00:00', '2013-08-14 23:59:59'),
(1406, '2013-08-15 00:00:00', '2013-08-15 23:59:59'),
(1407, '2013-08-16 00:00:00', '2013-08-16 23:59:59'),
(1408, '2013-08-17 00:00:00', '2013-08-17 23:59:59'),
(1409, '2013-08-18 00:00:00', '2013-08-18 23:59:59'),
(1410, '2013-08-19 00:00:00', '2013-08-19 23:59:59'),
(1411, '2013-08-20 00:00:00', '2013-08-20 23:59:59'),
(1412, '2013-08-21 00:00:00', '2013-08-21 23:59:59'),
(1413, '2013-08-22 00:00:00', '2013-08-22 23:59:59'),
(1414, '2013-08-23 00:00:00', '2013-08-23 23:59:59'),
(1415, '2013-08-24 00:00:00', '2013-08-24 23:59:59'),
(1416, '2013-08-25 00:00:00', '2013-08-25 23:59:59'),
(1417, '2013-08-26 00:00:00', '2013-08-26 23:59:59'),
(1418, '2013-08-27 00:00:00', '2013-08-27 23:59:59'),
(1419, '2013-08-28 00:00:00', '2013-08-28 23:59:59'),
(1420, '2013-08-29 00:00:00', '2013-08-29 23:59:59'),
(1421, '2013-08-30 00:00:00', '2013-08-30 23:59:59'),
(1422, '2013-08-31 00:00:00', '2013-08-31 23:59:59'),
(1423, '2013-09-01 00:00:00', '2013-09-01 23:59:59'),
(1424, '2013-09-02 00:00:00', '2013-09-02 23:59:59'),
(1425, '2013-09-03 00:00:00', '2013-09-03 23:59:59'),
(1426, '2013-09-04 00:00:00', '2013-09-04 23:59:59'),
(1427, '2013-09-05 00:00:00', '2013-09-05 23:59:59'),
(1428, '2013-09-06 00:00:00', '2013-09-06 23:59:59'),
(1429, '2013-09-07 00:00:00', '2013-09-07 23:59:59'),
(1430, '2013-09-08 00:00:00', '2013-09-08 23:59:59'),
(1431, '2013-09-09 00:00:00', '2013-09-09 23:59:59'),
(1432, '2013-09-10 00:00:00', '2013-09-10 23:59:59'),
(1433, '2013-09-11 00:00:00', '2013-09-11 23:59:59'),
(1434, '2013-09-12 00:00:00', '2013-09-12 23:59:59'),
(1435, '2013-09-13 00:00:00', '2013-09-13 23:59:59'),
(1436, '2013-09-14 00:00:00', '2013-09-14 23:59:59'),
(1437, '2013-09-15 00:00:00', '2013-09-15 23:59:59'),
(1438, '2013-09-16 00:00:00', '2013-09-16 23:59:59'),
(1439, '2013-09-17 00:00:00', '2013-09-17 23:59:59'),
(1440, '2013-09-18 00:00:00', '2013-09-18 23:59:59'),
(1441, '2013-09-19 00:00:00', '2013-09-19 23:59:59'),
(1442, '2013-09-20 00:00:00', '2013-09-20 23:59:59'),
(1443, '2013-09-21 00:00:00', '2013-09-21 23:59:59'),
(1444, '2013-09-22 00:00:00', '2013-09-22 23:59:59'),
(1445, '2013-09-23 00:00:00', '2013-09-23 23:59:59'),
(1446, '2013-09-24 00:00:00', '2013-09-24 23:59:59'),
(1447, '2013-09-25 00:00:00', '2013-09-25 23:59:59'),
(1448, '2013-09-26 00:00:00', '2013-09-26 23:59:59'),
(1449, '2013-09-27 00:00:00', '2013-09-27 23:59:59'),
(1450, '2013-09-28 00:00:00', '2013-09-28 23:59:59'),
(1451, '2013-09-29 00:00:00', '2013-09-29 23:59:59'),
(1452, '2013-09-30 00:00:00', '2013-09-30 23:59:59'),
(1453, '2013-10-01 00:00:00', '2013-10-01 23:59:59'),
(1454, '2013-10-02 00:00:00', '2013-10-02 23:59:59'),
(1455, '2013-10-03 00:00:00', '2013-10-03 23:59:59'),
(1456, '2013-10-04 00:00:00', '2013-10-04 23:59:59'),
(1457, '2013-10-05 00:00:00', '2013-10-05 23:59:59'),
(1458, '2013-10-06 00:00:00', '2013-10-06 23:59:59'),
(1459, '2013-10-07 00:00:00', '2013-10-07 23:59:59'),
(1460, '2013-10-08 00:00:00', '2013-10-08 23:59:59'),
(1461, '2013-10-09 00:00:00', '2013-10-09 23:59:59'),
(1462, '2013-10-10 00:00:00', '2013-10-10 23:59:59'),
(1463, '2013-10-11 00:00:00', '2013-10-11 23:59:59'),
(1464, '2013-10-12 00:00:00', '2013-10-12 23:59:59'),
(1465, '2013-10-13 00:00:00', '2013-10-13 23:59:59'),
(1466, '2013-10-14 00:00:00', '2013-10-14 23:59:59'),
(1467, '2013-10-15 00:00:00', '2013-10-15 23:59:59'),
(1468, '2013-10-16 00:00:00', '2013-10-16 23:59:59'),
(1469, '2013-10-17 00:00:00', '2013-10-17 23:59:59'),
(1470, '2013-10-18 00:00:00', '2013-10-18 23:59:59'),
(1471, '2013-10-19 00:00:00', '2013-10-19 23:59:59'),
(1472, '2013-10-20 00:00:00', '2013-10-20 23:59:59'),
(1473, '2013-10-21 00:00:00', '2013-10-21 23:59:59'),
(1474, '2013-10-22 00:00:00', '2013-10-22 23:59:59'),
(1475, '2013-10-23 00:00:00', '2013-10-23 23:59:59'),
(1476, '2013-10-24 00:00:00', '2013-10-24 23:59:59'),
(1477, '2013-10-25 00:00:00', '2013-10-25 23:59:59'),
(1478, '2013-10-26 00:00:00', '2013-10-26 23:59:59'),
(1479, '2013-10-27 00:00:00', '2013-10-27 22:59:59'),
(1480, '2013-10-27 00:00:00', '2013-10-27 22:59:59'),
(1481, '2013-10-27 00:00:00', '2013-10-27 22:59:59'),
(1482, '2013-10-27 00:00:00', '2013-10-27 22:59:59'),
(1483, '2013-10-27 00:00:00', '2013-10-27 22:59:59'),
(1484, '2013-10-27 00:00:00', '2013-10-27 22:59:59'),
(1485, '2013-10-27 00:00:00', '2013-10-27 22:59:59'),
(1486, '2013-10-27 00:00:00', '2013-10-27 22:59:59'),
(1487, '2013-10-27 00:00:00', '2013-10-27 22:59:59'),
(1488, '2013-10-27 00:00:00', '2013-10-27 22:59:59'),
(1489, '2013-10-27 00:00:00', '2013-10-27 22:59:59'),
(1490, '2013-10-27 00:00:00', '2013-10-27 22:59:59'),
(1491, '2013-10-27 00:00:00', '2013-10-27 22:59:59'),
(1492, '2013-10-27 00:00:00', '2013-10-27 22:59:59'),
(1493, '2013-10-28 00:00:00', '2013-10-28 23:59:59'),
(1494, '2013-10-29 00:00:00', '2013-10-29 23:59:59'),
(1495, '2013-10-30 00:00:00', '2013-10-30 23:59:59'),
(1496, '2013-10-31 00:00:00', '2013-10-31 23:59:59'),
(1497, '2013-11-01 00:00:00', '2013-11-01 23:59:59'),
(1498, '2013-11-02 00:00:00', '2013-11-02 23:59:59'),
(1499, '2013-11-03 00:00:00', '2013-11-03 23:59:59'),
(1500, '2013-11-04 00:00:00', '2013-11-04 23:59:59'),
(1501, '2013-11-05 00:00:00', '2013-11-05 23:59:59'),
(1502, '2013-11-06 00:00:00', '2013-11-06 23:59:59'),
(1503, '2013-11-07 00:00:00', '2013-11-07 23:59:59'),
(1504, '2013-11-08 00:00:00', '2013-11-08 23:59:59'),
(1505, '2013-11-09 00:00:00', '2013-11-09 23:59:59'),
(1506, '2013-11-10 00:00:00', '2013-11-10 23:59:59'),
(1507, '2013-11-11 00:00:00', '2013-11-11 23:59:59'),
(1508, '2013-11-12 00:00:00', '2013-11-12 23:59:59'),
(1509, '2013-11-13 00:00:00', '2013-11-13 23:59:59'),
(1510, '2013-11-14 00:00:00', '2013-11-14 23:59:59'),
(1511, '2013-11-15 00:00:00', '2013-11-15 23:59:59'),
(1512, '2013-11-16 00:00:00', '2013-11-16 23:59:59'),
(1513, '2013-11-17 00:00:00', '2013-11-17 23:59:59'),
(1514, '2013-11-18 00:00:00', '2013-11-18 23:59:59'),
(1515, '2013-11-19 00:00:00', '2013-11-19 23:59:59'),
(1516, '2013-11-20 00:00:00', '2013-11-20 23:59:59'),
(1517, '2013-11-21 00:00:00', '2013-11-21 23:59:59'),
(1518, '2013-11-22 00:00:00', '2013-11-22 23:59:59'),
(1519, '2013-11-23 00:00:00', '2013-11-23 23:59:59'),
(1520, '2013-11-24 00:00:00', '2013-11-24 23:59:59'),
(1521, '2013-11-25 00:00:00', '2013-11-25 23:59:59'),
(1522, '2013-11-26 00:00:00', '2013-11-26 23:59:59'),
(1523, '2013-11-27 00:00:00', '2013-11-27 23:59:59'),
(1524, '2013-11-28 00:00:00', '2013-11-28 23:59:59'),
(1525, '2013-11-29 00:00:00', '2013-11-29 23:59:59'),
(1526, '2013-11-30 00:00:00', '2013-11-30 23:59:59'),
(1527, '2013-12-01 00:00:00', '2013-12-01 23:59:59'),
(1528, '2013-12-02 00:00:00', '2013-12-02 23:59:59'),
(1529, '2013-12-03 00:00:00', '2013-12-03 23:59:59'),
(1530, '2013-12-04 00:00:00', '2013-12-04 23:59:59'),
(1531, '2013-12-05 00:00:00', '2013-12-05 23:59:59'),
(1532, '2013-12-06 00:00:00', '2013-12-06 23:59:59'),
(1533, '2013-12-07 00:00:00', '2013-12-07 23:59:59'),
(1534, '2013-12-08 00:00:00', '2013-12-08 23:59:59'),
(1535, '2013-12-09 00:00:00', '2013-12-09 23:59:59'),
(1536, '2013-12-10 00:00:00', '2013-12-10 23:59:59'),
(1537, '2013-12-11 00:00:00', '2013-12-11 23:59:59'),
(1538, '2013-12-12 00:00:00', '2013-12-12 23:59:59'),
(1539, '2013-12-13 00:00:00', '2013-12-13 23:59:59'),
(1540, '2013-12-14 00:00:00', '2013-12-14 23:59:59'),
(1541, '2013-12-15 00:00:00', '2013-12-15 23:59:59'),
(1542, '2013-12-16 00:00:00', '2013-12-16 23:59:59'),
(1543, '2013-12-17 00:00:00', '2013-12-17 23:59:59'),
(1544, '2013-12-18 00:00:00', '2013-12-18 23:59:59'),
(1545, '2013-12-19 00:00:00', '2013-12-19 23:59:59'),
(1546, '2013-12-20 00:00:00', '2013-12-20 23:59:59'),
(1547, '2013-12-21 00:00:00', '2013-12-21 23:59:59'),
(1548, '2013-12-22 00:00:00', '2013-12-22 23:59:59'),
(1549, '2013-12-23 00:00:00', '2013-12-23 23:59:59'),
(1550, '2013-12-24 00:00:00', '2013-12-24 23:59:59'),
(1551, '2013-12-25 00:00:00', '2013-12-25 23:59:59'),
(1552, '2013-12-26 00:00:00', '2013-12-26 23:59:59'),
(1553, '2013-12-27 00:00:00', '2013-12-27 23:59:59'),
(1554, '2013-12-28 00:00:00', '2013-12-28 23:59:59'),
(1555, '2013-12-29 00:00:00', '2013-12-29 23:59:59'),
(1556, '2013-12-30 00:00:00', '2013-12-30 23:59:59'),
(1557, '2013-12-31 00:00:00', '2013-12-31 23:59:59'),
(1558, '2014-01-01 00:00:00', '2014-01-01 23:59:59'),
(1559, '2014-01-02 00:00:00', '2014-01-02 23:59:59'),
(1560, '2014-01-03 00:00:00', '2014-01-03 23:59:59'),
(1561, '2014-01-04 00:00:00', '2014-01-04 23:59:59'),
(1562, '2014-01-05 00:00:00', '2014-01-05 23:59:59'),
(1563, '2014-01-06 00:00:00', '2014-01-06 23:59:59'),
(1564, '2014-01-07 00:00:00', '2014-01-07 23:59:59'),
(1565, '2014-01-08 00:00:00', '2014-01-08 23:59:59'),
(1566, '2014-01-09 00:00:00', '2014-01-09 23:59:59'),
(1567, '2014-01-10 00:00:00', '2014-01-10 23:59:59'),
(1568, '2014-01-11 00:00:00', '2014-01-11 23:59:59'),
(1569, '2014-01-12 00:00:00', '2014-01-12 23:59:59'),
(1570, '2014-01-13 00:00:00', '2014-01-13 23:59:59'),
(1571, '2014-01-14 00:00:00', '2014-01-14 23:59:59'),
(1572, '2014-01-14 00:00:00', '2014-01-14 23:59:59'),
(1573, '2014-01-15 00:00:00', '2014-01-15 23:59:59'),
(1574, '2014-01-16 00:00:00', '2014-01-16 23:59:59'),
(1575, '2014-01-17 00:00:00', '2014-01-17 23:59:59'),
(1576, '2014-01-18 00:00:00', '2014-01-18 23:59:59'),
(1577, '2014-01-19 00:00:00', '2014-01-19 23:59:59'),
(1578, '2014-01-20 00:00:00', '2014-01-20 23:59:59'),
(1579, '2014-01-21 00:00:00', '2014-01-21 23:59:59'),
(1580, '2014-01-22 00:00:00', '2014-01-22 23:59:59'),
(1581, '2014-01-23 00:00:00', '2014-01-23 23:59:59'),
(1582, '2014-01-24 00:00:00', '2014-01-24 23:59:59'),
(1583, '2014-01-25 00:00:00', '2014-01-25 23:59:59'),
(1584, '2014-01-26 00:00:00', '2014-01-26 23:59:59'),
(1585, '2014-01-26 00:00:00', '2014-01-26 23:59:59'),
(1586, '2014-01-27 00:00:00', '2014-01-27 23:59:59'),
(1587, '2014-01-28 00:00:00', '2014-01-28 23:59:59'),
(1588, '2014-01-29 00:00:00', '2014-01-29 23:59:59'),
(1589, '2014-01-30 00:00:00', '2014-01-30 23:59:59'),
(1590, '2014-01-31 00:00:00', '2014-01-31 23:59:59'),
(1591, '2014-02-01 00:00:00', '2014-02-01 23:59:59'),
(1592, '2014-02-02 00:00:00', '2014-02-02 23:59:59'),
(1593, '2014-02-03 00:00:00', '2014-02-03 23:59:59'),
(1594, '2014-02-04 00:00:00', '2014-02-04 23:59:59'),
(1595, '2014-02-05 00:00:00', '2014-02-05 23:59:59'),
(1596, '2014-02-06 00:00:00', '2014-02-06 23:59:59'),
(1597, '2014-02-07 00:00:00', '2014-02-07 23:59:59'),
(1598, '2014-02-08 00:00:00', '2014-02-08 23:59:59'),
(1599, '2014-02-09 00:00:00', '2014-02-09 23:59:59'),
(1600, '2014-02-10 00:00:00', '2014-02-10 23:59:59'),
(1601, '2014-02-11 00:00:00', '2014-02-11 23:59:59'),
(1602, '2014-02-12 00:00:00', '2014-02-12 23:59:59'),
(1603, '2014-02-13 00:00:00', '2014-02-13 23:59:59'),
(1604, '2014-02-14 00:00:00', '2014-02-14 23:59:59'),
(1605, '2014-02-15 00:00:00', '2014-02-15 23:59:59'),
(1606, '2014-02-16 00:00:00', '2014-02-16 23:59:59'),
(1607, '2014-02-17 00:00:00', '2014-02-17 23:59:59'),
(1608, '2014-02-18 00:00:00', '2014-02-18 23:59:59'),
(1609, '2014-02-19 00:00:00', '2014-02-19 23:59:59'),
(1610, '2014-02-20 00:00:00', '2014-02-20 23:59:59'),
(1611, '2014-02-21 00:00:00', '2014-02-21 23:59:59'),
(1612, '2014-02-22 00:00:00', '2014-02-22 23:59:59'),
(1613, '2014-02-23 00:00:00', '2014-02-23 23:59:59'),
(1614, '2014-02-24 00:00:00', '2014-02-24 23:59:59'),
(1615, '2014-02-25 00:00:00', '2014-02-25 23:59:59'),
(1616, '2014-02-26 00:00:00', '2014-02-26 23:59:59'),
(1617, '2014-02-27 00:00:00', '2014-02-27 23:59:59'),
(1618, '2014-02-27 00:00:00', '2014-02-27 23:59:59'),
(1619, '2014-02-28 00:00:00', '2014-02-28 23:59:59'),
(1620, '2014-03-01 00:00:00', '2014-03-01 23:59:59'),
(1621, '2014-03-02 00:00:00', '2014-03-02 23:59:59'),
(1622, '2014-03-03 00:00:00', '2014-03-03 23:59:59'),
(1623, '2014-03-04 00:00:00', '2014-03-04 23:59:59'),
(1624, '2014-03-05 00:00:00', '2014-03-05 23:59:59'),
(1625, '2014-03-06 00:00:00', '2014-03-06 23:59:59'),
(1626, '2014-03-07 00:00:00', '2014-03-07 23:59:59'),
(1627, '2014-03-07 00:00:00', '2014-03-07 23:59:59'),
(1628, '2014-03-08 00:00:00', '2014-03-08 23:59:59'),
(1629, '2014-03-08 00:00:00', '2014-03-08 23:59:59'),
(1630, '2014-03-09 00:00:00', '2014-03-09 23:59:59'),
(1631, '2014-03-10 00:00:00', '2014-03-10 23:59:59'),
(1632, '2014-03-11 00:00:00', '2014-03-11 23:59:59'),
(1633, '2014-03-12 00:00:00', '2014-03-12 23:59:59'),
(1634, '2014-03-13 00:00:00', '2014-03-13 23:59:59'),
(1635, '2014-03-14 00:00:00', '2014-03-14 23:59:59'),
(1636, '2014-03-15 00:00:00', '2014-03-15 23:59:59'),
(1637, '2014-03-16 00:00:00', '2014-03-16 23:59:59'),
(1638, '2014-03-17 00:00:00', '2014-03-17 23:59:59'),
(1639, '2014-03-18 00:00:00', '2014-03-18 23:59:59'),
(1640, '2014-03-19 00:00:00', '2014-03-19 23:59:59'),
(1641, '2014-03-20 00:00:00', '2014-03-20 23:59:59'),
(1642, '2014-03-21 00:00:00', '2014-03-21 23:59:59'),
(1643, '2014-03-22 00:00:00', '2014-03-22 23:59:59'),
(1644, '2014-03-23 00:00:00', '2014-03-23 23:59:59'),
(1645, '2014-03-24 00:00:00', '2014-03-24 23:59:59'),
(1646, '2014-03-25 00:00:00', '2014-03-25 23:59:59'),
(1647, '2014-03-26 00:00:00', '2014-03-26 23:59:59'),
(1648, '2014-03-27 00:00:00', '2014-03-27 23:59:59'),
(1649, '2014-03-28 00:00:00', '2014-03-28 23:59:59'),
(1650, '2014-03-29 00:00:00', '2014-03-29 23:59:59'),
(1651, '2014-03-30 00:00:00', '2014-03-31 00:59:59'),
(1652, '2014-03-31 00:00:00', '2014-03-31 23:59:59'),
(1653, '2014-04-01 00:00:00', '2014-04-01 23:59:59'),
(1654, '2014-04-02 00:00:00', '2014-04-02 23:59:59'),
(1655, '2014-04-03 00:00:00', '2014-04-03 23:59:59'),
(1656, '2014-04-04 00:00:00', '2014-04-04 23:59:59'),
(1657, '2014-04-05 00:00:00', '2014-04-05 23:59:59'),
(1658, '2014-04-06 00:00:00', '2014-04-06 23:59:59'),
(1659, '2014-04-07 00:00:00', '2014-04-07 23:59:59'),
(1660, '2014-04-08 00:00:00', '2014-04-08 23:59:59'),
(1661, '2014-04-09 00:00:00', '2014-04-09 23:59:59'),
(1662, '2014-04-10 00:00:00', '2014-04-10 23:59:59'),
(1663, '2014-04-11 00:00:00', '2014-04-11 23:59:59'),
(1664, '2014-04-12 00:00:00', '2014-04-12 23:59:59'),
(1665, '2014-04-13 00:00:00', '2014-04-13 23:59:59'),
(1666, '2014-04-14 00:00:00', '2014-04-14 23:59:59'),
(1667, '2014-04-15 00:00:00', '2014-04-15 23:59:59'),
(1668, '2014-04-16 00:00:00', '2014-04-16 23:59:59'),
(1669, '2014-04-17 00:00:00', '2014-04-17 23:59:59'),
(1670, '2014-04-18 00:00:00', '2014-04-18 23:59:59'),
(1671, '2014-04-19 00:00:00', '2014-04-19 23:59:59'),
(1672, '2014-04-20 00:00:00', '2014-04-20 23:59:59'),
(1673, '2014-04-21 00:00:00', '2014-04-21 23:59:59'),
(1674, '2014-04-22 00:00:00', '2014-04-22 23:59:59'),
(1675, '2014-04-22 00:00:00', '2014-04-22 23:59:59'),
(1676, '2014-04-22 00:00:00', '2014-04-22 23:59:59'),
(1677, '2014-04-22 00:00:00', '2014-04-22 23:59:59'),
(1678, '2014-04-22 00:00:00', '2014-04-22 23:59:59'),
(1679, '2014-04-23 00:00:00', '2014-04-23 23:59:59'),
(1680, '2014-04-24 00:00:00', '2014-04-24 23:59:59'),
(1681, '2014-04-25 00:00:00', '2014-04-25 23:59:59'),
(1682, '2014-04-26 00:00:00', '2014-04-26 23:59:59'),
(1683, '2014-04-27 00:00:00', '2014-04-27 23:59:59'),
(1684, '2014-04-28 00:00:00', '2014-04-28 23:59:59'),
(1685, '2014-04-29 00:00:00', '2014-04-29 23:59:59'),
(1686, '2014-04-30 00:00:00', '2014-04-30 23:59:59'),
(1687, '2014-05-01 00:00:00', '2014-05-01 23:59:59'),
(1688, '2014-05-02 00:00:00', '2014-05-02 23:59:59'),
(1689, '2014-05-03 00:00:00', '2014-05-03 23:59:59'),
(1690, '2014-05-04 00:00:00', '2014-05-04 23:59:59'),
(1691, '2014-05-05 00:00:00', '2014-05-05 23:59:59'),
(1692, '2014-05-06 00:00:00', '2014-05-06 23:59:59'),
(1693, '2014-05-07 00:00:00', '2014-05-07 23:59:59'),
(1694, '2014-05-08 00:00:00', '2014-05-08 23:59:59'),
(1695, '2014-05-09 00:00:00', '2014-05-09 23:59:59'),
(1696, '2014-05-10 00:00:00', '2014-05-10 23:59:59'),
(1697, '2014-05-11 00:00:00', '2014-05-11 23:59:59'),
(1698, '2014-05-12 00:00:00', '2014-05-12 23:59:59'),
(1699, '2014-05-13 00:00:00', '2014-05-13 23:59:59'),
(1700, '2014-05-14 00:00:00', '2014-05-14 23:59:59'),
(1701, '2014-05-15 00:00:00', '2014-05-15 23:59:59'),
(1702, '2014-05-16 00:00:00', '2014-05-16 23:59:59'),
(1703, '2014-05-17 00:00:00', '2014-05-17 23:59:59'),
(1704, '2014-05-18 00:00:00', '2014-05-18 23:59:59'),
(1705, '2014-05-19 00:00:00', '2014-05-19 23:59:59'),
(1706, '2014-05-20 00:00:00', '2014-05-20 23:59:59'),
(1707, '2014-05-21 00:00:00', '2014-05-21 23:59:59'),
(1708, '2014-05-22 00:00:00', '2014-05-22 23:59:59'),
(1709, '2014-05-23 00:00:00', '2014-05-23 23:59:59'),
(1710, '2014-05-24 00:00:00', '2014-05-24 23:59:59'),
(1711, '2014-05-25 00:00:00', '2014-05-25 23:59:59'),
(1712, '2014-05-26 00:00:00', '2014-05-26 23:59:59'),
(1713, '2014-05-27 00:00:00', '2014-05-27 23:59:59'),
(1714, '2014-05-28 00:00:00', '2014-05-28 23:59:59'),
(1715, '2014-05-29 00:00:00', '2014-05-29 23:59:59'),
(1716, '2014-05-30 00:00:00', '2014-05-30 23:59:59'),
(1717, '2014-05-31 00:00:00', '2014-05-31 23:59:59'),
(1718, '2014-06-01 00:00:00', '2014-06-01 23:59:59'),
(1719, '2014-06-02 00:00:00', '2014-06-02 23:59:59'),
(1720, '2014-06-03 00:00:00', '2014-06-03 23:59:59'),
(1721, '2014-06-04 00:00:00', '2014-06-04 23:59:59'),
(1722, '2014-06-05 00:00:00', '2014-06-05 23:59:59'),
(1723, '2014-06-06 00:00:00', '2014-06-06 23:59:59'),
(1724, '2014-06-07 00:00:00', '2014-06-07 23:59:59'),
(1725, '2014-06-08 00:00:00', '2014-06-08 23:59:59'),
(1726, '2014-06-09 00:00:00', '2014-06-09 23:59:59'),
(1727, '2014-06-10 00:00:00', '2014-06-10 23:59:59'),
(1728, '2014-06-11 00:00:00', '2014-06-11 23:59:59'),
(1729, '2014-06-12 00:00:00', '2014-06-12 23:59:59'),
(1730, '2014-06-13 00:00:00', '2014-06-13 23:59:59'),
(1731, '2014-06-14 00:00:00', '2014-06-14 23:59:59'),
(1732, '2014-06-15 00:00:00', '2014-06-15 23:59:59'),
(1733, '2014-06-16 00:00:00', '2014-06-16 23:59:59'),
(1734, '2014-06-17 00:00:00', '2014-06-17 23:59:59'),
(1735, '2014-06-18 00:00:00', '2014-06-18 23:59:59'),
(1736, '2014-06-19 00:00:00', '2014-06-19 23:59:59'),
(1737, '2014-06-20 00:00:00', '2014-06-20 23:59:59'),
(1738, '2014-06-21 00:00:00', '2014-06-21 23:59:59'),
(1739, '2014-06-22 00:00:00', '2014-06-22 23:59:59'),
(1740, '2014-06-23 00:00:00', '2014-06-23 23:59:59'),
(1741, '2014-06-24 00:00:00', '2014-06-24 23:59:59'),
(1742, '2014-06-25 00:00:00', '2014-06-25 23:59:59'),
(1743, '2014-06-26 00:00:00', '2014-06-26 23:59:59'),
(1744, '2014-06-27 00:00:00', '2014-06-27 23:59:59'),
(1745, '2014-06-28 00:00:00', '2014-06-28 23:59:59'),
(1746, '2014-06-29 00:00:00', '2014-06-29 23:59:59'),
(1747, '2014-06-30 00:00:00', '2014-06-30 23:59:59'),
(1748, '2014-07-01 00:00:00', '2014-07-01 23:59:59'),
(1749, '2014-07-02 00:00:00', '2014-07-02 23:59:59'),
(1750, '2014-07-03 00:00:00', '2014-07-03 23:59:59'),
(1751, '2014-07-04 00:00:00', '2014-07-04 23:59:59'),
(1752, '2014-07-05 00:00:00', '2014-07-05 23:59:59'),
(1753, '2014-07-06 00:00:00', '2014-07-06 23:59:59'),
(1754, '2014-07-07 00:00:00', '2014-07-07 23:59:59'),
(1755, '2014-07-08 00:00:00', '2014-07-08 23:59:59'),
(1756, '2014-07-09 00:00:00', '2014-07-09 23:59:59'),
(1757, '2014-07-10 00:00:00', '2014-07-10 23:59:59'),
(1758, '2014-07-11 00:00:00', '2014-07-11 23:59:59'),
(1759, '2014-07-12 00:00:00', '2014-07-12 23:59:59'),
(1760, '2014-07-13 00:00:00', '2014-07-13 23:59:59'),
(1761, '2014-07-14 00:00:00', '2014-07-14 23:59:59'),
(1762, '2014-07-15 00:00:00', '2014-07-15 23:59:59'),
(1763, '2014-07-16 00:00:00', '2014-07-16 23:59:59'),
(1764, '2014-07-17 00:00:00', '2014-07-17 23:59:59'),
(1765, '2014-07-18 00:00:00', '2014-07-18 23:59:59'),
(1766, '2014-07-19 00:00:00', '2014-07-19 23:59:59'),
(1767, '2014-07-20 00:00:00', '2014-07-20 23:59:59'),
(1768, '2014-07-21 00:00:00', '2014-07-21 23:59:59'),
(1769, '2014-07-22 00:00:00', '2014-07-22 23:59:59'),
(1770, '2014-07-23 00:00:00', '2014-07-23 23:59:59'),
(1771, '2014-07-24 00:00:00', '2014-07-24 23:59:59'),
(1772, '2014-07-25 00:00:00', '2014-07-25 23:59:59'),
(1773, '2014-07-26 00:00:00', '2014-07-26 23:59:59'),
(1774, '2014-07-27 00:00:00', '2014-07-27 23:59:59'),
(1775, '2014-07-28 00:00:00', '2014-07-28 23:59:59'),
(1776, '2014-07-29 00:00:00', '2014-07-29 23:59:59'),
(1777, '2014-07-30 00:00:00', '2014-07-30 23:59:59'),
(1778, '2014-07-31 00:00:00', '2014-07-31 23:59:59'),
(1779, '2014-08-01 00:00:00', '2014-08-01 23:59:59'),
(1780, '2014-08-02 00:00:00', '2014-08-02 23:59:59'),
(1781, '2014-08-03 00:00:00', '2014-08-03 23:59:59'),
(1782, '2014-08-04 00:00:00', '2014-08-04 23:59:59'),
(1783, '2014-08-05 00:00:00', '2014-08-05 23:59:59'),
(1784, '2014-08-06 00:00:00', '2014-08-06 23:59:59'),
(1785, '2014-08-07 00:00:00', '2014-08-07 23:59:59'),
(1786, '2014-08-08 00:00:00', '2014-08-08 23:59:59'),
(1787, '2014-08-09 00:00:00', '2014-08-09 23:59:59'),
(1788, '2014-08-10 00:00:00', '2014-08-10 23:59:59'),
(1789, '2014-08-11 00:00:00', '2014-08-11 23:59:59'),
(1790, '2014-08-12 00:00:00', '2014-08-12 23:59:59'),
(1791, '2014-08-13 00:00:00', '2014-08-13 23:59:59'),
(1792, '2014-08-14 00:00:00', '2014-08-14 23:59:59'),
(1793, '2014-08-15 00:00:00', '2014-08-15 23:59:59'),
(1794, '2014-08-16 00:00:00', '2014-08-16 23:59:59'),
(1795, '2014-08-17 00:00:00', '2014-08-17 23:59:59'),
(1796, '2014-08-18 00:00:00', '2014-08-18 23:59:59'),
(1797, '2014-08-19 00:00:00', '2014-08-19 23:59:59'),
(1798, '2014-08-20 00:00:00', '2014-08-20 23:59:59'),
(1799, '2014-08-21 00:00:00', '2014-08-21 23:59:59'),
(1800, '2014-08-22 00:00:00', '2014-08-22 23:59:59'),
(1801, '2014-08-23 00:00:00', '2014-08-23 23:59:59'),
(1802, '2014-08-24 00:00:00', '2014-08-24 23:59:59'),
(1803, '2014-08-25 00:00:00', '2014-08-25 23:59:59'),
(1804, '2014-08-26 00:00:00', '2014-08-26 23:59:59'),
(1805, '2014-08-27 00:00:00', '2014-08-27 23:59:59'),
(1806, '2014-08-28 00:00:00', '2014-08-28 23:59:59'),
(1807, '2014-08-29 00:00:00', '2014-08-29 23:59:59'),
(1808, '2014-08-30 00:00:00', '2014-08-30 23:59:59'),
(1809, '2014-08-31 00:00:00', '2014-08-31 23:59:59'),
(1810, '2014-09-01 00:00:00', '2014-09-01 23:59:59'),
(1811, '2014-09-02 00:00:00', '2014-09-02 23:59:59'),
(1812, '2014-09-03 00:00:00', '2014-09-03 23:59:59'),
(1813, '2014-09-04 00:00:00', '2014-09-04 23:59:59'),
(1814, '2014-09-05 00:00:00', '2014-09-05 23:59:59'),
(1815, '2014-09-06 00:00:00', '2014-09-06 23:59:59'),
(1816, '2014-09-07 00:00:00', '2014-09-07 23:59:59'),
(1817, '2014-09-08 00:00:00', '2014-09-08 23:59:59'),
(1818, '2014-09-09 00:00:00', '2014-09-09 23:59:59'),
(1819, '2014-09-10 00:00:00', '2014-09-10 23:59:59'),
(1820, '2014-09-11 00:00:00', '2014-09-11 23:59:59'),
(1821, '2014-09-12 00:00:00', '2014-09-12 23:59:59'),
(1822, '2014-09-13 00:00:00', '2014-09-13 23:59:59'),
(1823, '2014-09-14 00:00:00', '2014-09-14 23:59:59'),
(1824, '2014-09-15 00:00:00', '2014-09-15 23:59:59'),
(1825, '2014-09-15 00:00:00', '2014-09-15 23:59:59'),
(1826, '2014-09-16 00:00:00', '2014-09-16 23:59:59'),
(1827, '2014-09-17 00:00:00', '2014-09-17 23:59:59'),
(1828, '2014-09-18 00:00:00', '2014-09-18 23:59:59'),
(1829, '2014-09-19 00:00:00', '2014-09-19 23:59:59'),
(1830, '2014-09-20 00:00:00', '2014-09-20 23:59:59'),
(1831, '2014-09-21 00:00:00', '2014-09-21 23:59:59'),
(1832, '2014-09-22 00:00:00', '2014-09-22 23:59:59'),
(1833, '2014-09-22 00:00:00', '2014-09-22 23:59:59'),
(1834, '2014-09-23 00:00:00', '2014-09-23 23:59:59'),
(1835, '2014-09-24 00:00:00', '2014-09-24 23:59:59'),
(1836, '2014-09-25 00:00:00', '2014-09-25 23:59:59'),
(1837, '2014-09-26 00:00:00', '2014-09-26 23:59:59'),
(1838, '2014-09-27 00:00:00', '2014-09-27 23:59:59'),
(1839, '2014-09-28 00:00:00', '2014-09-28 23:59:59'),
(1840, '2014-09-28 00:00:00', '2014-09-28 23:59:59'),
(1841, '2014-09-29 00:00:00', '2014-09-29 23:59:59'),
(1842, '2014-09-30 00:00:00', '2014-09-30 23:59:59'),
(1843, '2014-10-01 00:00:00', '2014-10-01 23:59:59'),
(1844, '2014-10-02 00:00:00', '2014-10-02 23:59:59'),
(1845, '2014-10-03 00:00:00', '2014-10-03 23:59:59'),
(1846, '2014-10-04 00:00:00', '2014-10-04 23:59:59'),
(1847, '2014-10-05 00:00:00', '2014-10-05 23:59:59'),
(1848, '2014-10-06 00:00:00', '2014-10-06 23:59:59'),
(1849, '2014-10-07 00:00:00', '2014-10-07 23:59:59'),
(1850, '2014-10-08 00:00:00', '2014-10-08 23:59:59'),
(1851, '2014-10-09 00:00:00', '2014-10-09 23:59:59'),
(1852, '2014-10-10 00:00:00', '2014-10-10 23:59:59'),
(1853, '2014-10-11 00:00:00', '2014-10-11 23:59:59'),
(1854, '2014-10-12 00:00:00', '2014-10-12 23:59:59'),
(1855, '2014-10-13 00:00:00', '2014-10-13 23:59:59'),
(1856, '2014-10-14 00:00:00', '2014-10-14 23:59:59'),
(1857, '2014-10-15 00:00:00', '2014-10-15 23:59:59'),
(1858, '2014-10-16 00:00:00', '2014-10-16 23:59:59'),
(1859, '2014-10-17 00:00:00', '2014-10-17 23:59:59'),
(1860, '2014-10-18 00:00:00', '2014-10-18 23:59:59'),
(1861, '2014-10-19 00:00:00', '2014-10-19 23:59:59'),
(1862, '2014-10-20 00:00:00', '2014-10-20 23:59:59'),
(1863, '2014-10-21 00:00:00', '2014-10-21 23:59:59'),
(1864, '2014-10-22 00:00:00', '2014-10-22 23:59:59'),
(1865, '2014-10-23 00:00:00', '2014-10-23 23:59:59'),
(1866, '2014-10-24 00:00:00', '2014-10-24 23:59:59'),
(1867, '2014-10-25 00:00:00', '2014-10-25 23:59:59'),
(1868, '2014-10-26 00:00:00', '2014-10-26 22:59:59'),
(1869, '2014-10-26 00:00:00', '2014-10-26 22:59:59'),
(1870, '2014-10-26 00:00:00', '2014-10-26 22:59:59'),
(1871, '2014-10-26 00:00:00', '2014-10-26 22:59:59'),
(1872, '2014-10-27 00:00:00', '2014-10-27 23:59:59'),
(1873, '2014-10-28 00:00:00', '2014-10-28 23:59:59'),
(1874, '2014-10-29 00:00:00', '2014-10-29 23:59:59'),
(1875, '2014-10-30 00:00:00', '2014-10-30 23:59:59'),
(1876, '2014-10-31 00:00:00', '2014-10-31 23:59:59'),
(1877, '2014-11-01 00:00:00', '2014-11-01 23:59:59'),
(1878, '2014-11-02 00:00:00', '2014-11-02 23:59:59'),
(1879, '2014-11-03 00:00:00', '2014-11-03 23:59:59'),
(1880, '2014-11-03 00:00:00', '2014-11-03 23:59:59'),
(1881, '2014-11-04 00:00:00', '2014-11-04 23:59:59'),
(1882, '2014-11-05 00:00:00', '2014-11-05 23:59:59'),
(1883, '2014-11-06 00:00:00', '2014-11-06 23:59:59'),
(1884, '2014-11-06 00:00:00', '2014-11-06 23:59:59'),
(1885, '2014-11-07 00:00:00', '2014-11-07 23:59:59'),
(1886, '2014-11-08 00:00:00', '2014-11-08 23:59:59'),
(1887, '2014-11-09 00:00:00', '2014-11-09 23:59:59'),
(1888, '2014-11-10 00:00:00', '2014-11-10 23:59:59'),
(1889, '2014-11-11 00:00:00', '2014-11-11 23:59:59'),
(1890, '2014-11-12 00:00:00', '2014-11-12 23:59:59'),
(1891, '2014-11-13 00:00:00', '2014-11-13 23:59:59'),
(1892, '2014-11-14 00:00:00', '2014-11-14 23:59:59'),
(1893, '2014-11-15 00:00:00', '2014-11-15 23:59:59'),
(1894, '2014-11-16 00:00:00', '2014-11-16 23:59:59'),
(1895, '2014-11-17 00:00:00', '2014-11-17 23:59:59'),
(1896, '2014-11-18 00:00:00', '2014-11-18 23:59:59'),
(1897, '2014-11-19 00:00:00', '2014-11-19 23:59:59'),
(1898, '2014-11-20 00:00:00', '2014-11-20 23:59:59'),
(1899, '2014-11-21 00:00:00', '2014-11-21 23:59:59'),
(1900, '2014-11-22 00:00:00', '2014-11-22 23:59:59'),
(1901, '2014-11-23 00:00:00', '2014-11-23 23:59:59'),
(1902, '2014-11-24 00:00:00', '2014-11-24 23:59:59'),
(1903, '2014-11-25 00:00:00', '2014-11-25 23:59:59'),
(1904, '2014-11-26 00:00:00', '2014-11-26 23:59:59'),
(1905, '2014-11-27 00:00:00', '2014-11-27 23:59:59'),
(1906, '2014-11-28 00:00:00', '2014-11-28 23:59:59'),
(1907, '2014-11-29 00:00:00', '2014-11-29 23:59:59'),
(1908, '2014-11-30 00:00:00', '2014-11-30 23:59:59'),
(1909, '2014-12-01 00:00:00', '2014-12-01 23:59:59'),
(1910, '2014-12-01 00:00:00', '2014-12-01 23:59:59'),
(1911, '2014-12-02 00:00:00', '2014-12-02 23:59:59'),
(1912, '2014-12-03 00:00:00', '2014-12-03 23:59:59'),
(1913, '2014-12-04 00:00:00', '2014-12-04 23:59:59'),
(1914, '2014-12-05 00:00:00', '2014-12-05 23:59:59'),
(1915, '2014-12-06 00:00:00', '2014-12-06 23:59:59'),
(1916, '2014-12-07 00:00:00', '2014-12-07 23:59:59'),
(1917, '2014-12-08 00:00:00', '2014-12-08 23:59:59'),
(1918, '2014-12-09 00:00:00', '2014-12-09 23:59:59'),
(1919, '2014-12-10 00:00:00', '2014-12-10 23:59:59'),
(1920, '2014-12-11 00:00:00', '2014-12-11 23:59:59'),
(1921, '2014-12-12 00:00:00', '2014-12-12 23:59:59'),
(1922, '2014-12-13 00:00:00', '2014-12-13 23:59:59'),
(1923, '2014-12-14 00:00:00', '2014-12-14 23:59:59'),
(1924, '2014-12-15 00:00:00', '2014-12-15 23:59:59'),
(1925, '2014-12-16 00:00:00', '2014-12-16 23:59:59'),
(1926, '2014-12-17 00:00:00', '2014-12-17 23:59:59'),
(1927, '2014-12-18 00:00:00', '2014-12-18 23:59:59'),
(1928, '2014-12-19 00:00:00', '2014-12-19 23:59:59'),
(1929, '2014-12-20 00:00:00', '2014-12-20 23:59:59'),
(1930, '2014-12-21 00:00:00', '2014-12-21 23:59:59'),
(1931, '2014-12-22 00:00:00', '2014-12-22 23:59:59'),
(1932, '2014-12-23 00:00:00', '2014-12-23 23:59:59'),
(1933, '2014-12-24 00:00:00', '2014-12-24 23:59:59'),
(1934, '2014-12-25 00:00:00', '2014-12-25 23:59:59'),
(1935, '2014-12-25 00:00:00', '2014-12-25 23:59:59'),
(1936, '2014-12-26 00:00:00', '2014-12-26 23:59:59'),
(1937, '2014-12-27 00:00:00', '2014-12-27 23:59:59'),
(1938, '2014-12-28 00:00:00', '2014-12-28 23:59:59'),
(1939, '2014-12-29 00:00:00', '2014-12-29 23:59:59'),
(1940, '2014-12-30 00:00:00', '2014-12-30 23:59:59');
INSERT INTO `dds_date_range` (`id_date_range`, `time_start`, `time_end`) VALUES
(1941, '2014-12-31 00:00:00', '2014-12-31 23:59:59'),
(1942, '2015-01-01 00:00:00', '2015-01-01 23:59:59'),
(1943, '2015-01-02 00:00:00', '2015-01-02 23:59:59'),
(1944, '2015-01-03 00:00:00', '2015-01-03 23:59:59'),
(1945, '2015-01-04 00:00:00', '2015-01-04 23:59:59'),
(1946, '2015-01-05 00:00:00', '2015-01-05 23:59:59'),
(1947, '2015-01-06 00:00:00', '2015-01-06 23:59:59'),
(1948, '2015-01-06 00:00:00', '2015-01-06 23:59:59'),
(1949, '2015-01-07 00:00:00', '2015-01-07 23:59:59'),
(1950, '2015-01-08 00:00:00', '2015-01-08 23:59:59'),
(1951, '2015-01-09 00:00:00', '2015-01-09 23:59:59'),
(1952, '2015-01-10 00:00:00', '2015-01-10 23:59:59'),
(1953, '2015-01-11 00:00:00', '2015-01-11 23:59:59'),
(1954, '2015-01-12 00:00:00', '2015-01-12 23:59:59'),
(1955, '2015-01-13 00:00:00', '2015-01-13 23:59:59'),
(1956, '2015-01-14 00:00:00', '2015-01-14 23:59:59'),
(1957, '2015-01-15 00:00:00', '2015-01-15 23:59:59'),
(1958, '2015-01-16 00:00:00', '2015-01-16 23:59:59'),
(1959, '2015-01-17 00:00:00', '2015-01-17 23:59:59'),
(1960, '2015-01-18 00:00:00', '2015-01-18 23:59:59'),
(1961, '2015-01-19 00:00:00', '2015-01-19 23:59:59'),
(1962, '2015-01-20 00:00:00', '2015-01-20 23:59:59'),
(1963, '2015-01-21 00:00:00', '2015-01-21 23:59:59'),
(1964, '2015-01-21 00:00:00', '2015-01-21 23:59:59'),
(1965, '2015-01-22 00:00:00', '2015-01-22 23:59:59'),
(1966, '2015-01-23 00:00:00', '2015-01-23 23:59:59'),
(1967, '2015-01-24 00:00:00', '2015-01-24 23:59:59'),
(1968, '2015-01-25 00:00:00', '2015-01-25 23:59:59'),
(1969, '2015-01-26 00:00:00', '2015-01-26 23:59:59'),
(1970, '2015-01-27 00:00:00', '2015-01-27 23:59:59'),
(1971, '2015-01-28 00:00:00', '2015-01-28 23:59:59'),
(1972, '2015-01-28 00:00:00', '2015-01-28 23:59:59'),
(1973, '2015-01-29 00:00:00', '2015-01-29 23:59:59'),
(1974, '2015-01-30 00:00:00', '2015-01-30 23:59:59'),
(1975, '2015-01-31 00:00:00', '2015-01-31 23:59:59'),
(1976, '2015-01-31 00:00:00', '2015-01-31 23:59:59'),
(1977, '2015-02-01 00:00:00', '2015-02-01 23:59:59'),
(1978, '2015-02-02 00:00:00', '2015-02-02 23:59:59'),
(1979, '2015-02-03 00:00:00', '2015-02-03 23:59:59'),
(1980, '2015-02-04 00:00:00', '2015-02-04 23:59:59'),
(1981, '2015-02-05 00:00:00', '2015-02-05 23:59:59'),
(1982, '2015-02-06 00:00:00', '2015-02-06 23:59:59'),
(1983, '2015-02-07 00:00:00', '2015-02-07 23:59:59'),
(1984, '2015-02-08 00:00:00', '2015-02-08 23:59:59'),
(1985, '2015-02-09 00:00:00', '2015-02-09 23:59:59'),
(1986, '2015-02-09 00:00:00', '2015-02-09 23:59:59'),
(1987, '2015-02-10 00:00:00', '2015-02-10 23:59:59'),
(1988, '2015-02-11 00:00:00', '2015-02-11 23:59:59'),
(1989, '2015-02-12 00:00:00', '2015-02-12 23:59:59'),
(1990, '2015-02-12 00:00:00', '2015-02-12 23:59:59'),
(1991, '2015-02-13 00:00:00', '2015-02-13 23:59:59'),
(1992, '2015-02-14 00:00:00', '2015-02-14 23:59:59'),
(1993, '2015-02-15 00:00:00', '2015-02-15 23:59:59'),
(1994, '2015-02-16 00:00:00', '2015-02-16 23:59:59'),
(1995, '2015-02-17 00:00:00', '2015-02-17 23:59:59'),
(1996, '2015-02-18 00:00:00', '2015-02-18 23:59:59'),
(1997, '2015-02-19 00:00:00', '2015-02-19 23:59:59'),
(1998, '2015-02-20 00:00:00', '2015-02-20 23:59:59'),
(1999, '2015-02-21 00:00:00', '2015-02-21 23:59:59'),
(2000, '2015-02-22 00:00:00', '2015-02-22 23:59:59'),
(2001, '2015-02-23 00:00:00', '2015-02-23 23:59:59'),
(2002, '2015-02-24 00:00:00', '2015-02-24 23:59:59'),
(2003, '2015-02-25 00:00:00', '2015-02-25 23:59:59'),
(2004, '2015-02-26 00:00:00', '2015-02-26 23:59:59'),
(2005, '2015-02-27 00:00:00', '2015-02-27 23:59:59'),
(2006, '2015-02-28 00:00:00', '2015-02-28 23:59:59'),
(2007, '2015-03-01 00:00:00', '2015-03-01 23:59:59'),
(2008, '2015-03-02 00:00:00', '2015-03-02 23:59:59'),
(2009, '2015-03-03 00:00:00', '2015-03-03 23:59:59'),
(2010, '2015-03-04 00:00:00', '2015-03-04 23:59:59'),
(2011, '2015-03-05 00:00:00', '2015-03-05 23:59:59'),
(2012, '2015-03-06 00:00:00', '2015-03-06 23:59:59'),
(2013, '2015-03-07 00:00:00', '2015-03-07 23:59:59'),
(2014, '2015-03-08 00:00:00', '2015-03-08 23:59:59'),
(2015, '2015-03-09 00:00:00', '2015-03-09 23:59:59'),
(2016, '2015-03-10 00:00:00', '2015-03-10 23:59:59'),
(2017, '2015-03-11 00:00:00', '2015-03-11 23:59:59'),
(2018, '2015-03-12 00:00:00', '2015-03-12 23:59:59'),
(2019, '2015-03-13 00:00:00', '2015-03-13 23:59:59'),
(2020, '2015-03-14 00:00:00', '2015-03-14 23:59:59'),
(2021, '2015-03-14 00:00:00', '2015-03-14 23:59:59'),
(2022, '2015-03-15 00:00:00', '2015-03-15 23:59:59'),
(2023, '2015-03-16 00:00:00', '2015-03-16 23:59:59'),
(2024, '2015-03-17 00:00:00', '2015-03-17 23:59:59'),
(2025, '2015-03-18 00:00:00', '2015-03-18 23:59:59'),
(2026, '2015-03-19 00:00:00', '2015-03-19 23:59:59'),
(2027, '2015-03-20 00:00:00', '2015-03-20 23:59:59'),
(2028, '2015-03-21 00:00:00', '2015-03-21 23:59:59'),
(2029, '2015-03-21 00:00:00', '2015-03-21 23:59:59'),
(2030, '2015-03-22 00:00:00', '2015-03-22 23:59:59'),
(2031, '2015-03-23 00:00:00', '2015-03-23 23:59:59'),
(2032, '2015-03-24 00:00:00', '2015-03-24 23:59:59'),
(2033, '2015-03-25 00:00:00', '2015-03-25 23:59:59'),
(2034, '2015-03-26 00:00:00', '2015-03-26 23:59:59'),
(2035, '2015-03-27 00:00:00', '2015-03-27 23:59:59'),
(2036, '2015-03-28 00:00:00', '2015-03-28 23:59:59'),
(2037, '2015-03-29 00:00:00', '2015-03-30 00:59:59'),
(2038, '2015-03-30 00:00:00', '2015-03-30 23:59:59'),
(2039, '2015-03-31 00:00:00', '2015-03-31 23:59:59'),
(2040, '2015-04-01 00:00:00', '2015-04-01 23:59:59'),
(2041, '2015-04-02 00:00:00', '2015-04-02 23:59:59'),
(2042, '2015-04-03 00:00:00', '2015-04-03 23:59:59'),
(2043, '2015-04-04 00:00:00', '2015-04-04 23:59:59'),
(2044, '2015-04-05 00:00:00', '2015-04-05 23:59:59'),
(2045, '2015-04-06 00:00:00', '2015-04-06 23:59:59'),
(2046, '2015-04-07 00:00:00', '2015-04-07 23:59:59'),
(2047, '2015-04-08 00:00:00', '2015-04-08 23:59:59'),
(2048, '2015-04-09 00:00:00', '2015-04-09 23:59:59'),
(2049, '2015-04-10 00:00:00', '2015-04-10 23:59:59'),
(2050, '2015-04-11 00:00:00', '2015-04-11 23:59:59'),
(2051, '2015-04-12 00:00:00', '2015-04-12 23:59:59'),
(2052, '2015-04-13 00:00:00', '2015-04-13 23:59:59'),
(2053, '2015-04-14 00:00:00', '2015-04-14 23:59:59'),
(2054, '2015-04-15 00:00:00', '2015-04-15 23:59:59'),
(2055, '2015-04-16 00:00:00', '2015-04-16 23:59:59'),
(2056, '2015-04-17 00:00:00', '2015-04-17 23:59:59'),
(2057, '2015-04-18 00:00:00', '2015-04-18 23:59:59'),
(2058, '2015-04-19 00:00:00', '2015-04-19 23:59:59'),
(2059, '2015-04-20 00:00:00', '2015-04-20 23:59:59'),
(2060, '2015-04-21 00:00:00', '2015-04-21 23:59:59'),
(2061, '2015-04-22 00:00:00', '2015-04-22 23:59:59'),
(2062, '2015-04-23 00:00:00', '2015-04-23 23:59:59'),
(2063, '2015-04-24 00:00:00', '2015-04-24 23:59:59'),
(2064, '2015-04-25 00:00:00', '2015-04-25 23:59:59'),
(2065, '2015-04-26 00:00:00', '2015-04-26 23:59:59'),
(2066, '2015-04-27 00:00:00', '2015-04-27 23:59:59'),
(2067, '2015-04-27 00:00:00', '2015-04-27 23:59:59'),
(2068, '2015-04-28 00:00:00', '2015-04-28 23:59:59'),
(2069, '2015-04-29 00:00:00', '2015-04-29 23:59:59'),
(2070, '2015-04-30 00:00:00', '2015-04-30 23:59:59'),
(2071, '2015-05-01 00:00:00', '2015-05-01 23:59:59'),
(2072, '2015-05-02 00:00:00', '2015-05-02 23:59:59'),
(2073, '2015-05-03 00:00:00', '2015-05-03 23:59:59'),
(2074, '2015-05-04 00:00:00', '2015-05-04 23:59:59'),
(2075, '2015-05-04 00:00:00', '2015-05-04 23:59:59'),
(2076, '2015-05-05 00:00:00', '2015-05-05 23:59:59'),
(2077, '2015-05-06 00:00:00', '2015-05-06 23:59:59'),
(2078, '2015-05-07 00:00:00', '2015-05-07 23:59:59'),
(2079, '2015-05-08 00:00:00', '2015-05-08 23:59:59'),
(2080, '2015-05-09 00:00:00', '2015-05-09 23:59:59'),
(2081, '2015-05-10 00:00:00', '2015-05-10 23:59:59'),
(2082, '2015-05-11 00:00:00', '2015-05-11 23:59:59'),
(2083, '2015-05-12 00:00:00', '2015-05-12 23:59:59'),
(2084, '2015-05-13 00:00:00', '2015-05-13 23:59:59'),
(2085, '2015-05-14 00:00:00', '2015-05-14 23:59:59'),
(2086, '2015-05-15 00:00:00', '2015-05-15 23:59:59'),
(2087, '2015-05-16 00:00:00', '2015-05-16 23:59:59'),
(2088, '2015-05-17 00:00:00', '2015-05-17 23:59:59'),
(2089, '2015-05-18 00:00:00', '2015-05-18 23:59:59'),
(2090, '2015-05-19 00:00:00', '2015-05-19 23:59:59'),
(2091, '2015-05-20 00:00:00', '2015-05-20 23:59:59'),
(2092, '2015-05-21 00:00:00', '2015-05-21 23:59:59'),
(2093, '2015-05-22 00:00:00', '2015-05-22 23:59:59'),
(2094, '2015-05-22 00:00:00', '2015-05-22 23:59:59'),
(2095, '2015-05-23 00:00:00', '2015-05-23 23:59:59'),
(2096, '2015-05-24 00:00:00', '2015-05-24 23:59:59'),
(2097, '2015-05-25 00:00:00', '2015-05-25 23:59:59'),
(2098, '2015-05-26 00:00:00', '2015-05-26 23:59:59'),
(2099, '2015-05-27 00:00:00', '2015-05-27 23:59:59'),
(2100, '2015-05-28 00:00:00', '2015-05-28 23:59:59'),
(2101, '2015-05-29 00:00:00', '2015-05-29 23:59:59'),
(2102, '2015-05-30 00:00:00', '2015-05-30 23:59:59'),
(2103, '2015-05-31 00:00:00', '2015-05-31 23:59:59'),
(2104, '2015-06-01 00:00:00', '2015-06-01 23:59:59'),
(2105, '2015-06-02 00:00:00', '2015-06-02 23:59:59'),
(2106, '2015-06-03 00:00:00', '2015-06-03 23:59:59'),
(2107, '2015-06-04 00:00:00', '2015-06-04 23:59:59'),
(2108, '2015-06-05 00:00:00', '2015-06-05 23:59:59'),
(2109, '2015-06-06 00:00:00', '2015-06-06 23:59:59'),
(2110, '2015-06-07 00:00:00', '2015-06-07 23:59:59'),
(2111, '2015-06-08 00:00:00', '2015-06-08 23:59:59'),
(2112, '2015-06-09 00:00:00', '2015-06-09 23:59:59'),
(2113, '2015-06-10 00:00:00', '2015-06-10 23:59:59'),
(2114, '2015-06-11 00:00:00', '2015-06-11 23:59:59'),
(2115, '2015-06-12 00:00:00', '2015-06-12 23:59:59'),
(2116, '2015-06-13 00:00:00', '2015-06-13 23:59:59'),
(2117, '2015-06-14 00:00:00', '2015-06-14 23:59:59'),
(2118, '2015-06-15 00:00:00', '2015-06-15 23:59:59'),
(2119, '2015-06-16 00:00:00', '2015-06-16 23:59:59'),
(2120, '2015-06-17 00:00:00', '2015-06-17 23:59:59'),
(2121, '2015-06-18 00:00:00', '2015-06-18 23:59:59'),
(2122, '2015-06-19 00:00:00', '2015-06-19 23:59:59'),
(2123, '2015-06-20 00:00:00', '2015-06-20 23:59:59'),
(2124, '2015-06-21 00:00:00', '2015-06-21 23:59:59'),
(2125, '2015-06-22 00:00:00', '2015-06-22 23:59:59'),
(2126, '2015-06-23 00:00:00', '2015-06-23 23:59:59'),
(2127, '2015-06-24 00:00:00', '2015-06-24 23:59:59'),
(2128, '2015-06-25 00:00:00', '2015-06-25 23:59:59'),
(2129, '2015-06-26 00:00:00', '2015-06-26 23:59:59'),
(2130, '2015-06-27 00:00:00', '2015-06-27 23:59:59'),
(2131, '2015-06-28 00:00:00', '2015-06-28 23:59:59'),
(2132, '2015-06-29 00:00:00', '2015-06-29 23:59:59'),
(2133, '2015-06-30 00:00:00', '2015-06-30 23:59:59'),
(2134, '2015-07-01 00:00:00', '2015-07-01 23:59:59'),
(2135, '2015-07-02 00:00:00', '2015-07-02 23:59:59'),
(2136, '2015-07-03 00:00:00', '2015-07-03 23:59:59'),
(2137, '2015-07-04 00:00:00', '2015-07-04 23:59:59'),
(2138, '2015-07-05 00:00:00', '2015-07-05 23:59:59'),
(2139, '2015-07-06 00:00:00', '2015-07-06 23:59:59'),
(2140, '2015-07-07 00:00:00', '2015-07-07 23:59:59'),
(2141, '2015-07-08 00:00:00', '2015-07-08 23:59:59'),
(2142, '2015-07-09 00:00:00', '2015-07-09 23:59:59'),
(2143, '2015-07-10 00:00:00', '2015-07-10 23:59:59'),
(2144, '2015-07-11 00:00:00', '2015-07-11 23:59:59'),
(2145, '2015-07-12 00:00:00', '2015-07-12 23:59:59'),
(2146, '2015-07-13 00:00:00', '2015-07-13 23:59:59'),
(2147, '2015-07-14 00:00:00', '2015-07-14 23:59:59'),
(2148, '2015-07-15 00:00:00', '2015-07-15 23:59:59'),
(2149, '2015-07-16 00:00:00', '2015-07-16 23:59:59'),
(2150, '2015-07-17 00:00:00', '2015-07-17 23:59:59'),
(2151, '2015-07-18 00:00:00', '2015-07-18 23:59:59'),
(2152, '2015-07-19 00:00:00', '2015-07-19 23:59:59'),
(2153, '2015-07-20 00:00:00', '2015-07-20 23:59:59'),
(2154, '2015-07-21 00:00:00', '2015-07-21 23:59:59'),
(2155, '2015-07-22 00:00:00', '2015-07-22 23:59:59'),
(2156, '2015-07-23 00:00:00', '2015-07-23 23:59:59'),
(2157, '2015-07-24 00:00:00', '2015-07-24 23:59:59'),
(2158, '2015-07-25 00:00:00', '2015-07-25 23:59:59'),
(2159, '2015-07-26 00:00:00', '2015-07-26 23:59:59'),
(2160, '2015-07-27 00:00:00', '2015-07-27 23:59:59'),
(2161, '2015-07-28 00:00:00', '2015-07-28 23:59:59'),
(2162, '2015-07-29 00:00:00', '2015-07-29 23:59:59'),
(2163, '2015-07-30 00:00:00', '2015-07-30 23:59:59'),
(2164, '2015-07-31 00:00:00', '2015-07-31 23:59:59'),
(2165, '2015-08-01 00:00:00', '2015-08-01 23:59:59'),
(2166, '2015-08-02 00:00:00', '2015-08-02 23:59:59'),
(2167, '2015-08-03 00:00:00', '2015-08-03 23:59:59'),
(2168, '2015-08-04 00:00:00', '2015-08-04 23:59:59'),
(2169, '2015-08-05 00:00:00', '2015-08-05 23:59:59'),
(2170, '2015-08-06 00:00:00', '2015-08-06 23:59:59'),
(2171, '2015-08-07 00:00:00', '2015-08-07 23:59:59'),
(2172, '2015-08-08 00:00:00', '2015-08-08 23:59:59'),
(2173, '2015-08-09 00:00:00', '2015-08-09 23:59:59'),
(2174, '2015-08-10 00:00:00', '2015-08-10 23:59:59'),
(2175, '2015-08-11 00:00:00', '2015-08-11 23:59:59'),
(2176, '2015-08-12 00:00:00', '2015-08-12 23:59:59'),
(2177, '2015-08-13 00:00:00', '2015-08-13 23:59:59'),
(2178, '2015-08-14 00:00:00', '2015-08-14 23:59:59'),
(2179, '2015-08-15 00:00:00', '2015-08-15 23:59:59'),
(2180, '2015-08-16 00:00:00', '2015-08-16 23:59:59'),
(2181, '2015-08-17 00:00:00', '2015-08-17 23:59:59'),
(2182, '2015-08-18 00:00:00', '2015-08-18 23:59:59'),
(2183, '2015-08-18 00:00:00', '2015-08-18 23:59:59'),
(2184, '2015-08-19 00:00:00', '2015-08-19 23:59:59'),
(2185, '2015-08-20 00:00:00', '2015-08-20 23:59:59'),
(2186, '2015-08-21 00:00:00', '2015-08-21 23:59:59'),
(2187, '2015-08-22 00:00:00', '2015-08-22 23:59:59'),
(2188, '2015-08-23 00:00:00', '2015-08-23 23:59:59'),
(2189, '2015-08-24 00:00:00', '2015-08-24 23:59:59'),
(2190, '2015-08-25 00:00:00', '2015-08-25 23:59:59'),
(2191, '2015-08-26 00:00:00', '2015-08-26 23:59:59'),
(2192, '2015-08-27 00:00:00', '2015-08-27 23:59:59'),
(2193, '2015-08-28 00:00:00', '2015-08-28 23:59:59'),
(2194, '2015-08-29 00:00:00', '2015-08-29 23:59:59'),
(2195, '2015-08-30 00:00:00', '2015-08-30 23:59:59'),
(2196, '2015-08-31 00:00:00', '2015-08-31 23:59:59'),
(2197, '2015-09-01 00:00:00', '2015-09-01 23:59:59'),
(2198, '2015-09-02 00:00:00', '2015-09-02 23:59:59'),
(2199, '2015-09-03 00:00:00', '2015-09-03 23:59:59'),
(2200, '2015-09-04 00:00:00', '2015-09-04 23:59:59'),
(2201, '2015-09-05 00:00:00', '2015-09-05 23:59:59'),
(2202, '2015-09-06 00:00:00', '2015-09-06 23:59:59'),
(2203, '2015-09-07 00:00:00', '2015-09-07 23:59:59'),
(2204, '2015-09-08 00:00:00', '2015-09-08 23:59:59'),
(2205, '2015-09-09 00:00:00', '2015-09-09 23:59:59'),
(2206, '2015-09-10 00:00:00', '2015-09-10 23:59:59'),
(2207, '2015-09-11 00:00:00', '2015-09-11 23:59:59'),
(2208, '2015-09-12 00:00:00', '2015-09-12 23:59:59'),
(2209, '2015-09-13 00:00:00', '2015-09-13 23:59:59'),
(2210, '2015-09-14 00:00:00', '2015-09-14 23:59:59'),
(2211, '2015-09-15 00:00:00', '2015-09-15 23:59:59'),
(2212, '2015-09-16 00:00:00', '2015-09-16 23:59:59'),
(2213, '2015-09-17 00:00:00', '2015-09-17 23:59:59'),
(2214, '2015-09-18 00:00:00', '2015-09-18 23:59:59'),
(2215, '2015-09-19 00:00:00', '2015-09-19 23:59:59'),
(2216, '2015-09-20 00:00:00', '2015-09-20 23:59:59'),
(2217, '2015-09-21 00:00:00', '2015-09-21 23:59:59'),
(2218, '2015-09-22 00:00:00', '2015-09-22 23:59:59'),
(2219, '2015-09-23 00:00:00', '2015-09-23 23:59:59'),
(2220, '2015-09-24 00:00:00', '2015-09-24 23:59:59'),
(2221, '2015-09-25 00:00:00', '2015-09-25 23:59:59'),
(2222, '2015-09-26 00:00:00', '2015-09-26 23:59:59'),
(2223, '2015-09-27 00:00:00', '2015-09-27 23:59:59'),
(2224, '2015-09-28 00:00:00', '2015-09-28 23:59:59'),
(2225, '2015-09-29 00:00:00', '2015-09-29 23:59:59'),
(2226, '2015-09-30 00:00:00', '2015-09-30 23:59:59'),
(2227, '2015-10-01 00:00:00', '2015-10-01 23:59:59'),
(2228, '2015-10-02 00:00:00', '2015-10-02 23:59:59'),
(2229, '2015-10-03 00:00:00', '2015-10-03 23:59:59'),
(2230, '2015-10-04 00:00:00', '2015-10-04 23:59:59'),
(2231, '2015-10-05 00:00:00', '2015-10-05 23:59:59'),
(2232, '2015-10-06 00:00:00', '2015-10-06 23:59:59'),
(2233, '2015-10-07 00:00:00', '2015-10-07 23:59:59'),
(2234, '2015-10-08 00:00:00', '2015-10-08 23:59:59'),
(2235, '2015-10-09 00:00:00', '2015-10-09 23:59:59'),
(2236, '2015-10-10 00:00:00', '2015-10-10 23:59:59'),
(2237, '2015-10-11 00:00:00', '2015-10-11 23:59:59'),
(2238, '2015-10-12 00:00:00', '2015-10-12 23:59:59'),
(2239, '2015-10-13 00:00:00', '2015-10-13 23:59:59'),
(2240, '2015-10-14 00:00:00', '2015-10-14 23:59:59'),
(2241, '2015-10-15 00:00:00', '2015-10-15 23:59:59'),
(2242, '2015-10-16 00:00:00', '2015-10-16 23:59:59'),
(2243, '2015-10-17 00:00:00', '2015-10-17 23:59:59'),
(2244, '2015-10-18 00:00:00', '2015-10-18 23:59:59'),
(2245, '2015-10-18 00:00:00', '2015-10-18 23:59:59'),
(2246, '2015-10-19 00:00:00', '2015-10-19 23:59:59'),
(2247, '2015-10-20 00:00:00', '2015-10-20 23:59:59'),
(2248, '2015-10-21 00:00:00', '2015-10-21 23:59:59'),
(2249, '2015-10-22 00:00:00', '2015-10-22 23:59:59'),
(2250, '2015-10-23 00:00:00', '2015-10-23 23:59:59'),
(2251, '2015-10-24 00:00:00', '2015-10-24 23:59:59'),
(2252, '2015-10-25 00:00:00', '2015-10-25 22:59:59'),
(2253, '2015-10-25 00:00:00', '2015-10-25 22:59:59'),
(2254, '2015-10-25 00:00:00', '2015-10-25 22:59:59'),
(2255, '2015-10-25 00:00:00', '2015-10-25 22:59:59'),
(2256, '2015-10-26 00:00:00', '2015-10-26 23:59:59'),
(2257, '2015-10-27 00:00:00', '2015-10-27 23:59:59'),
(2258, '2015-10-28 00:00:00', '2015-10-28 23:59:59'),
(2259, '2015-10-29 00:00:00', '2015-10-29 23:59:59'),
(2260, '2015-10-30 00:00:00', '2015-10-30 23:59:59'),
(2261, '2015-10-31 00:00:00', '2015-10-31 23:59:59'),
(2262, '2015-11-01 00:00:00', '2015-11-01 23:59:59'),
(2263, '2015-11-02 00:00:00', '2015-11-02 23:59:59'),
(2264, '2015-11-03 00:00:00', '2015-11-03 23:59:59'),
(2265, '2015-11-04 00:00:00', '2015-11-04 23:59:59'),
(2266, '2015-11-05 00:00:00', '2015-11-05 23:59:59'),
(2267, '2015-11-06 00:00:00', '2015-11-06 23:59:59'),
(2268, '2015-11-07 00:00:00', '2015-11-07 23:59:59'),
(2269, '2015-11-08 00:00:00', '2015-11-08 23:59:59'),
(2270, '2015-11-09 00:00:00', '2015-11-09 23:59:59'),
(2271, '2015-11-10 00:00:00', '2015-11-10 23:59:59'),
(2272, '2015-11-11 00:00:00', '2015-11-11 23:59:59'),
(2273, '2015-11-12 00:00:00', '2015-11-12 23:59:59'),
(2274, '2015-11-13 00:00:00', '2015-11-13 23:59:59'),
(2275, '2015-11-14 00:00:00', '2015-11-14 23:59:59'),
(2276, '2015-11-15 00:00:00', '2015-11-15 23:59:59'),
(2277, '2015-11-16 00:00:00', '2015-11-16 23:59:59'),
(2278, '2015-11-17 00:00:00', '2015-11-17 23:59:59'),
(2279, '2015-11-18 00:00:00', '2015-11-18 23:59:59'),
(2280, '2015-11-19 00:00:00', '2015-11-19 23:59:59'),
(2281, '2015-11-20 00:00:00', '2015-11-20 23:59:59'),
(2282, '2015-11-21 00:00:00', '2015-11-21 23:59:59'),
(2283, '2015-11-22 00:00:00', '2015-11-22 23:59:59'),
(2284, '2015-11-23 00:00:00', '2015-11-23 23:59:59'),
(2285, '2015-11-24 00:00:00', '2015-11-24 23:59:59'),
(2286, '2015-11-25 00:00:00', '2015-11-25 23:59:59'),
(2287, '2015-11-26 00:00:00', '2015-11-26 23:59:59'),
(2288, '2015-11-27 00:00:00', '2015-11-27 23:59:59'),
(2289, '2015-11-28 00:00:00', '2015-11-28 23:59:59'),
(2290, '2015-11-29 00:00:00', '2015-11-29 23:59:59'),
(2291, '2015-11-30 00:00:00', '2015-11-30 23:59:59'),
(2292, '2015-12-01 00:00:00', '2015-12-01 23:59:59'),
(2293, '2015-12-02 00:00:00', '2015-12-02 23:59:59'),
(2294, '2015-12-03 00:00:00', '2015-12-03 23:59:59'),
(2295, '2015-12-04 00:00:00', '2015-12-04 23:59:59'),
(2296, '2015-12-05 00:00:00', '2015-12-05 23:59:59'),
(2297, '2015-12-06 00:00:00', '2015-12-06 23:59:59'),
(2298, '2015-12-07 00:00:00', '2015-12-07 23:59:59'),
(2299, '2015-12-08 00:00:00', '2015-12-08 23:59:59'),
(2300, '2015-12-09 00:00:00', '2015-12-09 23:59:59'),
(2301, '2015-12-10 00:00:00', '2015-12-10 23:59:59'),
(2302, '2015-12-11 00:00:00', '2015-12-11 23:59:59'),
(2303, '2015-12-12 00:00:00', '2015-12-12 23:59:59'),
(2304, '2015-12-13 00:00:00', '2015-12-13 23:59:59'),
(2305, '2015-12-14 00:00:00', '2015-12-14 23:59:59'),
(2306, '2015-12-15 00:00:00', '2015-12-15 23:59:59'),
(2307, '2015-12-16 00:00:00', '2015-12-16 23:59:59'),
(2308, '2015-12-17 00:00:00', '2015-12-17 23:59:59'),
(2309, '2015-12-18 00:00:00', '2015-12-18 23:59:59'),
(2310, '2015-12-19 00:00:00', '2015-12-19 23:59:59'),
(2311, '2015-12-20 00:00:00', '2015-12-20 23:59:59'),
(2312, '2015-12-21 00:00:00', '2015-12-21 23:59:59'),
(2313, '2015-12-22 00:00:00', '2015-12-22 23:59:59'),
(2314, '2015-12-23 00:00:00', '2015-12-23 23:59:59'),
(2315, '2015-12-24 00:00:00', '2015-12-24 23:59:59'),
(2316, '2015-12-25 00:00:00', '2015-12-25 23:59:59'),
(2317, '2015-12-26 00:00:00', '2015-12-26 23:59:59'),
(2318, '2015-12-27 00:00:00', '2015-12-27 23:59:59'),
(2319, '2015-12-28 00:00:00', '2015-12-28 23:59:59'),
(2320, '2015-12-29 00:00:00', '2015-12-29 23:59:59'),
(2321, '2015-12-30 00:00:00', '2015-12-30 23:59:59'),
(2322, '2015-12-31 00:00:00', '2015-12-31 23:59:59'),
(2323, '2016-01-01 00:00:00', '2016-01-01 23:59:59'),
(2324, '2016-01-02 00:00:00', '2016-01-02 23:59:59'),
(2325, '2016-01-03 00:00:00', '2016-01-03 23:59:59'),
(2326, '2016-01-04 00:00:00', '2016-01-04 23:59:59'),
(2327, '2016-01-05 00:00:00', '2016-01-05 23:59:59'),
(2328, '2016-01-06 00:00:00', '2016-01-06 23:59:59'),
(2329, '2016-01-07 00:00:00', '2016-01-07 23:59:59'),
(2330, '2016-01-08 00:00:00', '2016-01-08 23:59:59'),
(2331, '2016-01-09 00:00:00', '2016-01-09 23:59:59'),
(2332, '2016-01-10 00:00:00', '2016-01-10 23:59:59'),
(2333, '2016-01-11 00:00:00', '2016-01-11 23:59:59'),
(2334, '2016-01-12 00:00:00', '2016-01-12 23:59:59'),
(2335, '2016-01-13 00:00:00', '2016-01-13 23:59:59'),
(2336, '2016-01-14 00:00:00', '2016-01-14 23:59:59'),
(2337, '2016-01-15 00:00:00', '2016-01-15 23:59:59'),
(2338, '2016-01-16 00:00:00', '2016-01-16 23:59:59'),
(2339, '2016-01-17 00:00:00', '2016-01-17 23:59:59'),
(2340, '2016-01-18 00:00:00', '2016-01-18 23:59:59'),
(2341, '2016-01-19 00:00:00', '2016-01-19 23:59:59'),
(2342, '2016-01-20 00:00:00', '2016-01-20 23:59:59'),
(2343, '2016-01-21 00:00:00', '2016-01-21 23:59:59'),
(2344, '2016-01-22 00:00:00', '2016-01-22 23:59:59'),
(2345, '2016-01-23 00:00:00', '2016-01-23 23:59:59'),
(2346, '2016-01-24 00:00:00', '2016-01-24 23:59:59'),
(2347, '2016-01-25 00:00:00', '2016-01-25 23:59:59'),
(2348, '2016-01-26 00:00:00', '2016-01-26 23:59:59'),
(2349, '2016-01-27 00:00:00', '2016-01-27 23:59:59'),
(2350, '2016-01-28 00:00:00', '2016-01-28 23:59:59'),
(2351, '2016-01-29 00:00:00', '2016-01-29 23:59:59'),
(2352, '2016-01-30 00:00:00', '2016-01-30 23:59:59'),
(2353, '2016-01-31 00:00:00', '2016-01-31 23:59:59'),
(2354, '2016-02-01 00:00:00', '2016-02-01 23:59:59'),
(2355, '2016-02-02 00:00:00', '2016-02-02 23:59:59'),
(2356, '2016-02-03 00:00:00', '2016-02-03 23:59:59'),
(2357, '2016-02-04 00:00:00', '2016-02-04 23:59:59'),
(2358, '2016-02-05 00:00:00', '2016-02-05 23:59:59'),
(2359, '2016-02-06 00:00:00', '2016-02-06 23:59:59'),
(2360, '2016-02-07 00:00:00', '2016-02-07 23:59:59'),
(2361, '2016-02-08 00:00:00', '2016-02-08 23:59:59'),
(2362, '2016-02-09 00:00:00', '2016-02-09 23:59:59'),
(2363, '2016-02-10 00:00:00', '2016-02-10 23:59:59'),
(2364, '2016-02-11 00:00:00', '2016-02-11 23:59:59'),
(2365, '2016-02-12 00:00:00', '2016-02-12 23:59:59'),
(2366, '2016-02-13 00:00:00', '2016-02-13 23:59:59'),
(2367, '2016-02-14 00:00:00', '2016-02-14 23:59:59'),
(2368, '2016-02-15 00:00:00', '2016-02-15 23:59:59'),
(2369, '2016-02-16 00:00:00', '2016-02-16 23:59:59'),
(2370, '2016-02-17 00:00:00', '2016-02-17 23:59:59'),
(2371, '2016-02-18 00:00:00', '2016-02-18 23:59:59'),
(2372, '2016-02-19 00:00:00', '2016-02-19 23:59:59'),
(2373, '2016-02-20 00:00:00', '2016-02-20 23:59:59'),
(2374, '2016-02-21 00:00:00', '2016-02-21 23:59:59'),
(2375, '2016-02-22 00:00:00', '2016-02-22 23:59:59'),
(2376, '2016-02-23 00:00:00', '2016-02-23 23:59:59'),
(2377, '2016-02-24 00:00:00', '2016-02-24 23:59:59'),
(2378, '2016-02-25 00:00:00', '2016-02-25 23:59:59'),
(2379, '2016-02-26 00:00:00', '2016-02-26 23:59:59'),
(2380, '2016-02-27 00:00:00', '2016-02-27 23:59:59'),
(2381, '2016-02-28 00:00:00', '2016-02-28 23:59:59'),
(2382, '2016-02-29 00:00:00', '2016-02-29 23:59:59'),
(2383, '2016-03-01 00:00:00', '2016-03-01 23:59:59'),
(2384, '2016-03-02 00:00:00', '2016-03-02 23:59:59'),
(2385, '2016-03-03 00:00:00', '2016-03-03 23:59:59'),
(2386, '2016-03-04 00:00:00', '2016-03-04 23:59:59'),
(2387, '2016-03-05 00:00:00', '2016-03-05 23:59:59'),
(2388, '2016-03-06 00:00:00', '2016-03-06 23:59:59'),
(2389, '2016-03-07 00:00:00', '2016-03-07 23:59:59'),
(2390, '2016-03-08 00:00:00', '2016-03-08 23:59:59'),
(2391, '2016-03-09 00:00:00', '2016-03-09 23:59:59'),
(2392, '2016-03-10 00:00:00', '2016-03-10 23:59:59'),
(2393, '2016-03-11 00:00:00', '2016-03-11 23:59:59'),
(2394, '2016-03-12 00:00:00', '2016-03-12 23:59:59'),
(2395, '2016-03-13 00:00:00', '2016-03-13 23:59:59'),
(2396, '2016-03-14 00:00:00', '2016-03-14 23:59:59'),
(2397, '2016-03-14 00:00:00', '2016-03-14 23:59:59'),
(2398, '2016-03-15 00:00:00', '2016-03-15 23:59:59'),
(2399, '2016-03-16 00:00:00', '2016-03-16 23:59:59'),
(2400, '2016-03-17 00:00:00', '2016-03-17 23:59:59'),
(2401, '2016-03-18 00:00:00', '2016-03-18 23:59:59'),
(2402, '2016-03-19 00:00:00', '2016-03-19 23:59:59'),
(2403, '2016-03-20 00:00:00', '2016-03-20 23:59:59'),
(2404, '2016-03-21 00:00:00', '2016-03-21 23:59:59'),
(2405, '2016-03-22 00:00:00', '2016-03-22 23:59:59'),
(2406, '2016-03-23 00:00:00', '2016-03-23 23:59:59'),
(2407, '2016-03-24 00:00:00', '2016-03-24 23:59:59'),
(2408, '2016-03-25 00:00:00', '2016-03-25 23:59:59'),
(2409, '2016-03-26 00:00:00', '2016-03-26 23:59:59'),
(2410, '2016-03-27 00:00:00', '2016-03-28 00:59:59'),
(2411, '2016-03-28 00:00:00', '2016-03-28 23:59:59'),
(2412, '2016-03-29 00:00:00', '2016-03-29 23:59:59'),
(2413, '2016-03-30 00:00:00', '2016-03-30 23:59:59'),
(2414, '2016-03-31 00:00:00', '2016-03-31 23:59:59'),
(2415, '2016-04-01 00:00:00', '2016-04-01 23:59:59'),
(2416, '2016-04-02 00:00:00', '2016-04-02 23:59:59'),
(2417, '2016-04-03 00:00:00', '2016-04-03 23:59:59'),
(2418, '2016-04-04 00:00:00', '2016-04-04 23:59:59'),
(2419, '2016-04-05 00:00:00', '2016-04-05 23:59:59'),
(2420, '2016-04-06 00:00:00', '2016-04-06 23:59:59'),
(2421, '2016-04-07 00:00:00', '2016-04-07 23:59:59'),
(2422, '2016-04-08 00:00:00', '2016-04-08 23:59:59'),
(2423, '2016-04-09 00:00:00', '2016-04-09 23:59:59'),
(2424, '2016-04-10 00:00:00', '2016-04-10 23:59:59'),
(2425, '2016-04-11 00:00:00', '2016-04-11 23:59:59'),
(2426, '2016-04-12 00:00:00', '2016-04-12 23:59:59'),
(2427, '2016-04-13 00:00:00', '2016-04-13 23:59:59'),
(2428, '2016-04-14 00:00:00', '2016-04-14 23:59:59'),
(2429, '2016-04-15 00:00:00', '2016-04-15 23:59:59'),
(2430, '2016-04-16 00:00:00', '2016-04-16 23:59:59'),
(2431, '2016-04-17 00:00:00', '2016-04-17 23:59:59'),
(2432, '2016-04-18 00:00:00', '2016-04-18 23:59:59'),
(2433, '2016-04-19 00:00:00', '2016-04-19 23:59:59'),
(2434, '2016-04-20 00:00:00', '2016-04-20 23:59:59'),
(2435, '2016-04-21 00:00:00', '2016-04-21 23:59:59'),
(2436, '2016-04-22 00:00:00', '2016-04-22 23:59:59'),
(2437, '2016-04-23 00:00:00', '2016-04-23 23:59:59'),
(2438, '2016-04-24 00:00:00', '2016-04-24 23:59:59'),
(2439, '2016-04-25 00:00:00', '2016-04-25 23:59:59'),
(2440, '2016-04-26 00:00:00', '2016-04-26 23:59:59'),
(2441, '2016-04-27 00:00:00', '2016-04-27 23:59:59'),
(2442, '2016-04-28 00:00:00', '2016-04-28 23:59:59'),
(2443, '2016-04-29 00:00:00', '2016-04-29 23:59:59'),
(2444, '2016-04-30 00:00:00', '2016-04-30 23:59:59'),
(2445, '2016-05-01 00:00:00', '2016-05-01 23:59:59'),
(2446, '2016-05-02 00:00:00', '2016-05-02 23:59:59'),
(2447, '2016-05-03 00:00:00', '2016-05-03 23:59:59'),
(2448, '2016-05-04 00:00:00', '2016-05-04 23:59:59'),
(2449, '2016-05-05 00:00:00', '2016-05-05 23:59:59'),
(2450, '2016-05-06 00:00:00', '2016-05-06 23:59:59'),
(2451, '2016-05-07 00:00:00', '2016-05-07 23:59:59'),
(2452, '2016-05-08 00:00:00', '2016-05-08 23:59:59'),
(2453, '2016-05-09 00:00:00', '2016-05-09 23:59:59'),
(2454, '2016-05-10 00:00:00', '2016-05-10 23:59:59'),
(2455, '2016-05-11 00:00:00', '2016-05-11 23:59:59'),
(2456, '2016-05-12 00:00:00', '2016-05-12 23:59:59'),
(2457, '2016-05-13 00:00:00', '2016-05-13 23:59:59'),
(2458, '2016-05-14 00:00:00', '2016-05-14 23:59:59'),
(2459, '2016-05-15 00:00:00', '2016-05-15 23:59:59'),
(2460, '2016-05-16 00:00:00', '2016-05-16 23:59:59'),
(2461, '2016-05-17 00:00:00', '2016-05-17 23:59:59'),
(2462, '2016-05-18 00:00:00', '2016-05-18 23:59:59'),
(2463, '2016-05-19 00:00:00', '2016-05-19 23:59:59'),
(2464, '2016-05-20 00:00:00', '2016-05-20 23:59:59'),
(2465, '2016-05-21 00:00:00', '2016-05-21 23:59:59'),
(2466, '2016-05-22 00:00:00', '2016-05-22 23:59:59'),
(2467, '2016-05-23 00:00:00', '2016-05-23 23:59:59'),
(2468, '2016-05-24 00:00:00', '2016-05-24 23:59:59'),
(2469, '2016-05-25 00:00:00', '2016-05-25 23:59:59'),
(2470, '2016-05-26 00:00:00', '2016-05-26 23:59:59'),
(2471, '2016-05-27 00:00:00', '2016-05-27 23:59:59'),
(2472, '2016-05-28 00:00:00', '2016-05-28 23:59:59'),
(2473, '2016-05-29 00:00:00', '2016-05-29 23:59:59'),
(2474, '2016-05-30 00:00:00', '2016-05-30 23:59:59'),
(2475, '2016-05-31 00:00:00', '2016-05-31 23:59:59'),
(2476, '2016-06-01 00:00:00', '2016-06-01 23:59:59'),
(2477, '2016-06-02 00:00:00', '2016-06-02 23:59:59'),
(2478, '2016-06-03 00:00:00', '2016-06-03 23:59:59'),
(2479, '2016-06-04 00:00:00', '2016-06-04 23:59:59'),
(2480, '2016-06-05 00:00:00', '2016-06-05 23:59:59'),
(2481, '2016-06-06 00:00:00', '2016-06-06 23:59:59'),
(2482, '2016-06-07 00:00:00', '2016-06-07 23:59:59'),
(2483, '2016-06-08 00:00:00', '2016-06-08 23:59:59'),
(2484, '2016-06-09 00:00:00', '2016-06-09 23:59:59'),
(2485, '2016-06-10 00:00:00', '2016-06-10 23:59:59'),
(2486, '2016-06-11 00:00:00', '2016-06-11 23:59:59'),
(2487, '2016-06-12 00:00:00', '2016-06-12 23:59:59'),
(2488, '2016-06-13 00:00:00', '2016-06-13 23:59:59'),
(2489, '2016-06-14 00:00:00', '2016-06-14 23:59:59'),
(2490, '2016-06-15 00:00:00', '2016-06-15 23:59:59'),
(2491, '2016-06-16 00:00:00', '2016-06-16 23:59:59'),
(2492, '2016-06-17 00:00:00', '2016-06-17 23:59:59'),
(2493, '2016-06-18 00:00:00', '2016-06-18 23:59:59'),
(2494, '2016-06-19 00:00:00', '2016-06-19 23:59:59'),
(2495, '2016-06-20 00:00:00', '2016-06-20 23:59:59'),
(2496, '2016-06-21 00:00:00', '2016-06-21 23:59:59'),
(2497, '2016-06-22 00:00:00', '2016-06-22 23:59:59'),
(2498, '2016-06-23 00:00:00', '2016-06-23 23:59:59'),
(2499, '2016-06-24 00:00:00', '2016-06-24 23:59:59'),
(2500, '2016-06-25 00:00:00', '2016-06-25 23:59:59'),
(2501, '2016-06-26 00:00:00', '2016-06-26 23:59:59'),
(2502, '2016-06-27 00:00:00', '2016-06-27 23:59:59'),
(2503, '2016-06-28 00:00:00', '2016-06-28 23:59:59'),
(2504, '2016-06-29 00:00:00', '2016-06-29 23:59:59'),
(2505, '2016-06-30 00:00:00', '2016-06-30 23:59:59'),
(2506, '2016-07-01 00:00:00', '2016-07-01 23:59:59'),
(2507, '2016-07-02 00:00:00', '2016-07-02 23:59:59'),
(2508, '2016-07-03 00:00:00', '2016-07-03 23:59:59'),
(2509, '2016-07-04 00:00:00', '2016-07-04 23:59:59'),
(2510, '2016-07-05 00:00:00', '2016-07-05 23:59:59'),
(2511, '2016-07-06 00:00:00', '2016-07-06 23:59:59'),
(2512, '2016-07-07 00:00:00', '2016-07-07 23:59:59'),
(2513, '2016-07-08 00:00:00', '2016-07-08 23:59:59'),
(2514, '2016-07-09 00:00:00', '2016-07-09 23:59:59'),
(2515, '2016-07-10 00:00:00', '2016-07-10 23:59:59'),
(2516, '2016-07-11 00:00:00', '2016-07-11 23:59:59'),
(2517, '2016-07-12 00:00:00', '2016-07-12 23:59:59'),
(2518, '2016-07-13 00:00:00', '2016-07-13 23:59:59'),
(2519, '2016-07-14 00:00:00', '2016-07-14 23:59:59'),
(2520, '2016-07-15 00:00:00', '2016-07-15 23:59:59'),
(2521, '2016-07-16 00:00:00', '2016-07-16 23:59:59'),
(2522, '2016-07-17 00:00:00', '2016-07-17 23:59:59'),
(2523, '2016-07-18 00:00:00', '2016-07-18 23:59:59'),
(2524, '2016-07-19 00:00:00', '2016-07-19 23:59:59'),
(2525, '2016-07-20 00:00:00', '2016-07-20 23:59:59'),
(2526, '2016-07-21 00:00:00', '2016-07-21 23:59:59'),
(2527, '2016-07-22 00:00:00', '2016-07-22 23:59:59'),
(2528, '2016-07-23 00:00:00', '2016-07-23 23:59:59'),
(2529, '2016-07-24 00:00:00', '2016-07-24 23:59:59'),
(2530, '2016-07-25 00:00:00', '2016-07-25 23:59:59'),
(2531, '2016-07-26 00:00:00', '2016-07-26 23:59:59'),
(2532, '2016-07-27 00:00:00', '2016-07-27 23:59:59'),
(2533, '2016-07-28 00:00:00', '2016-07-28 23:59:59'),
(2534, '2016-07-29 00:00:00', '2016-07-29 23:59:59'),
(2535, '2016-07-30 00:00:00', '2016-07-30 23:59:59'),
(2536, '2016-07-31 00:00:00', '2016-07-31 23:59:59'),
(2537, '2016-08-01 00:00:00', '2016-08-01 23:59:59'),
(2538, '2016-08-02 00:00:00', '2016-08-02 23:59:59'),
(2539, '2016-08-03 00:00:00', '2016-08-03 23:59:59'),
(2540, '2016-08-04 00:00:00', '2016-08-04 23:59:59'),
(2541, '2016-08-05 00:00:00', '2016-08-05 23:59:59'),
(2542, '2016-08-06 00:00:00', '2016-08-06 23:59:59'),
(2543, '2016-08-07 00:00:00', '2016-08-07 23:59:59'),
(2544, '2016-08-08 00:00:00', '2016-08-08 23:59:59'),
(2545, '2016-08-09 00:00:00', '2016-08-09 23:59:59'),
(2546, '2016-08-10 00:00:00', '2016-08-10 23:59:59'),
(2547, '2016-08-11 00:00:00', '2016-08-11 23:59:59'),
(2548, '2016-08-12 00:00:00', '2016-08-12 23:59:59'),
(2549, '2016-08-13 00:00:00', '2016-08-13 23:59:59'),
(2550, '2016-08-14 00:00:00', '2016-08-14 23:59:59'),
(2551, '2016-08-15 00:00:00', '2016-08-15 23:59:59'),
(2552, '2016-08-16 00:00:00', '2016-08-16 23:59:59'),
(2553, '2016-08-17 00:00:00', '2016-08-17 23:59:59'),
(2554, '2016-08-18 00:00:00', '2016-08-18 23:59:59'),
(2555, '2016-08-19 00:00:00', '2016-08-19 23:59:59'),
(2556, '2016-08-20 00:00:00', '2016-08-20 23:59:59'),
(2557, '2016-08-21 00:00:00', '2016-08-21 23:59:59'),
(2558, '2016-08-22 00:00:00', '2016-08-22 23:59:59'),
(2559, '2016-08-23 00:00:00', '2016-08-23 23:59:59'),
(2560, '2016-08-24 00:00:00', '2016-08-24 23:59:59'),
(2561, '2016-08-25 00:00:00', '2016-08-25 23:59:59'),
(2562, '2016-08-26 00:00:00', '2016-08-26 23:59:59'),
(2563, '2016-08-27 00:00:00', '2016-08-27 23:59:59'),
(2564, '2016-08-28 00:00:00', '2016-08-28 23:59:59'),
(2565, '2016-08-29 00:00:00', '2016-08-29 23:59:59'),
(2566, '2016-08-30 00:00:00', '2016-08-30 23:59:59'),
(2567, '2016-08-31 00:00:00', '2016-08-31 23:59:59'),
(2568, '2016-09-01 00:00:00', '2016-09-01 23:59:59'),
(2569, '2016-09-02 00:00:00', '2016-09-02 23:59:59'),
(2570, '2016-09-03 00:00:00', '2016-09-03 23:59:59'),
(2571, '2016-09-04 00:00:00', '2016-09-04 23:59:59'),
(2572, '2016-09-05 00:00:00', '2016-09-05 23:59:59'),
(2573, '2016-09-06 00:00:00', '2016-09-06 23:59:59'),
(2574, '2016-09-07 00:00:00', '2016-09-07 23:59:59'),
(2575, '2016-09-08 00:00:00', '2016-09-08 23:59:59'),
(2576, '2016-09-09 00:00:00', '2016-09-09 23:59:59'),
(2577, '2016-09-10 00:00:00', '2016-09-10 23:59:59'),
(2578, '2016-09-11 00:00:00', '2016-09-11 23:59:59'),
(2579, '2016-09-12 00:00:00', '2016-09-12 23:59:59'),
(2580, '2016-09-13 00:00:00', '2016-09-13 23:59:59'),
(2581, '2016-09-14 00:00:00', '2016-09-14 23:59:59'),
(2582, '2016-09-15 00:00:00', '2016-09-15 23:59:59'),
(2583, '2016-09-16 00:00:00', '2016-09-16 23:59:59'),
(2584, '2016-09-17 00:00:00', '2016-09-17 23:59:59'),
(2585, '2016-09-18 00:00:00', '2016-09-18 23:59:59'),
(2586, '2016-09-19 00:00:00', '2016-09-19 23:59:59'),
(2587, '2016-09-20 00:00:00', '2016-09-20 23:59:59'),
(2588, '2016-09-21 00:00:00', '2016-09-21 23:59:59'),
(2589, '2016-09-22 00:00:00', '2016-09-22 23:59:59'),
(2590, '2016-09-23 00:00:00', '2016-09-23 23:59:59'),
(2591, '2016-09-24 00:00:00', '2016-09-24 23:59:59'),
(2592, '2016-09-25 00:00:00', '2016-09-25 23:59:59'),
(2593, '2016-09-26 00:00:00', '2016-09-26 23:59:59'),
(2594, '2016-09-27 00:00:00', '2016-09-27 23:59:59'),
(2595, '2016-09-28 00:00:00', '2016-09-28 23:59:59'),
(2596, '2016-09-29 00:00:00', '2016-09-29 23:59:59'),
(2597, '2016-09-30 00:00:00', '2016-09-30 23:59:59'),
(2598, '2016-10-01 00:00:00', '2016-10-01 23:59:59'),
(2599, '2016-10-02 00:00:00', '2016-10-02 23:59:59'),
(2600, '2016-10-03 00:00:00', '2016-10-03 23:59:59'),
(2601, '2016-10-04 00:00:00', '2016-10-04 23:59:59'),
(2602, '2016-10-05 00:00:00', '2016-10-05 23:59:59'),
(2603, '2016-10-06 00:00:00', '2016-10-06 23:59:59'),
(2604, '2016-10-07 00:00:00', '2016-10-07 23:59:59'),
(2605, '2016-10-08 00:00:00', '2016-10-08 23:59:59'),
(2606, '2016-10-09 00:00:00', '2016-10-09 23:59:59'),
(2607, '2016-10-10 00:00:00', '2016-10-10 23:59:59'),
(2608, '2016-10-11 00:00:00', '2016-10-11 23:59:59'),
(2609, '2016-10-12 00:00:00', '2016-10-12 23:59:59'),
(2610, '2016-10-13 00:00:00', '2016-10-13 23:59:59'),
(2611, '2016-10-14 00:00:00', '2016-10-14 23:59:59'),
(2612, '2016-10-15 00:00:00', '2016-10-15 23:59:59'),
(2613, '2016-10-16 00:00:00', '2016-10-16 23:59:59'),
(2614, '2016-10-17 00:00:00', '2016-10-17 23:59:59'),
(2615, '2016-10-18 00:00:00', '2016-10-18 23:59:59'),
(2616, '2016-10-19 00:00:00', '2016-10-19 23:59:59'),
(2617, '2016-10-20 00:00:00', '2016-10-20 23:59:59'),
(2618, '2016-10-21 00:00:00', '2016-10-21 23:59:59'),
(2619, '2016-10-22 00:00:00', '2016-10-22 23:59:59'),
(2620, '2016-10-23 00:00:00', '2016-10-23 23:59:59'),
(2621, '2016-10-24 00:00:00', '2016-10-24 23:59:59'),
(2622, '2016-10-25 00:00:00', '2016-10-25 23:59:59'),
(2623, '2016-10-26 00:00:00', '2016-10-26 23:59:59'),
(2624, '2016-10-27 00:00:00', '2016-10-27 23:59:59'),
(2625, '2016-10-28 00:00:00', '2016-10-28 23:59:59'),
(2626, '2016-10-29 00:00:00', '2016-10-29 23:59:59'),
(2627, '2016-10-30 00:00:00', '2016-10-30 22:59:59'),
(2628, '2016-10-30 00:00:00', '2016-10-30 22:59:59'),
(2629, '2016-10-30 00:00:00', '2016-10-30 22:59:59'),
(2630, '2016-10-30 00:00:00', '2016-10-30 22:59:59'),
(2631, '2016-10-30 00:00:00', '2016-10-30 22:59:59'),
(2632, '2016-10-30 00:00:00', '2016-10-30 22:59:59'),
(2633, '2016-10-30 00:00:00', '2016-10-30 22:59:59'),
(2634, '2016-10-30 00:00:00', '2016-10-30 22:59:59'),
(2635, '2016-10-30 00:00:00', '2016-10-30 22:59:59'),
(2636, '2016-10-30 00:00:00', '2016-10-30 22:59:59'),
(2637, '2016-10-30 00:00:00', '2016-10-30 22:59:59'),
(2638, '2016-10-30 00:00:00', '2016-10-30 22:59:59'),
(2639, '2016-10-30 00:00:00', '2016-10-30 22:59:59'),
(2640, '2016-10-30 00:00:00', '2016-10-30 22:59:59'),
(2641, '2016-10-30 00:00:00', '2016-10-30 22:59:59'),
(2642, '2016-10-30 00:00:00', '2016-10-30 22:59:59'),
(2643, '2016-10-30 00:00:00', '2016-10-30 22:59:59'),
(2644, '2016-10-30 00:00:00', '2016-10-30 22:59:59'),
(2645, '2016-10-30 00:00:00', '2016-10-30 22:59:59'),
(2646, '2016-10-30 00:00:00', '2016-10-30 22:59:59'),
(2647, '2016-10-30 00:00:00', '2016-10-30 22:59:59'),
(2648, '2016-10-30 00:00:00', '2016-10-30 22:59:59'),
(2649, '2016-10-30 00:00:00', '2016-10-30 22:59:59'),
(2650, '2016-10-30 00:00:00', '2016-10-30 22:59:59'),
(2651, '2016-10-30 00:00:00', '2016-10-30 22:59:59'),
(2652, '2016-10-30 00:00:00', '2016-10-30 22:59:59'),
(2653, '2016-10-30 00:00:00', '2016-10-30 22:59:59'),
(2654, '2016-10-30 00:00:00', '2016-10-30 22:59:59'),
(2655, '2016-10-30 00:00:00', '2016-10-30 22:59:59'),
(2656, '2016-10-30 00:00:00', '2016-10-30 22:59:59'),
(2657, '2016-10-30 00:00:00', '2016-10-30 22:59:59'),
(2658, '2016-10-30 00:00:00', '2016-10-30 22:59:59'),
(2659, '2016-10-30 00:00:00', '2016-10-30 22:59:59'),
(2660, '2016-10-30 00:00:00', '2016-10-30 22:59:59'),
(2661, '2016-10-30 00:00:00', '2016-10-30 22:59:59'),
(2662, '2016-10-30 00:00:00', '2016-10-30 22:59:59'),
(2663, '2016-10-30 00:00:00', '2016-10-30 22:59:59'),
(2664, '2016-10-30 00:00:00', '2016-10-30 22:59:59'),
(2665, '2016-10-30 00:00:00', '2016-10-30 22:59:59'),
(2666, '2016-10-30 00:00:00', '2016-10-30 22:59:59'),
(2667, '2016-10-30 00:00:00', '2016-10-30 22:59:59'),
(2668, '2016-10-30 00:00:00', '2016-10-30 22:59:59'),
(2669, '2016-10-30 00:00:00', '2016-10-30 22:59:59'),
(2670, '2016-10-30 00:00:00', '2016-10-30 22:59:59'),
(2671, '2016-10-30 00:00:00', '2016-10-30 22:59:59'),
(2672, '2016-10-30 00:00:00', '2016-10-30 22:59:59'),
(2673, '2016-10-30 00:00:00', '2016-10-30 22:59:59'),
(2674, '2016-10-30 00:00:00', '2016-10-30 22:59:59'),
(2675, '2016-10-30 00:00:00', '2016-10-30 22:59:59'),
(2676, '2016-10-30 00:00:00', '2016-10-30 22:59:59'),
(2677, '2016-10-30 00:00:00', '2016-10-30 22:59:59'),
(2678, '2016-10-30 00:00:00', '2016-10-30 22:59:59'),
(2679, '2016-10-30 00:00:00', '2016-10-30 22:59:59'),
(2680, '2016-10-30 00:00:00', '2016-10-30 22:59:59'),
(2681, '2016-10-30 00:00:00', '2016-10-30 22:59:59'),
(2682, '2016-10-30 00:00:00', '2016-10-30 22:59:59'),
(2683, '2016-10-30 00:00:00', '2016-10-30 22:59:59'),
(2684, '2016-10-30 00:00:00', '2016-10-30 22:59:59'),
(2685, '2016-10-30 00:00:00', '2016-10-30 22:59:59'),
(2686, '2016-10-30 00:00:00', '2016-10-30 22:59:59'),
(2687, '2016-10-30 00:00:00', '2016-10-30 22:59:59'),
(2688, '2016-10-30 00:00:00', '2016-10-30 22:59:59'),
(2689, '2016-10-30 00:00:00', '2016-10-30 22:59:59'),
(2690, '2016-10-30 00:00:00', '2016-10-30 22:59:59'),
(2691, '2016-10-30 00:00:00', '2016-10-30 22:59:59'),
(2692, '2016-10-30 00:00:00', '2016-10-30 22:59:59'),
(2693, '2016-10-30 00:00:00', '2016-10-30 22:59:59'),
(2694, '2016-10-30 00:00:00', '2016-10-30 22:59:59'),
(2695, '2016-10-30 00:00:00', '2016-10-30 22:59:59'),
(2696, '2016-10-30 00:00:00', '2016-10-30 22:59:59'),
(2697, '2016-10-30 00:00:00', '2016-10-30 22:59:59'),
(2698, '2016-10-30 00:00:00', '2016-10-30 22:59:59'),
(2699, '2016-10-30 00:00:00', '2016-10-30 22:59:59'),
(2700, '2016-10-30 00:00:00', '2016-10-30 22:59:59'),
(2701, '2016-10-30 00:00:00', '2016-10-30 22:59:59'),
(2702, '2016-10-30 00:00:00', '2016-10-30 22:59:59'),
(2703, '2016-10-30 00:00:00', '2016-10-30 22:59:59'),
(2704, '2016-10-30 00:00:00', '2016-10-30 22:59:59'),
(2705, '2016-10-30 00:00:00', '2016-10-30 22:59:59'),
(2706, '2016-10-30 00:00:00', '2016-10-30 22:59:59'),
(2707, '2016-10-30 00:00:00', '2016-10-30 22:59:59'),
(2708, '2016-10-30 00:00:00', '2016-10-30 22:59:59'),
(2709, '2016-10-30 00:00:00', '2016-10-30 22:59:59'),
(2710, '2016-10-30 00:00:00', '2016-10-30 22:59:59'),
(2711, '2016-10-30 00:00:00', '2016-10-30 22:59:59'),
(2712, '2016-10-30 00:00:00', '2016-10-30 22:59:59'),
(2713, '2016-10-30 00:00:00', '2016-10-30 22:59:59'),
(2714, '2016-10-30 00:00:00', '2016-10-30 22:59:59'),
(2715, '2016-10-30 00:00:00', '2016-10-30 22:59:59'),
(2716, '2016-10-30 00:00:00', '2016-10-30 22:59:59'),
(2717, '2016-10-30 00:00:00', '2016-10-30 22:59:59'),
(2718, '2016-10-30 00:00:00', '2016-10-30 22:59:59'),
(2719, '2016-10-30 00:00:00', '2016-10-30 22:59:59'),
(2720, '2016-10-30 00:00:00', '2016-10-30 22:59:59'),
(2721, '2016-10-30 00:00:00', '2016-10-30 22:59:59'),
(2722, '2016-10-30 00:00:00', '2016-10-30 22:59:59'),
(2723, '2016-10-30 00:00:00', '2016-10-30 22:59:59'),
(2724, '2016-10-30 00:00:00', '2016-10-30 22:59:59'),
(2725, '2016-10-30 00:00:00', '2016-10-30 22:59:59'),
(2726, '2016-10-30 00:00:00', '2016-10-30 22:59:59'),
(2727, '2016-10-30 00:00:00', '2016-10-30 22:59:59'),
(2728, '2016-10-30 00:00:00', '2016-10-30 22:59:59'),
(2729, '2016-10-30 00:00:00', '2016-10-30 22:59:59'),
(2730, '2016-10-30 00:00:00', '2016-10-30 22:59:59'),
(2731, '2016-10-30 00:00:00', '2016-10-30 22:59:59'),
(2732, '2016-10-30 00:00:00', '2016-10-30 22:59:59'),
(2733, '2016-10-30 00:00:00', '2016-10-30 22:59:59'),
(2734, '2016-10-30 00:00:00', '2016-10-30 22:59:59'),
(2735, '2016-10-30 00:00:00', '2016-10-30 22:59:59'),
(2736, '2016-10-30 00:00:00', '2016-10-30 22:59:59'),
(2737, '2016-10-30 00:00:00', '2016-10-30 22:59:59'),
(2738, '2016-10-30 00:00:00', '2016-10-30 22:59:59'),
(2739, '2016-10-30 00:00:00', '2016-10-30 22:59:59'),
(2740, '2016-10-30 00:00:00', '2016-10-30 22:59:59'),
(2741, '2016-10-30 00:00:00', '2016-10-30 22:59:59'),
(2742, '2016-10-30 00:00:00', '2016-10-30 22:59:59'),
(2743, '2016-10-30 00:00:00', '2016-10-30 22:59:59'),
(2744, '2016-10-30 00:00:00', '2016-10-30 22:59:59'),
(2745, '2016-10-30 00:00:00', '2016-10-30 22:59:59'),
(2746, '2016-10-30 00:00:00', '2016-10-30 22:59:59'),
(2747, '2016-10-30 00:00:00', '2016-10-30 22:59:59'),
(2748, '2016-10-30 00:00:00', '2016-10-30 22:59:59'),
(2749, '2016-10-30 00:00:00', '2016-10-30 22:59:59'),
(2750, '2016-10-30 00:00:00', '2016-10-30 22:59:59'),
(2751, '2016-10-30 00:00:00', '2016-10-30 22:59:59'),
(2752, '2016-10-30 00:00:00', '2016-10-30 22:59:59'),
(2753, '2016-10-30 00:00:00', '2016-10-30 22:59:59'),
(2754, '2016-10-30 00:00:00', '2016-10-30 22:59:59'),
(2755, '2016-10-30 00:00:00', '2016-10-30 22:59:59'),
(2756, '2016-10-30 00:00:00', '2016-10-30 22:59:59'),
(2757, '2016-10-30 00:00:00', '2016-10-30 22:59:59'),
(2758, '2016-10-30 00:00:00', '2016-10-30 22:59:59'),
(2759, '2016-10-30 00:00:00', '2016-10-30 22:59:59'),
(2760, '2016-10-30 00:00:00', '2016-10-30 22:59:59'),
(2761, '2016-10-30 00:00:00', '2016-10-30 22:59:59'),
(2762, '2016-10-30 00:00:00', '2016-10-30 22:59:59'),
(2763, '2016-10-30 00:00:00', '2016-10-30 22:59:59'),
(2764, '2016-10-30 00:00:00', '2016-10-30 22:59:59'),
(2765, '2016-10-30 00:00:00', '2016-10-30 22:59:59'),
(2766, '2016-10-30 00:00:00', '2016-10-30 22:59:59'),
(2767, '2016-10-30 00:00:00', '2016-10-30 22:59:59'),
(2768, '2016-10-30 00:00:00', '2016-10-30 22:59:59'),
(2769, '2016-10-30 00:00:00', '2016-10-30 22:59:59'),
(2770, '2016-10-30 00:00:00', '2016-10-30 22:59:59'),
(2771, '2016-10-30 00:00:00', '2016-10-30 22:59:59'),
(2772, '2016-10-30 00:00:00', '2016-10-30 22:59:59'),
(2773, '2016-10-30 00:00:00', '2016-10-30 22:59:59'),
(2774, '2016-10-30 00:00:00', '2016-10-30 22:59:59'),
(2775, '2016-10-31 00:00:00', '2016-10-31 23:59:59'),
(2776, '2016-11-01 00:00:00', '2016-11-01 23:59:59'),
(2777, '2016-11-02 00:00:00', '2016-11-02 23:59:59'),
(2778, '2016-11-03 00:00:00', '2016-11-03 23:59:59'),
(2779, '2016-11-04 00:00:00', '2016-11-04 23:59:59'),
(2780, '2016-11-05 00:00:00', '2016-11-05 23:59:59'),
(2781, '2016-11-06 00:00:00', '2016-11-06 23:59:59'),
(2782, '2016-11-07 00:00:00', '2016-11-07 23:59:59'),
(2783, '2016-11-08 00:00:00', '2016-11-08 23:59:59'),
(2784, '2016-11-09 00:00:00', '2016-11-09 23:59:59'),
(2785, '2016-11-10 00:00:00', '2016-11-10 23:59:59'),
(2786, '2016-11-11 00:00:00', '2016-11-11 23:59:59'),
(2787, '2016-11-12 00:00:00', '2016-11-12 23:59:59'),
(2788, '2016-11-13 00:00:00', '2016-11-13 23:59:59'),
(2789, '2016-11-14 00:00:00', '2016-11-14 23:59:59'),
(2790, '2016-11-15 00:00:00', '2016-11-15 23:59:59'),
(2791, '2016-11-16 00:00:00', '2016-11-16 23:59:59'),
(2792, '2016-11-17 00:00:00', '2016-11-17 23:59:59'),
(2793, '2016-11-18 00:00:00', '2016-11-18 23:59:59'),
(2794, '2016-11-19 00:00:00', '2016-11-19 23:59:59'),
(2795, '2016-11-20 00:00:00', '2016-11-20 23:59:59'),
(2796, '2016-11-21 00:00:00', '2016-11-21 23:59:59'),
(2797, '2016-11-22 00:00:00', '2016-11-22 23:59:59'),
(2798, '2016-11-23 00:00:00', '2016-11-23 23:59:59'),
(2799, '2016-11-24 00:00:00', '2016-11-24 23:59:59'),
(2800, '2016-11-25 00:00:00', '2016-11-25 23:59:59'),
(2801, '2016-11-26 00:00:00', '2016-11-26 23:59:59'),
(2802, '2016-11-27 00:00:00', '2016-11-27 23:59:59'),
(2803, '2016-11-28 00:00:00', '2016-11-28 23:59:59'),
(2804, '2016-11-28 00:00:00', '2016-11-28 23:59:59'),
(2805, '2016-11-29 00:00:00', '2016-11-29 23:59:59'),
(2806, '2016-11-30 00:00:00', '2016-11-30 23:59:59'),
(2807, '2016-12-01 00:00:00', '2016-12-01 23:59:59'),
(2808, '2016-12-02 00:00:00', '2016-12-02 23:59:59'),
(2809, '2016-12-03 00:00:00', '2016-12-03 23:59:59'),
(2810, '2016-12-04 00:00:00', '2016-12-04 23:59:59'),
(2811, '2016-12-05 00:00:00', '2016-12-05 23:59:59'),
(2812, '2016-12-06 00:00:00', '2016-12-06 23:59:59'),
(2813, '2016-12-07 00:00:00', '2016-12-07 23:59:59'),
(2814, '2016-12-08 00:00:00', '2016-12-08 23:59:59'),
(2815, '2016-12-09 00:00:00', '2016-12-09 23:59:59'),
(2816, '2016-12-10 00:00:00', '2016-12-10 23:59:59'),
(2817, '2016-12-11 00:00:00', '2016-12-11 23:59:59'),
(2818, '2016-12-12 00:00:00', '2016-12-12 23:59:59'),
(2819, '2016-12-13 00:00:00', '2016-12-13 23:59:59'),
(2820, '2016-12-14 00:00:00', '2016-12-14 23:59:59'),
(2821, '2016-12-15 00:00:00', '2016-12-15 23:59:59'),
(2822, '2016-12-16 00:00:00', '2016-12-16 23:59:59'),
(2823, '2016-12-17 00:00:00', '2016-12-17 23:59:59'),
(2824, '2016-12-18 00:00:00', '2016-12-18 23:59:59'),
(2825, '2016-12-19 00:00:00', '2016-12-19 23:59:59'),
(2826, '2016-12-20 00:00:00', '2016-12-20 23:59:59'),
(2827, '2016-12-21 00:00:00', '2016-12-21 23:59:59'),
(2828, '2016-12-22 00:00:00', '2016-12-22 23:59:59'),
(2829, '2016-12-23 00:00:00', '2016-12-23 23:59:59'),
(2830, '2016-12-24 00:00:00', '2016-12-24 23:59:59'),
(2831, '2016-12-25 00:00:00', '2016-12-25 23:59:59'),
(2832, '2016-12-26 00:00:00', '2016-12-26 23:59:59'),
(2833, '2016-12-27 00:00:00', '2016-12-27 23:59:59'),
(2834, '2016-12-28 00:00:00', '2016-12-28 23:59:59'),
(2835, '2016-12-29 00:00:00', '2016-12-29 23:59:59'),
(2836, '2016-12-30 00:00:00', '2016-12-30 23:59:59'),
(2837, '2016-12-31 00:00:00', '2016-12-31 23:59:59'),
(2838, '2017-01-01 00:00:00', '2017-01-01 23:59:59'),
(2839, '2017-01-02 00:00:00', '2017-01-02 23:59:59'),
(2840, '2017-01-03 00:00:00', '2017-01-03 23:59:59'),
(2841, '2017-01-04 00:00:00', '2017-01-04 23:59:59'),
(2842, '2017-01-05 00:00:00', '2017-01-05 23:59:59'),
(2843, '2017-01-06 00:00:00', '2017-01-06 23:59:59'),
(2844, '2017-01-07 00:00:00', '2017-01-07 23:59:59'),
(2845, '2017-01-08 00:00:00', '2017-01-08 23:59:59'),
(2846, '2017-01-09 00:00:00', '2017-01-09 23:59:59'),
(2847, '2017-01-10 00:00:00', '2017-01-10 23:59:59'),
(2848, '2017-01-11 00:00:00', '2017-01-11 23:59:59'),
(2849, '2017-01-12 00:00:00', '2017-01-12 23:59:59'),
(2850, '2017-01-13 00:00:00', '2017-01-13 23:59:59'),
(2851, '2017-01-14 00:00:00', '2017-01-14 23:59:59'),
(2852, '2017-01-15 00:00:00', '2017-01-15 23:59:59'),
(2853, '2017-01-16 00:00:00', '2017-01-16 23:59:59'),
(2854, '2017-01-17 00:00:00', '2017-01-17 23:59:59'),
(2855, '2017-01-18 00:00:00', '2017-01-18 23:59:59'),
(2856, '2017-01-19 00:00:00', '2017-01-19 23:59:59'),
(2857, '2017-01-20 00:00:00', '2017-01-20 23:59:59'),
(2858, '2017-01-21 00:00:00', '2017-01-21 23:59:59'),
(2859, '2017-01-22 00:00:00', '2017-01-22 23:59:59'),
(2860, '2017-01-23 00:00:00', '2017-01-23 23:59:59'),
(2861, '2017-01-24 00:00:00', '2017-01-24 23:59:59'),
(2862, '2017-01-25 00:00:00', '2017-01-25 23:59:59'),
(2863, '2017-01-26 00:00:00', '2017-01-26 23:59:59'),
(2864, '2017-01-27 00:00:00', '2017-01-27 23:59:59'),
(2865, '2017-01-28 00:00:00', '2017-01-28 23:59:59'),
(2866, '2017-01-29 00:00:00', '2017-01-29 23:59:59'),
(2867, '2017-01-30 00:00:00', '2017-01-30 23:59:59'),
(2868, '2017-01-31 00:00:00', '2017-01-31 23:59:59'),
(2869, '2017-02-01 00:00:00', '2017-02-01 23:59:59'),
(2870, '2017-02-02 00:00:00', '2017-02-02 23:59:59'),
(2871, '2017-02-03 00:00:00', '2017-02-03 23:59:59'),
(2872, '2017-02-04 00:00:00', '2017-02-04 23:59:59'),
(2873, '2017-02-05 00:00:00', '2017-02-05 23:59:59'),
(2874, '2017-02-06 00:00:00', '2017-02-06 23:59:59'),
(2875, '2017-02-07 00:00:00', '2017-02-07 23:59:59'),
(2876, '2017-02-08 00:00:00', '2017-02-08 23:59:59'),
(2877, '2017-02-09 00:00:00', '2017-02-09 23:59:59'),
(2878, '2017-02-10 00:00:00', '2017-02-10 23:59:59'),
(2879, '2017-02-11 00:00:00', '2017-02-11 23:59:59'),
(2880, '2017-02-12 00:00:00', '2017-02-12 23:59:59'),
(2881, '2017-02-13 00:00:00', '2017-02-13 23:59:59'),
(2882, '2017-02-14 00:00:00', '2017-02-14 23:59:59'),
(2883, '2017-02-15 00:00:00', '2017-02-15 23:59:59'),
(2884, '2017-02-16 00:00:00', '2017-02-16 23:59:59'),
(2885, '2017-02-17 00:00:00', '2017-02-17 23:59:59'),
(2886, '2017-02-18 00:00:00', '2017-02-18 23:59:59'),
(2887, '2017-02-19 00:00:00', '2017-02-19 23:59:59'),
(2888, '2017-02-20 00:00:00', '2017-02-20 23:59:59'),
(2889, '2017-02-21 00:00:00', '2017-02-21 23:59:59'),
(2890, '2017-02-22 00:00:00', '2017-02-22 23:59:59'),
(2891, '2017-02-23 00:00:00', '2017-02-23 23:59:59'),
(2892, '2017-02-24 00:00:00', '2017-02-24 23:59:59'),
(2893, '2017-02-25 00:00:00', '2017-02-25 23:59:59'),
(2894, '2017-02-26 00:00:00', '2017-02-26 23:59:59'),
(2895, '2017-02-27 00:00:00', '2017-02-27 23:59:59'),
(2896, '2017-02-28 00:00:00', '2017-02-28 23:59:59'),
(2897, '2017-03-01 00:00:00', '2017-03-01 23:59:59'),
(2898, '2017-03-02 00:00:00', '2017-03-02 23:59:59'),
(2899, '2017-03-03 00:00:00', '2017-03-03 23:59:59'),
(2900, '2017-03-04 00:00:00', '2017-03-04 23:59:59');
INSERT INTO `dds_date_range` (`id_date_range`, `time_start`, `time_end`) VALUES
(2901, '2017-03-05 00:00:00', '2017-03-05 23:59:59'),
(2902, '2017-03-06 00:00:00', '2017-03-06 23:59:59'),
(2903, '2017-03-07 00:00:00', '2017-03-07 23:59:59'),
(2904, '2017-03-08 00:00:00', '2017-03-08 23:59:59'),
(2905, '2017-03-09 00:00:00', '2017-03-09 23:59:59'),
(2906, '2017-03-10 00:00:00', '2017-03-10 23:59:59'),
(2907, '2017-03-11 00:00:00', '2017-03-11 23:59:59'),
(2908, '2017-03-12 00:00:00', '2017-03-12 23:59:59'),
(2909, '2017-03-13 00:00:00', '2017-03-13 23:59:59'),
(2910, '2017-03-14 00:00:00', '2017-03-14 23:59:59'),
(2911, '2017-03-15 00:00:00', '2017-03-15 23:59:59'),
(2912, '2017-03-16 00:00:00', '2017-03-16 23:59:59'),
(2913, '2017-03-17 00:00:00', '2017-03-17 23:59:59'),
(2914, '2017-03-18 00:00:00', '2017-03-18 23:59:59'),
(2915, '2017-03-19 00:00:00', '2017-03-19 23:59:59'),
(2916, '2017-03-20 00:00:00', '2017-03-20 23:59:59'),
(2917, '2017-03-21 00:00:00', '2017-03-21 23:59:59'),
(2918, '2017-03-22 00:00:00', '2017-03-22 23:59:59'),
(2919, '2017-03-23 00:00:00', '2017-03-23 23:59:59'),
(2920, '2017-03-24 00:00:00', '2017-03-24 23:59:59'),
(2921, '2017-03-25 00:00:00', '2017-03-25 23:59:59'),
(2922, '2017-03-26 00:00:00', '2017-03-27 00:59:59'),
(2923, '2017-03-27 00:00:00', '2017-03-27 23:59:59'),
(2924, '2017-03-28 00:00:00', '2017-03-28 23:59:59'),
(2925, '2017-03-29 00:00:00', '2017-03-29 23:59:59'),
(2926, '2017-03-30 00:00:00', '2017-03-30 23:59:59'),
(2927, '2017-03-31 00:00:00', '2017-03-31 23:59:59'),
(2928, '2017-04-01 00:00:00', '2017-04-01 23:59:59'),
(2929, '2017-04-02 00:00:00', '2017-04-02 23:59:59'),
(2930, '2017-04-03 00:00:00', '2017-04-03 23:59:59'),
(2931, '2017-04-04 00:00:00', '2017-04-04 23:59:59'),
(2932, '2017-04-05 00:00:00', '2017-04-05 23:59:59'),
(2933, '2017-04-06 00:00:00', '2017-04-06 23:59:59'),
(2934, '2017-04-07 00:00:00', '2017-04-07 23:59:59'),
(2935, '2017-04-08 00:00:00', '2017-04-08 23:59:59'),
(2936, '2017-04-09 00:00:00', '2017-04-09 23:59:59'),
(2937, '2017-04-10 00:00:00', '2017-04-10 23:59:59'),
(2938, '2017-04-11 00:00:00', '2017-04-11 23:59:59'),
(2939, '2017-04-12 00:00:00', '2017-04-12 23:59:59'),
(2940, '2017-04-13 00:00:00', '2017-04-13 23:59:59'),
(2941, '2017-04-14 00:00:00', '2017-04-14 23:59:59'),
(2942, '2017-04-15 00:00:00', '2017-04-15 23:59:59'),
(2943, '2017-04-16 00:00:00', '2017-04-16 23:59:59'),
(2944, '2017-04-17 00:00:00', '2017-04-17 23:59:59'),
(2945, '2017-04-18 00:00:00', '2017-04-18 23:59:59'),
(2946, '2017-04-19 00:00:00', '2017-04-19 23:59:59'),
(2947, '2017-04-20 00:00:00', '2017-04-20 23:59:59'),
(2948, '2017-04-21 00:00:00', '2017-04-21 23:59:59'),
(2949, '2017-04-22 00:00:00', '2017-04-22 23:59:59'),
(2950, '2017-04-22 00:00:00', '2017-04-22 23:59:59'),
(2951, '2017-04-23 00:00:00', '2017-04-23 23:59:59'),
(2952, '2017-04-24 00:00:00', '2017-04-24 23:59:59'),
(2953, '2017-04-25 00:00:00', '2017-04-25 23:59:59'),
(2954, '2017-04-26 00:00:00', '2017-04-26 23:59:59'),
(2955, '2017-04-27 00:00:00', '2017-04-27 23:59:59'),
(2956, '2017-04-28 00:00:00', '2017-04-28 23:59:59'),
(2957, '2017-04-29 00:00:00', '2017-04-29 23:59:59'),
(2958, '2017-04-30 00:00:00', '2017-04-30 23:59:59'),
(2959, '2017-05-01 00:00:00', '2017-05-01 23:59:59'),
(2960, '2017-05-02 00:00:00', '2017-05-02 23:59:59'),
(2961, '2017-05-03 00:00:00', '2017-05-03 23:59:59'),
(2962, '2017-05-04 00:00:00', '2017-05-04 23:59:59'),
(2963, '2017-05-05 00:00:00', '2017-05-05 23:59:59'),
(2964, '2017-05-06 00:00:00', '2017-05-06 23:59:59'),
(2965, '2017-05-07 00:00:00', '2017-05-07 23:59:59'),
(2966, '2017-05-08 00:00:00', '2017-05-08 23:59:59'),
(2967, '2017-05-09 00:00:00', '2017-05-09 23:59:59'),
(2968, '2017-05-10 00:00:00', '2017-05-10 23:59:59'),
(2969, '2017-05-11 00:00:00', '2017-05-11 23:59:59'),
(2970, '2017-05-12 00:00:00', '2017-05-12 23:59:59'),
(2971, '2017-05-13 00:00:00', '2017-05-13 23:59:59'),
(2972, '2017-05-14 00:00:00', '2017-05-14 23:59:59'),
(2973, '2017-05-15 00:00:00', '2017-05-15 23:59:59'),
(2974, '2017-05-16 00:00:00', '2017-05-16 23:59:59'),
(2975, '2017-05-17 00:00:00', '2017-05-17 23:59:59'),
(2976, '2017-05-18 00:00:00', '2017-05-18 23:59:59'),
(2977, '2017-05-19 00:00:00', '2017-05-19 23:59:59'),
(2978, '2017-05-20 00:00:00', '2017-05-20 23:59:59'),
(2979, '2017-05-21 00:00:00', '2017-05-21 23:59:59'),
(2980, '2017-05-22 00:00:00', '2017-05-22 23:59:59'),
(2981, '2017-05-23 00:00:00', '2017-05-23 23:59:59'),
(2982, '2017-05-24 00:00:00', '2017-05-24 23:59:59'),
(2983, '2017-05-25 00:00:00', '2017-05-25 23:59:59'),
(2984, '2017-05-26 00:00:00', '2017-05-26 23:59:59'),
(2985, '2017-05-27 00:00:00', '2017-05-27 23:59:59'),
(2986, '2017-05-28 00:00:00', '2017-05-28 23:59:59'),
(2987, '2017-05-29 00:00:00', '2017-05-29 23:59:59'),
(2988, '2017-05-30 00:00:00', '2017-05-30 23:59:59'),
(2989, '2017-05-31 00:00:00', '2017-05-31 23:59:59'),
(2990, '2017-06-01 00:00:00', '2017-06-01 23:59:59'),
(2991, '2017-06-02 00:00:00', '2017-06-02 23:59:59'),
(2992, '2017-06-03 00:00:00', '2017-06-03 23:59:59'),
(2993, '2017-06-04 00:00:00', '2017-06-04 23:59:59'),
(2994, '2017-06-05 00:00:00', '2017-06-05 23:59:59'),
(2995, '2017-06-06 00:00:00', '2017-06-06 23:59:59'),
(2996, '2017-06-07 00:00:00', '2017-06-07 23:59:59'),
(2997, '2017-06-08 00:00:00', '2017-06-08 23:59:59'),
(2998, '2017-06-09 00:00:00', '2017-06-09 23:59:59'),
(2999, '2017-06-10 00:00:00', '2017-06-10 23:59:59'),
(3000, '2017-06-11 00:00:00', '2017-06-11 23:59:59'),
(3001, '2017-06-12 00:00:00', '2017-06-12 23:59:59'),
(3002, '2017-06-13 00:00:00', '2017-06-13 23:59:59'),
(3003, '2017-06-14 00:00:00', '2017-06-14 23:59:59'),
(3004, '2017-06-15 00:00:00', '2017-06-15 23:59:59'),
(3005, '2017-06-16 00:00:00', '2017-06-16 23:59:59'),
(3006, '2017-06-17 00:00:00', '2017-06-17 23:59:59'),
(3007, '2017-06-18 00:00:00', '2017-06-18 23:59:59'),
(3008, '2017-06-19 00:00:00', '2017-06-19 23:59:59'),
(3009, '2017-06-20 00:00:00', '2017-06-20 23:59:59'),
(3010, '2017-06-21 00:00:00', '2017-06-21 23:59:59'),
(3011, '2017-06-22 00:00:00', '2017-06-22 23:59:59'),
(3012, '2017-06-23 00:00:00', '2017-06-23 23:59:59'),
(3013, '2017-06-24 00:00:00', '2017-06-24 23:59:59'),
(3014, '2017-06-25 00:00:00', '2017-06-25 23:59:59'),
(3015, '2017-06-26 00:00:00', '2017-06-26 23:59:59'),
(3016, '2017-06-27 00:00:00', '2017-06-27 23:59:59'),
(3017, '2017-06-28 00:00:00', '2017-06-28 23:59:59'),
(3018, '2017-06-29 00:00:00', '2017-06-29 23:59:59'),
(3019, '2017-06-30 00:00:00', '2017-06-30 23:59:59'),
(3020, '2017-07-01 00:00:00', '2017-07-01 23:59:59'),
(3021, '2017-07-02 00:00:00', '2017-07-02 23:59:59'),
(3022, '2017-07-03 00:00:00', '2017-07-03 23:59:59'),
(3023, '2017-07-04 00:00:00', '2017-07-04 23:59:59'),
(3024, '2017-07-05 00:00:00', '2017-07-05 23:59:59'),
(3025, '2017-07-06 00:00:00', '2017-07-06 23:59:59'),
(3026, '2017-07-07 00:00:00', '2017-07-07 23:59:59'),
(3027, '2017-07-08 00:00:00', '2017-07-08 23:59:59'),
(3028, '2017-07-09 00:00:00', '2017-07-09 23:59:59'),
(3029, '2017-07-10 00:00:00', '2017-07-10 23:59:59'),
(3030, '2017-07-11 00:00:00', '2017-07-11 23:59:59'),
(3031, '2017-07-12 00:00:00', '2017-07-12 23:59:59'),
(3032, '2017-07-13 00:00:00', '2017-07-13 23:59:59'),
(3033, '2017-07-14 00:00:00', '2017-07-14 23:59:59'),
(3034, '2017-07-15 00:00:00', '2017-07-15 23:59:59'),
(3035, '2017-07-16 00:00:00', '2017-07-16 23:59:59'),
(3036, '2017-07-17 00:00:00', '2017-07-17 23:59:59'),
(3037, '2017-07-18 00:00:00', '2017-07-18 23:59:59'),
(3038, '2017-07-19 00:00:00', '2017-07-19 23:59:59'),
(3039, '2017-07-20 00:00:00', '2017-07-20 23:59:59'),
(3040, '2017-07-21 00:00:00', '2017-07-21 23:59:59'),
(3041, '2017-07-22 00:00:00', '2017-07-22 23:59:59'),
(3042, '2017-07-23 00:00:00', '2017-07-23 23:59:59'),
(3043, '2017-07-24 00:00:00', '2017-07-24 23:59:59'),
(3044, '2017-07-25 00:00:00', '2017-07-25 23:59:59'),
(3045, '2017-07-26 00:00:00', '2017-07-26 23:59:59'),
(3046, '2017-07-27 00:00:00', '2017-07-27 23:59:59'),
(3047, '2017-07-28 00:00:00', '2017-07-28 23:59:59'),
(3048, '2017-07-29 00:00:00', '2017-07-29 23:59:59'),
(3049, '2017-07-30 00:00:00', '2017-07-30 23:59:59'),
(3050, '2017-07-31 00:00:00', '2017-07-31 23:59:59'),
(3051, '2017-08-01 00:00:00', '2017-08-01 23:59:59'),
(3052, '2017-08-02 00:00:00', '2017-08-02 23:59:59'),
(3053, '2017-08-03 00:00:00', '2017-08-03 23:59:59'),
(3054, '2017-08-04 00:00:00', '2017-08-04 23:59:59'),
(3055, '2017-08-05 00:00:00', '2017-08-05 23:59:59'),
(3056, '2017-08-06 00:00:00', '2017-08-06 23:59:59'),
(3057, '2017-08-07 00:00:00', '2017-08-07 23:59:59'),
(3058, '2017-08-08 00:00:00', '2017-08-08 23:59:59'),
(3059, '2017-08-09 00:00:00', '2017-08-09 23:59:59'),
(3060, '2017-08-10 00:00:00', '2017-08-10 23:59:59'),
(3061, '2017-08-11 00:00:00', '2017-08-11 23:59:59'),
(3062, '2017-08-12 00:00:00', '2017-08-12 23:59:59'),
(3063, '2017-08-13 00:00:00', '2017-08-13 23:59:59'),
(3064, '2017-08-14 00:00:00', '2017-08-14 23:59:59'),
(3065, '2017-08-15 00:00:00', '2017-08-15 23:59:59'),
(3066, '2017-08-16 00:00:00', '2017-08-16 23:59:59'),
(3067, '2017-08-17 00:00:00', '2017-08-17 23:59:59'),
(3068, '2017-08-18 00:00:00', '2017-08-18 23:59:59'),
(3069, '2017-08-19 00:00:00', '2017-08-19 23:59:59'),
(3070, '2017-08-20 00:00:00', '2017-08-20 23:59:59'),
(3071, '2017-08-21 00:00:00', '2017-08-21 23:59:59'),
(3072, '2017-08-22 00:00:00', '2017-08-22 23:59:59'),
(3073, '2017-08-23 00:00:00', '2017-08-23 23:59:59'),
(3074, '2017-08-24 00:00:00', '2017-08-24 23:59:59'),
(3075, '2017-08-25 00:00:00', '2017-08-25 23:59:59'),
(3076, '2017-08-26 00:00:00', '2017-08-26 23:59:59'),
(3077, '2017-08-27 00:00:00', '2017-08-27 23:59:59'),
(3078, '2017-08-28 00:00:00', '2017-08-28 23:59:59'),
(3079, '2017-08-29 00:00:00', '2017-08-29 23:59:59'),
(3080, '2017-08-30 00:00:00', '2017-08-30 23:59:59'),
(3081, '2017-08-31 00:00:00', '2017-08-31 23:59:59'),
(3082, '2017-09-01 00:00:00', '2017-09-01 23:59:59'),
(3083, '2017-09-02 00:00:00', '2017-09-02 23:59:59'),
(3084, '2017-09-03 00:00:00', '2017-09-03 23:59:59'),
(3085, '2017-09-04 00:00:00', '2017-09-04 23:59:59'),
(3086, '2017-09-05 00:00:00', '2017-09-05 23:59:59'),
(3087, '2017-09-06 00:00:00', '2017-09-06 23:59:59'),
(3088, '2017-09-07 00:00:00', '2017-09-07 23:59:59'),
(3089, '2017-09-08 00:00:00', '2017-09-08 23:59:59'),
(3090, '2017-09-09 00:00:00', '2017-09-09 23:59:59'),
(3091, '2017-09-10 00:00:00', '2017-09-10 23:59:59'),
(3092, '2017-09-11 00:00:00', '2017-09-11 23:59:59'),
(3093, '2017-09-12 00:00:00', '2017-09-12 23:59:59'),
(3094, '2017-09-13 00:00:00', '2017-09-13 23:59:59'),
(3095, '2017-09-14 00:00:00', '2017-09-14 23:59:59'),
(3096, '2017-09-15 00:00:00', '2017-09-15 23:59:59'),
(3097, '2017-09-16 00:00:00', '2017-09-16 23:59:59'),
(3098, '2017-09-17 00:00:00', '2017-09-17 23:59:59'),
(3099, '2017-09-18 00:00:00', '2017-09-18 23:59:59'),
(3100, '2017-09-19 00:00:00', '2017-09-19 23:59:59'),
(3101, '2017-09-20 00:00:00', '2017-09-20 23:59:59'),
(3102, '2017-09-21 00:00:00', '2017-09-21 23:59:59'),
(3103, '2017-09-22 00:00:00', '2017-09-22 23:59:59'),
(3104, '2017-09-23 00:00:00', '2017-09-23 23:59:59'),
(3105, '2017-09-24 00:00:00', '2017-09-24 23:59:59'),
(3106, '2017-09-25 00:00:00', '2017-09-25 23:59:59'),
(3107, '2017-09-26 00:00:00', '2017-09-26 23:59:59'),
(3108, '2017-09-27 00:00:00', '2017-09-27 23:59:59'),
(3109, '2017-09-28 00:00:00', '2017-09-28 23:59:59'),
(3110, '2017-09-29 00:00:00', '2017-09-29 23:59:59'),
(3111, '2017-09-30 00:00:00', '2017-09-30 23:59:59'),
(3112, '2017-10-01 00:00:00', '2017-10-01 23:59:59'),
(3113, '2017-10-02 00:00:00', '2017-10-02 23:59:59'),
(3114, '2017-10-03 00:00:00', '2017-10-03 23:59:59'),
(3115, '2017-10-04 00:00:00', '2017-10-04 23:59:59'),
(3116, '2017-10-05 00:00:00', '2017-10-05 23:59:59'),
(3117, '2017-10-06 00:00:00', '2017-10-06 23:59:59'),
(3118, '2017-10-07 00:00:00', '2017-10-07 23:59:59'),
(3119, '2017-10-08 00:00:00', '2017-10-08 23:59:59'),
(3120, '2017-10-09 00:00:00', '2017-10-09 23:59:59'),
(3121, '2017-10-10 00:00:00', '2017-10-10 23:59:59'),
(3122, '2017-10-11 00:00:00', '2017-10-11 23:59:59'),
(3123, '2017-10-12 00:00:00', '2017-10-12 23:59:59'),
(3124, '2017-10-13 00:00:00', '2017-10-13 23:59:59'),
(3125, '2017-10-14 00:00:00', '2017-10-14 23:59:59'),
(3126, '2017-10-15 00:00:00', '2017-10-15 23:59:59'),
(3127, '2017-10-16 00:00:00', '2017-10-16 23:59:59'),
(3128, '2017-10-17 00:00:00', '2017-10-17 23:59:59'),
(3129, '2017-10-18 00:00:00', '2017-10-18 23:59:59'),
(3130, '2017-10-19 00:00:00', '2017-10-19 23:59:59'),
(3131, '2017-10-20 00:00:00', '2017-10-20 23:59:59'),
(3132, '2017-10-21 00:00:00', '2017-10-21 23:59:59'),
(3133, '2017-10-22 00:00:00', '2017-10-22 23:59:59'),
(3134, '2017-10-23 00:00:00', '2017-10-23 23:59:59'),
(3135, '2017-10-24 00:00:00', '2017-10-24 23:59:59'),
(3136, '2017-10-25 00:00:00', '2017-10-25 23:59:59'),
(3137, '2017-10-26 00:00:00', '2017-10-26 23:59:59'),
(3138, '2017-10-27 00:00:00', '2017-10-27 23:59:59'),
(3139, '2017-10-28 00:00:00', '2017-10-28 23:59:59'),
(3140, '2017-10-29 00:00:00', '2017-10-29 22:59:59'),
(3141, '2017-10-29 00:00:00', '2017-10-29 22:59:59'),
(3142, '2017-10-29 00:00:00', '2017-10-29 22:59:59'),
(3143, '2017-10-29 00:00:00', '2017-10-29 22:59:59'),
(3144, '2017-10-29 00:00:00', '2017-10-29 22:59:59'),
(3145, '2017-10-29 00:00:00', '2017-10-29 22:59:59'),
(3146, '2017-10-29 00:00:00', '2017-10-29 22:59:59'),
(3147, '2017-10-29 00:00:00', '2017-10-29 22:59:59'),
(3148, '2017-10-29 00:00:00', '2017-10-29 22:59:59'),
(3149, '2017-10-29 00:00:00', '2017-10-29 22:59:59'),
(3150, '2017-10-29 00:00:00', '2017-10-29 22:59:59'),
(3151, '2017-10-29 00:00:00', '2017-10-29 22:59:59'),
(3152, '2017-10-29 00:00:00', '2017-10-29 22:59:59'),
(3153, '2017-10-29 00:00:00', '2017-10-29 22:59:59'),
(3154, '2017-10-29 00:00:00', '2017-10-29 22:59:59'),
(3155, '2017-10-29 00:00:00', '2017-10-29 22:59:59'),
(3156, '2017-10-29 00:00:00', '2017-10-29 22:59:59'),
(3157, '2017-10-29 00:00:00', '2017-10-29 22:59:59'),
(3158, '2017-10-29 00:00:00', '2017-10-29 22:59:59'),
(3159, '2017-10-29 00:00:00', '2017-10-29 22:59:59'),
(3160, '2017-10-29 00:00:00', '2017-10-29 22:59:59'),
(3161, '2017-10-29 00:00:00', '2017-10-29 22:59:59'),
(3162, '2017-10-29 00:00:00', '2017-10-29 22:59:59'),
(3163, '2017-10-29 00:00:00', '2017-10-29 22:59:59'),
(3164, '2017-10-29 00:00:00', '2017-10-29 22:59:59'),
(3165, '2017-10-29 00:00:00', '2017-10-29 22:59:59'),
(3166, '2017-10-29 00:00:00', '2017-10-29 22:59:59'),
(3167, '2017-10-29 00:00:00', '2017-10-29 22:59:59'),
(3168, '2017-10-29 00:00:00', '2017-10-29 22:59:59'),
(3169, '2017-10-29 00:00:00', '2017-10-29 22:59:59'),
(3170, '2017-10-29 00:00:00', '2017-10-29 22:59:59'),
(3171, '2017-10-29 00:00:00', '2017-10-29 22:59:59'),
(3172, '2017-10-29 00:00:00', '2017-10-29 22:59:59'),
(3173, '2017-10-29 00:00:00', '2017-10-29 22:59:59'),
(3174, '2017-10-29 00:00:00', '2017-10-29 22:59:59'),
(3175, '2017-10-29 00:00:00', '2017-10-29 22:59:59'),
(3176, '2017-10-29 00:00:00', '2017-10-29 22:59:59'),
(3177, '2017-10-29 00:00:00', '2017-10-29 22:59:59'),
(3178, '2017-10-29 00:00:00', '2017-10-29 22:59:59'),
(3179, '2017-10-29 00:00:00', '2017-10-29 22:59:59'),
(3180, '2017-10-29 00:00:00', '2017-10-29 22:59:59'),
(3181, '2017-10-29 00:00:00', '2017-10-29 22:59:59'),
(3182, '2017-10-29 00:00:00', '2017-10-29 22:59:59'),
(3183, '2017-10-29 00:00:00', '2017-10-29 22:59:59'),
(3184, '2017-10-29 00:00:00', '2017-10-29 22:59:59'),
(3185, '2017-10-29 00:00:00', '2017-10-29 22:59:59'),
(3186, '2017-10-29 00:00:00', '2017-10-29 22:59:59'),
(3187, '2017-10-29 00:00:00', '2017-10-29 22:59:59'),
(3188, '2017-10-29 00:00:00', '2017-10-29 22:59:59'),
(3189, '2017-10-29 00:00:00', '2017-10-29 22:59:59'),
(3190, '2017-10-29 00:00:00', '2017-10-29 22:59:59'),
(3191, '2017-10-29 00:00:00', '2017-10-29 22:59:59'),
(3192, '2017-10-29 00:00:00', '2017-10-29 22:59:59'),
(3193, '2017-10-29 00:00:00', '2017-10-29 22:59:59'),
(3194, '2017-10-29 00:00:00', '2017-10-29 22:59:59'),
(3195, '2017-10-29 00:00:00', '2017-10-29 22:59:59'),
(3196, '2017-10-29 00:00:00', '2017-10-29 22:59:59'),
(3197, '2017-10-29 00:00:00', '2017-10-29 22:59:59'),
(3198, '2017-10-29 00:00:00', '2017-10-29 22:59:59'),
(3199, '2017-10-29 00:00:00', '2017-10-29 22:59:59'),
(3200, '2017-10-29 00:00:00', '2017-10-29 22:59:59'),
(3201, '2017-10-29 00:00:00', '2017-10-29 22:59:59'),
(3202, '2017-10-29 00:00:00', '2017-10-29 22:59:59'),
(3203, '2017-10-30 00:00:00', '2017-10-30 23:59:59'),
(3204, '2017-10-31 00:00:00', '2017-10-31 23:59:59'),
(3205, '2017-11-01 00:00:00', '2017-11-01 23:59:59'),
(3206, '2017-11-02 00:00:00', '2017-11-02 23:59:59'),
(3207, '2017-11-03 00:00:00', '2017-11-03 23:59:59'),
(3208, '2017-11-04 00:00:00', '2017-11-04 23:59:59'),
(3209, '2017-11-05 00:00:00', '2017-11-05 23:59:59'),
(3210, '2017-11-06 00:00:00', '2017-11-06 23:59:59'),
(3211, '2017-11-07 00:00:00', '2017-11-07 23:59:59'),
(3212, '2017-11-08 00:00:00', '2017-11-08 23:59:59'),
(3213, '2017-11-09 00:00:00', '2017-11-09 23:59:59'),
(3214, '2017-11-10 00:00:00', '2017-11-10 23:59:59'),
(3215, '2017-11-11 00:00:00', '2017-11-11 23:59:59'),
(3216, '2017-11-12 00:00:00', '2017-11-12 23:59:59'),
(3217, '2017-11-13 00:00:00', '2017-11-13 23:59:59'),
(3218, '2017-11-14 00:00:00', '2017-11-14 23:59:59'),
(3219, '2017-11-15 00:00:00', '2017-11-15 23:59:59'),
(3220, '2017-11-16 00:00:00', '2017-11-16 23:59:59'),
(3221, '2017-11-17 00:00:00', '2017-11-17 23:59:59'),
(3222, '2017-11-18 00:00:00', '2017-11-18 23:59:59'),
(3223, '2017-11-19 00:00:00', '2017-11-19 23:59:59'),
(3224, '2017-11-20 00:00:00', '2017-11-20 23:59:59'),
(3225, '2017-11-21 00:00:00', '2017-11-21 23:59:59'),
(3226, '2017-11-22 00:00:00', '2017-11-22 23:59:59'),
(3227, '2017-11-23 00:00:00', '2017-11-23 23:59:59'),
(3228, '2017-11-24 00:00:00', '2017-11-24 23:59:59'),
(3229, '2017-11-25 00:00:00', '2017-11-25 23:59:59'),
(3230, '2017-11-26 00:00:00', '2017-11-26 23:59:59'),
(3231, '2017-11-27 00:00:00', '2017-11-27 23:59:59'),
(3232, '2017-11-28 00:00:00', '2017-11-28 23:59:59'),
(3233, '2017-11-29 00:00:00', '2017-11-29 23:59:59'),
(3234, '2017-11-30 00:00:00', '2017-11-30 23:59:59'),
(3235, '2017-12-01 00:00:00', '2017-12-01 23:59:59'),
(3236, '2017-12-02 00:00:00', '2017-12-02 23:59:59'),
(3237, '2017-12-03 00:00:00', '2017-12-03 23:59:59'),
(3238, '2017-12-04 00:00:00', '2017-12-04 23:59:59'),
(3239, '2017-12-05 00:00:00', '2017-12-05 23:59:59'),
(3240, '2017-12-06 00:00:00', '2017-12-06 23:59:59'),
(3241, '2017-12-07 00:00:00', '2017-12-07 23:59:59'),
(3242, '2017-12-08 00:00:00', '2017-12-08 23:59:59'),
(3243, '2017-12-09 00:00:00', '2017-12-09 23:59:59'),
(3244, '2017-12-10 00:00:00', '2017-12-10 23:59:59'),
(3245, '2017-12-11 00:00:00', '2017-12-11 23:59:59'),
(3246, '2017-12-12 00:00:00', '2017-12-12 23:59:59'),
(3247, '2017-12-13 00:00:00', '2017-12-13 23:59:59'),
(3248, '2017-12-14 00:00:00', '2017-12-14 23:59:59'),
(3249, '2017-12-15 00:00:00', '2017-12-15 23:59:59'),
(3250, '2017-12-16 00:00:00', '2017-12-16 23:59:59'),
(3251, '2017-12-17 00:00:00', '2017-12-17 23:59:59'),
(3252, '2017-12-18 00:00:00', '2017-12-18 23:59:59'),
(3253, '2017-12-19 00:00:00', '2017-12-19 23:59:59'),
(3254, '2017-12-20 00:00:00', '2017-12-20 23:59:59'),
(3255, '2017-12-21 00:00:00', '2017-12-21 23:59:59'),
(3256, '2017-12-22 00:00:00', '2017-12-22 23:59:59'),
(3257, '2017-12-23 00:00:00', '2017-12-23 23:59:59'),
(3258, '2017-12-24 00:00:00', '2017-12-24 23:59:59'),
(3259, '2017-12-25 00:00:00', '2017-12-25 23:59:59'),
(3260, '2017-12-26 00:00:00', '2017-12-26 23:59:59'),
(3261, '2017-12-27 00:00:00', '2017-12-27 23:59:59'),
(3262, '2017-12-28 00:00:00', '2017-12-28 23:59:59'),
(3263, '2017-12-29 00:00:00', '2017-12-29 23:59:59'),
(3264, '2017-12-30 00:00:00', '2017-12-30 23:59:59'),
(3265, '2017-12-31 00:00:00', '2017-12-31 23:59:59'),
(3266, '2018-01-01 00:00:00', '2018-01-01 23:59:59'),
(3267, '2018-01-02 00:00:00', '2018-01-02 23:59:59'),
(3268, '2018-01-03 00:00:00', '2018-01-03 23:59:59'),
(3269, '2018-01-04 00:00:00', '2018-01-04 23:59:59'),
(3270, '2018-01-05 00:00:00', '2018-01-05 23:59:59'),
(3271, '2018-01-06 00:00:00', '2018-01-06 23:59:59'),
(3272, '2018-01-07 00:00:00', '2018-01-07 23:59:59'),
(3273, '2018-01-08 00:00:00', '2018-01-08 23:59:59'),
(3274, '2018-01-09 00:00:00', '2018-01-09 23:59:59'),
(3275, '2018-01-10 00:00:00', '2018-01-10 23:59:59'),
(3276, '2018-01-11 00:00:00', '2018-01-11 23:59:59'),
(3277, '2018-01-12 00:00:00', '2018-01-12 23:59:59'),
(3278, '2018-01-13 00:00:00', '2018-01-13 23:59:59'),
(3279, '2018-01-14 00:00:00', '2018-01-14 23:59:59'),
(3280, '2018-01-15 00:00:00', '2018-01-15 23:59:59'),
(3281, '2018-01-16 00:00:00', '2018-01-16 23:59:59'),
(3282, '2018-01-17 00:00:00', '2018-01-17 23:59:59'),
(3283, '2018-01-18 00:00:00', '2018-01-18 23:59:59'),
(3284, '2018-01-19 00:00:00', '2018-01-19 23:59:59'),
(3285, '2018-01-20 00:00:00', '2018-01-20 23:59:59'),
(3286, '2018-01-21 00:00:00', '2018-01-21 23:59:59'),
(3287, '2018-01-22 00:00:00', '2018-01-22 23:59:59'),
(3288, '2018-01-23 00:00:00', '2018-01-23 23:59:59'),
(3289, '2018-01-24 00:00:00', '2018-01-24 23:59:59'),
(3290, '2018-01-25 00:00:00', '2018-01-25 23:59:59'),
(3291, '2018-01-26 00:00:00', '2018-01-26 23:59:59'),
(3292, '2018-01-27 00:00:00', '2018-01-27 23:59:59'),
(3293, '2018-01-28 00:00:00', '2018-01-28 23:59:59'),
(3294, '2018-01-29 00:00:00', '2018-01-29 23:59:59'),
(3295, '2018-01-30 00:00:00', '2018-01-30 23:59:59'),
(3296, '2018-01-31 00:00:00', '2018-01-31 23:59:59'),
(3297, '2018-02-01 00:00:00', '2018-02-01 23:59:59'),
(3298, '2018-02-02 00:00:00', '2018-02-02 23:59:59'),
(3299, '2018-02-03 00:00:00', '2018-02-03 23:59:59'),
(3300, '2018-02-04 00:00:00', '2018-02-04 23:59:59'),
(3301, '2018-02-05 00:00:00', '2018-02-05 23:59:59'),
(3302, '2018-02-06 00:00:00', '2018-02-06 23:59:59'),
(3303, '2018-02-07 00:00:00', '2018-02-07 23:59:59'),
(3304, '2018-02-08 00:00:00', '2018-02-08 23:59:59'),
(3305, '2018-02-09 00:00:00', '2018-02-09 23:59:59'),
(3306, '2018-02-10 00:00:00', '2018-02-10 23:59:59'),
(3307, '2018-02-11 00:00:00', '2018-02-11 23:59:59'),
(3308, '2018-02-12 00:00:00', '2018-02-12 23:59:59'),
(3309, '2018-02-13 00:00:00', '2018-02-13 23:59:59'),
(3310, '2018-02-14 00:00:00', '2018-02-14 23:59:59'),
(3311, '2018-02-15 00:00:00', '2018-02-15 23:59:59'),
(3312, '2018-02-16 00:00:00', '2018-02-16 23:59:59'),
(3313, '2018-02-17 00:00:00', '2018-02-17 23:59:59'),
(3314, '2018-02-18 00:00:00', '2018-02-18 23:59:59'),
(3315, '2018-02-19 00:00:00', '2018-02-19 23:59:59'),
(3316, '2018-02-20 00:00:00', '2018-02-20 23:59:59'),
(3317, '2018-02-21 00:00:00', '2018-02-21 23:59:59'),
(3318, '2018-02-22 00:00:00', '2018-02-22 23:59:59'),
(3319, '2018-02-23 00:00:00', '2018-02-23 23:59:59'),
(3320, '2018-02-24 00:00:00', '2018-02-24 23:59:59'),
(3321, '2018-02-25 00:00:00', '2018-02-25 23:59:59'),
(3322, '2018-02-26 00:00:00', '2018-02-26 23:59:59'),
(3323, '2018-02-27 00:00:00', '2018-02-27 23:59:59'),
(3324, '2018-02-28 00:00:00', '2018-02-28 23:59:59'),
(3325, '2018-03-01 00:00:00', '2018-03-01 23:59:59'),
(3326, '2018-03-02 00:00:00', '2018-03-02 23:59:59'),
(3327, '2018-03-03 00:00:00', '2018-03-03 23:59:59'),
(3328, '2018-03-04 00:00:00', '2018-03-04 23:59:59'),
(3329, '2018-03-05 00:00:00', '2018-03-05 23:59:59'),
(3330, '2018-03-06 00:00:00', '2018-03-06 23:59:59'),
(3331, '2018-03-06 00:00:00', '2018-03-06 23:59:59'),
(3332, '2018-03-06 00:00:00', '2018-03-06 23:59:59'),
(3333, '2018-03-06 00:00:00', '2018-03-06 23:59:59'),
(3334, '2018-03-07 00:00:00', '2018-03-07 23:59:59'),
(3335, '2018-03-08 00:00:00', '2018-03-08 23:59:59'),
(3336, '2018-03-09 00:00:00', '2018-03-09 23:59:59'),
(3337, '2018-03-10 00:00:00', '2018-03-10 23:59:59'),
(3338, '2018-03-11 00:00:00', '2018-03-11 23:59:59'),
(3339, '2018-03-12 00:00:00', '2018-03-12 23:59:59'),
(3340, '2018-03-13 00:00:00', '2018-03-13 23:59:59'),
(3341, '2018-03-14 00:00:00', '2018-03-14 23:59:59'),
(3342, '2018-03-15 00:00:00', '2018-03-15 23:59:59'),
(3343, '2018-03-16 00:00:00', '2018-03-16 23:59:59'),
(3344, '2018-03-17 00:00:00', '2018-03-17 23:59:59'),
(3345, '2018-03-18 00:00:00', '2018-03-18 23:59:59'),
(3346, '2018-03-19 00:00:00', '2018-03-19 23:59:59'),
(3347, '2018-03-20 00:00:00', '2018-03-20 23:59:59'),
(3348, '2018-03-21 00:00:00', '2018-03-21 23:59:59'),
(3349, '2018-03-22 00:00:00', '2018-03-22 23:59:59'),
(3350, '2018-03-23 00:00:00', '2018-03-23 23:59:59'),
(3351, '2018-03-24 00:00:00', '2018-03-24 23:59:59'),
(3352, '2018-03-25 00:00:00', '2018-03-26 00:59:59'),
(3353, '2018-03-26 00:00:00', '2018-03-26 23:59:59'),
(3354, '2018-03-27 00:00:00', '2018-03-27 23:59:59'),
(3355, '2018-03-28 00:00:00', '2018-03-28 23:59:59'),
(3356, '2018-03-29 00:00:00', '2018-03-29 23:59:59'),
(3357, '2018-03-30 00:00:00', '2018-03-30 23:59:59'),
(3358, '2018-03-31 00:00:00', '2018-03-31 23:59:59'),
(3359, '2018-04-01 00:00:00', '2018-04-01 23:59:59'),
(3360, '2018-04-02 00:00:00', '2018-04-02 23:59:59'),
(3361, '2018-04-03 00:00:00', '2018-04-03 23:59:59'),
(3362, '2018-04-04 00:00:00', '2018-04-04 23:59:59'),
(3363, '2018-04-05 00:00:00', '2018-04-05 23:59:59'),
(3364, '2018-04-06 00:00:00', '2018-04-06 23:59:59'),
(3365, '2018-04-07 00:00:00', '2018-04-07 23:59:59'),
(3366, '2018-04-08 00:00:00', '2018-04-08 23:59:59'),
(3367, '2018-04-09 00:00:00', '2018-04-09 23:59:59'),
(3368, '2018-04-10 00:00:00', '2018-04-10 23:59:59'),
(3369, '2018-04-11 00:00:00', '2018-04-11 23:59:59'),
(3370, '2018-04-12 00:00:00', '2018-04-12 23:59:59'),
(3371, '2018-04-13 00:00:00', '2018-04-13 23:59:59'),
(3372, '2018-04-14 00:00:00', '2018-04-14 23:59:59'),
(3373, '2018-04-15 00:00:00', '2018-04-15 23:59:59'),
(3374, '2018-04-16 00:00:00', '2018-04-16 23:59:59'),
(3375, '2018-04-17 00:00:00', '2018-04-17 23:59:59'),
(3376, '2018-04-18 00:00:00', '2018-04-18 23:59:59'),
(3377, '2018-04-19 00:00:00', '2018-04-19 23:59:59'),
(3378, '2018-04-20 00:00:00', '2018-04-20 23:59:59'),
(3379, '2018-04-21 00:00:00', '2018-04-21 23:59:59'),
(3380, '2018-04-22 00:00:00', '2018-04-22 23:59:59'),
(3381, '2018-04-23 00:00:00', '2018-04-23 23:59:59'),
(3382, '2018-04-24 00:00:00', '2018-04-24 23:59:59'),
(3383, '2018-04-25 00:00:00', '2018-04-25 23:59:59'),
(3384, '2018-04-26 00:00:00', '2018-04-26 23:59:59'),
(3385, '2018-04-27 00:00:00', '2018-04-27 23:59:59'),
(3386, '2018-04-28 00:00:00', '2018-04-28 23:59:59'),
(3387, '2018-04-29 00:00:00', '2018-04-29 23:59:59'),
(3388, '2018-04-30 00:00:00', '2018-04-30 23:59:59'),
(3389, '2018-05-01 00:00:00', '2018-05-01 23:59:59'),
(3390, '2018-05-02 00:00:00', '2018-05-02 23:59:59'),
(3391, '2018-05-03 00:00:00', '2018-05-03 23:59:59'),
(3392, '2018-05-04 00:00:00', '2018-05-04 23:59:59'),
(3393, '2018-05-05 00:00:00', '2018-05-05 23:59:59'),
(3394, '2018-05-06 00:00:00', '2018-05-06 23:59:59'),
(3395, '2018-05-07 00:00:00', '2018-05-07 23:59:59'),
(3396, '2018-05-08 00:00:00', '2018-05-08 23:59:59'),
(3397, '2018-05-09 00:00:00', '2018-05-09 23:59:59'),
(3398, '2018-05-10 00:00:00', '2018-05-10 23:59:59'),
(3399, '2018-05-11 00:00:00', '2018-05-11 23:59:59'),
(3400, '2018-05-12 00:00:00', '2018-05-12 23:59:59'),
(3401, '2018-05-13 00:00:00', '2018-05-13 23:59:59'),
(3402, '2018-05-14 00:00:00', '2018-05-14 23:59:59'),
(3403, '2018-05-15 00:00:00', '2018-05-15 23:59:59'),
(3404, '2018-05-16 00:00:00', '2018-05-16 23:59:59'),
(3405, '2018-05-17 00:00:00', '2018-05-17 23:59:59'),
(3406, '2018-05-18 00:00:00', '2018-05-18 23:59:59'),
(3407, '2018-05-19 00:00:00', '2018-05-19 23:59:59'),
(3408, '2018-05-20 00:00:00', '2018-05-20 23:59:59'),
(3409, '2018-05-21 00:00:00', '2018-05-21 23:59:59'),
(3410, '2018-05-22 00:00:00', '2018-05-22 23:59:59'),
(3411, '2018-05-23 00:00:00', '2018-05-23 23:59:59'),
(3412, '2018-05-24 00:00:00', '2018-05-24 23:59:59'),
(3413, '2018-05-25 00:00:00', '2018-05-25 23:59:59'),
(3414, '2018-05-26 00:00:00', '2018-05-26 23:59:59'),
(3415, '2018-05-27 00:00:00', '2018-05-27 23:59:59'),
(3416, '2018-05-28 00:00:00', '2018-05-28 23:59:59'),
(3417, '2018-05-29 00:00:00', '2018-05-29 23:59:59'),
(3418, '2018-05-30 00:00:00', '2018-05-30 23:59:59'),
(3419, '2018-05-31 00:00:00', '2018-05-31 23:59:59'),
(3420, '2018-06-01 00:00:00', '2018-06-01 23:59:59'),
(3421, '2018-06-02 00:00:00', '2018-06-02 23:59:59'),
(3422, '2018-06-03 00:00:00', '2018-06-03 23:59:59'),
(3423, '2018-06-04 00:00:00', '2018-06-04 23:59:59'),
(3424, '2018-06-05 00:00:00', '2018-06-05 23:59:59'),
(3425, '2018-06-06 00:00:00', '2018-06-06 23:59:59'),
(3426, '2018-06-07 00:00:00', '2018-06-07 23:59:59'),
(3427, '2018-06-08 00:00:00', '2018-06-08 23:59:59'),
(3428, '2018-06-09 00:00:00', '2018-06-09 23:59:59'),
(3429, '2018-06-10 00:00:00', '2018-06-10 23:59:59'),
(3430, '2018-06-11 00:00:00', '2018-06-11 23:59:59'),
(3431, '2018-06-12 00:00:00', '2018-06-12 23:59:59'),
(3432, '2018-06-13 00:00:00', '2018-06-13 23:59:59'),
(3433, '2018-06-14 00:00:00', '2018-06-14 23:59:59'),
(3434, '2018-06-15 00:00:00', '2018-06-15 23:59:59'),
(3435, '2018-06-16 00:00:00', '2018-06-16 23:59:59'),
(3436, '2018-06-17 00:00:00', '2018-06-17 23:59:59'),
(3437, '2018-06-18 00:00:00', '2018-06-18 23:59:59'),
(3438, '2018-06-19 00:00:00', '2018-06-19 23:59:59'),
(3439, '2018-06-20 00:00:00', '2018-06-20 23:59:59'),
(3440, '2018-06-21 00:00:00', '2018-06-21 23:59:59'),
(3441, '2018-06-22 00:00:00', '2018-06-22 23:59:59'),
(3442, '2018-06-23 00:00:00', '2018-06-23 23:59:59'),
(3443, '2018-06-24 00:00:00', '2018-06-24 23:59:59'),
(3444, '2018-06-25 00:00:00', '2018-06-25 23:59:59'),
(3445, '2018-06-26 00:00:00', '2018-06-26 23:59:59'),
(3446, '2018-06-27 00:00:00', '2018-06-27 23:59:59'),
(3447, '2018-06-28 00:00:00', '2018-06-28 23:59:59'),
(3448, '2018-06-29 00:00:00', '2018-06-29 23:59:59'),
(3449, '2018-06-30 00:00:00', '2018-06-30 23:59:59'),
(3450, '2018-07-01 00:00:00', '2018-07-01 23:59:59'),
(3451, '2018-07-02 00:00:00', '2018-07-02 23:59:59');

-- --------------------------------------------------------

--
-- Structure de la table `dds_delivery`
--

CREATE TABLE `dds_delivery` (
  `id_delivery` int(10) UNSIGNED NOT NULL,
  `id_carrier` int(10) UNSIGNED NOT NULL,
  `id_range_price` int(10) UNSIGNED DEFAULT NULL,
  `id_range_weight` int(10) UNSIGNED DEFAULT NULL,
  `id_zone` int(10) UNSIGNED NOT NULL,
  `price` decimal(10,2) NOT NULL
) ENGINE=MyISAM DEFAULT CHARSET=utf8;

--
-- Déchargement des données de la table `dds_delivery`
--

INSERT INTO `dds_delivery` (`id_delivery`, `id_carrier`, `id_range_price`, `id_range_weight`, `id_zone`, `price`) VALUES
(1, 2, NULL, 1, 1, 5.00),
(2, 2, NULL, 1, 2, 5.00),
(4, 2, 1, NULL, 1, 5.00),
(5, 2, 1, NULL, 2, 5.00),
(11, 4, 3, NULL, 1, 0.00),
(10, 3, 2, NULL, 1, 8.00),
(8, 3, NULL, 2, 1, 5.00),
(9, 3, NULL, 2, 2, 5.00),
(12, 5, 4, NULL, 1, 0.00),
(13, 6, 5, NULL, 1, 8.00),
(14, 6, NULL, 3, 1, 5.00),
(15, 6, NULL, 3, 2, 5.00),
(16, 7, 6, NULL, 1, 8.00),
(17, 7, NULL, 4, 1, 5.00),
(18, 7, NULL, 4, 2, 5.00),
(19, 9, 7, NULL, 6, 16.00);

-- --------------------------------------------------------

--
-- Structure de la table `dds_discount`
--

CREATE TABLE `dds_discount` (
  `id_discount` int(10) UNSIGNED NOT NULL,
  `id_discount_type` int(10) UNSIGNED NOT NULL,
  `id_customer` int(10) UNSIGNED NOT NULL,
  `name` varchar(32) NOT NULL,
  `value` decimal(10,2) NOT NULL DEFAULT '0.00',
  `quantity` int(10) UNSIGNED NOT NULL DEFAULT '0',
  `quantity_per_user` int(10) UNSIGNED NOT NULL DEFAULT '1',
  `cumulable` tinyint(1) UNSIGNED NOT NULL DEFAULT '0',
  `cumulable_reduction` tinyint(1) UNSIGNED NOT NULL DEFAULT '0',
  `date_from` datetime NOT NULL,
  `date_to` datetime NOT NULL,
  `minimal` decimal(10,2) DEFAULT NULL,
  `active` tinyint(1) UNSIGNED NOT NULL DEFAULT '0'
) ENGINE=MyISAM DEFAULT CHARSET=utf8;

--
-- Déchargement des données de la table `dds_discount`
--

INSERT INTO `dds_discount` (`id_discount`, `id_discount_type`, `id_customer`, `name`, `value`, `quantity`, `quantity_per_user`, `cumulable`, `cumulable_reduction`, `date_from`, `date_to`, `minimal`, `active`) VALUES
(1, 2, 12, 'DESMET5EURO', 5.00, 1, 1, 1, 1, '2010-07-06 10:31:09', '2011-07-06 10:31:09', 0.00, 1),
(2, 2, 15, 'DANIEL5EURO', 5.00, 0, 1, 0, 0, '2010-08-09 19:24:10', '2011-08-04 22:29:56', 0.00, 1),
(3, 2, 22, 'cristel13euro', 13.00, 0, 1, 0, 0, '2011-01-04 18:05:36', '2012-01-04 18:05:36', 13.00, 1),
(5, 2, 0, 'citymalin10€', 10.00, 0, 1, 0, 0, '2011-03-10 15:51:27', '2012-03-10 15:51:27', 10.00, 1),
(6, 1, 0, 'LIQUIDATION30', 30.00, 10, 10, 0, 0, '2014-06-29 15:05:32', '2014-07-30 15:05:32', 0.00, 1);

-- --------------------------------------------------------

--
-- Structure de la table `dds_discount_category`
--

CREATE TABLE `dds_discount_category` (
  `id_category` int(11) NOT NULL,
  `id_discount` int(11) NOT NULL
) ENGINE=MyISAM DEFAULT CHARSET=utf8;

--
-- Déchargement des données de la table `dds_discount_category`
--

INSERT INTO `dds_discount_category` (`id_category`, `id_discount`) VALUES
(1, 1),
(1, 2),
(1, 3),
(1, 5),
(1, 6),
(3, 1),
(3, 2),
(3, 3),
(3, 5),
(3, 6),
(7, 1),
(7, 2),
(7, 3),
(7, 5),
(7, 6),
(8, 1),
(8, 2),
(8, 3),
(8, 5),
(8, 6),
(9, 1),
(9, 2),
(9, 3),
(9, 5),
(9, 6),
(10, 1),
(10, 2),
(10, 3),
(10, 5),
(10, 6),
(13, 1),
(13, 2),
(13, 3),
(13, 5),
(17, 1),
(17, 2),
(17, 3),
(17, 5),
(17, 6),
(20, 1),
(20, 2),
(20, 3),
(20, 5),
(20, 6),
(21, 1),
(21, 2),
(21, 3),
(21, 5),
(21, 6),
(22, 1),
(22, 2),
(22, 3),
(22, 5),
(22, 6),
(24, 1),
(24, 2),
(24, 3),
(24, 5),
(24, 6),
(25, 1),
(25, 2),
(25, 3),
(25, 5),
(25, 6),
(26, 1),
(26, 2),
(26, 3),
(26, 5),
(37, 1),
(37, 2),
(37, 3),
(37, 5),
(39, 1),
(39, 2),
(39, 3),
(39, 5),
(39, 6),
(40, 1),
(40, 2),
(40, 3),
(40, 5),
(41, 1),
(41, 2),
(41, 3),
(41, 5),
(42, 1),
(42, 2),
(42, 3),
(42, 5),
(48, 1),
(48, 2),
(48, 3),
(48, 5),
(48, 6),
(49, 1),
(49, 2),
(49, 3),
(49, 5),
(49, 6),
(50, 1),
(50, 2),
(50, 3),
(50, 5),
(51, 1),
(51, 2),
(51, 3),
(51, 5),
(52, 1),
(52, 2),
(52, 3),
(52, 5),
(53, 1),
(53, 2),
(53, 3),
(53, 5),
(54, 1),
(54, 2),
(54, 3),
(54, 5),
(55, 1),
(55, 2),
(55, 3),
(55, 5),
(57, 1),
(57, 2),
(57, 3),
(57, 5),
(58, 1),
(58, 2),
(58, 3),
(58, 5),
(59, 1),
(59, 2),
(59, 3),
(59, 5),
(60, 1),
(60, 2),
(60, 3),
(60, 5),
(62, 1),
(62, 2),
(62, 3),
(62, 5),
(63, 1),
(63, 2),
(63, 3),
(63, 5),
(64, 1),
(64, 2),
(64, 3),
(64, 5),
(65, 1),
(65, 2),
(65, 3),
(65, 5),
(66, 1),
(66, 2),
(66, 3),
(66, 5),
(69, 1),
(69, 2),
(69, 3),
(69, 5),
(70, 1),
(70, 2),
(70, 3),
(70, 5),
(70, 6),
(71, 1),
(71, 2),
(71, 3),
(71, 5),
(71, 6),
(72, 1),
(72, 2),
(72, 3),
(72, 5),
(72, 6),
(73, 1),
(73, 2),
(73, 3),
(73, 5),
(73, 6),
(74, 1),
(74, 2),
(74, 3),
(74, 5),
(74, 6),
(75, 1),
(75, 2),
(75, 3),
(75, 5),
(75, 6),
(76, 1),
(76, 2),
(76, 3),
(76, 5),
(76, 6),
(77, 1),
(77, 2),
(77, 3),
(77, 5),
(78, 1),
(78, 2),
(78, 3),
(78, 5),
(78, 6),
(79, 1),
(79, 2),
(79, 3),
(79, 5),
(79, 6),
(80, 1),
(80, 2),
(80, 3),
(80, 5),
(81, 1),
(81, 2),
(81, 3),
(81, 5),
(81, 6),
(82, 3),
(82, 5);

-- --------------------------------------------------------

--
-- Structure de la table `dds_discount_lang`
--

CREATE TABLE `dds_discount_lang` (
  `id_discount` int(10) UNSIGNED NOT NULL,
  `id_lang` int(10) UNSIGNED NOT NULL,
  `description` text
) ENGINE=MyISAM DEFAULT CHARSET=utf8;

--
-- Déchargement des données de la table `dds_discount_lang`
--

INSERT INTO `dds_discount_lang` (`id_discount`, `id_lang`, `description`) VALUES
(1, 2, 'Ajustement des frais de port'),
(2, 2, 'Vendu sans emballage'),
(3, 2, 'remise 13euros'),
(5, 2, 'bon d\'achat 10€'),
(6, 2, 'LIQUIDATION 30% SUR TOUTE LA BOUTIQUE');

-- --------------------------------------------------------

--
-- Structure de la table `dds_discount_quantity`
--

CREATE TABLE `dds_discount_quantity` (
  `id_discount_quantity` int(10) UNSIGNED NOT NULL,
  `id_discount_type` int(10) UNSIGNED NOT NULL,
  `id_product` int(10) UNSIGNED NOT NULL,
  `id_product_attribute` int(10) UNSIGNED DEFAULT NULL,
  `quantity` int(10) UNSIGNED NOT NULL,
  `value` decimal(10,2) UNSIGNED NOT NULL
) ENGINE=MyISAM DEFAULT CHARSET=utf8;

-- --------------------------------------------------------

--
-- Structure de la table `dds_discount_type`
--

CREATE TABLE `dds_discount_type` (
  `id_discount_type` int(10) UNSIGNED NOT NULL
) ENGINE=MyISAM DEFAULT CHARSET=utf8;

--
-- Déchargement des données de la table `dds_discount_type`
--

INSERT INTO `dds_discount_type` (`id_discount_type`) VALUES
(1),
(2),
(3);

-- --------------------------------------------------------

--
-- Structure de la table `dds_discount_type_lang`
--

CREATE TABLE `dds_discount_type_lang` (
  `id_discount_type` int(10) UNSIGNED NOT NULL,
  `id_lang` int(10) UNSIGNED NOT NULL,
  `name` varchar(64) NOT NULL
) ENGINE=MyISAM DEFAULT CHARSET=utf8;

--
-- Déchargement des données de la table `dds_discount_type_lang`
--

INSERT INTO `dds_discount_type_lang` (`id_discount_type`, `id_lang`, `name`) VALUES
(1, 2, 'Réduction sur la commande (%)'),
(2, 2, 'Réduction sur la commande (montant)'),
(3, 2, 'Frais de port gratuits');

-- --------------------------------------------------------

--
-- Structure de la table `dds_employee`
--

CREATE TABLE `dds_employee` (
  `id_employee` int(10) UNSIGNED NOT NULL,
  `id_profile` int(10) UNSIGNED NOT NULL,
  `lastname` varchar(32) NOT NULL,
  `firstname` varchar(32) NOT NULL,
  `email` varchar(128) NOT NULL,
  `passwd` varchar(32) NOT NULL,
  `last_passwd_gen` timestamp NOT NULL DEFAULT CURRENT_TIMESTAMP,
  `stats_date_from` date DEFAULT NULL,
  `stats_date_to` date DEFAULT NULL,
  `active` tinyint(1) UNSIGNED NOT NULL DEFAULT '0'
) ENGINE=MyISAM DEFAULT CHARSET=utf8;

--
-- Déchargement des données de la table `dds_employee`
--

INSERT INTO `dds_employee` (`id_employee`, `id_profile`, `lastname`, `firstname`, `email`, `passwd`, `last_passwd_gen`, `stats_date_from`, `stats_date_to`, `active`) VALUES
(1, 1, 'DELESALLE', 'Christophe', 'admin@delices-des-sens.com', '872c5fe5981f9dbaa3c6c23c68b671bf', '2009-09-17 02:46:14', '2009-08-01', '2016-04-01', 1),
(4, 1, 'LE HENAFF', 'Sylvie', 'sylvie@delices-des-sens.com', '428c3eeac9194e19b266f69d051bdf4a', '2014-12-09 11:31:31', '2014-01-01', '2014-12-31', 1);

-- --------------------------------------------------------

--
-- Structure de la table `dds_feature`
--

CREATE TABLE `dds_feature` (
  `id_feature` int(10) UNSIGNED NOT NULL
) ENGINE=MyISAM DEFAULT CHARSET=utf8;

--
-- Déchargement des données de la table `dds_feature`
--

INSERT INTO `dds_feature` (`id_feature`) VALUES
(1),
(6),
(7),
(8),
(9),
(10),
(11),
(12),
(13),
(14),
(15),
(16),
(17),
(18),
(19),
(20);

-- --------------------------------------------------------

--
-- Structure de la table `dds_feature_lang`
--

CREATE TABLE `dds_feature_lang` (
  `id_feature` int(10) UNSIGNED NOT NULL,
  `id_lang` int(10) UNSIGNED NOT NULL,
  `name` varchar(128) DEFAULT NULL
) ENGINE=MyISAM DEFAULT CHARSET=utf8;

--
-- Déchargement des données de la table `dds_feature_lang`
--

INSERT INTO `dds_feature_lang` (`id_feature`, `id_lang`, `name`) VALUES
(1, 2, 'Longueur'),
(7, 2, 'Utilisation'),
(6, 2, 'Diamètre'),
(8, 2, 'Présentation'),
(9, 2, 'Composition'),
(10, 2, 'Alimentation'),
(11, 2, 'Poids'),
(12, 2, 'Nettoyage'),
(13, 2, 'Dimension'),
(14, 2, 'Mode de vibration'),
(15, 2, 'Emballage'),
(16, 2, 'Livré avec '),
(17, 2, 'Autonomie'),
(18, 2, 'Autres Particularités'),
(19, 2, 'Contenance'),
(20, 2, 'Texture');

-- --------------------------------------------------------

--
-- Structure de la table `dds_feature_product`
--

CREATE TABLE `dds_feature_product` (
  `id_feature` int(10) UNSIGNED NOT NULL,
  `id_product` int(10) UNSIGNED NOT NULL,
  `id_feature_value` int(10) UNSIGNED NOT NULL
) ENGINE=MyISAM DEFAULT CHARSET=utf8;

--
-- Déchargement des données de la table `dds_feature_product`
--

INSERT INTO `dds_feature_product` (`id_feature`, `id_product`, `id_feature_value`) VALUES
(11, 41, 570),
(12, 41, 569),
(16, 41, 568),
(15, 149, 493),
(11, 147, 471),
(14, 147, 470),
(13, 41, 567),
(9, 41, 566),
(7, 42, 565),
(11, 42, 564),
(12, 42, 563),
(16, 42, 562),
(15, 42, 561),
(13, 42, 560),
(10, 44, 64),
(13, 44, 65),
(16, 44, 66),
(14, 44, 67),
(15, 44, 68),
(11, 44, 69),
(8, 44, 70),
(14, 81, 208),
(13, 81, 207),
(9, 81, 206),
(18, 81, 205),
(10, 81, 204),
(13, 190, 779),
(7, 141, 312),
(11, 113, 735),
(7, 112, 729),
(7, 148, 490),
(11, 148, 489),
(14, 148, 488),
(1, 148, 487),
(11, 143, 457),
(9, 191, 785),
(18, 191, 784),
(7, 190, 783),
(11, 190, 782),
(14, 190, 781),
(15, 190, 780),
(9, 190, 778),
(18, 190, 777),
(14, 189, 773),
(1, 189, 772),
(11, 81, 209),
(7, 143, 458),
(9, 174, 420),
(1, 149, 494),
(15, 189, 771),
(6, 189, 770),
(9, 189, 769),
(10, 147, 464),
(7, 144, 463),
(9, 87, 236),
(9, 147, 466),
(18, 147, 465),
(15, 21, 394),
(9, 89, 246),
(15, 112, 728),
(7, 147, 472),
(6, 149, 492),
(9, 149, 491),
(1, 147, 469),
(15, 147, 468),
(1, 90, 714),
(10, 189, 768),
(9, 95, 396),
(6, 147, 467),
(15, 138, 414),
(11, 141, 311),
(14, 141, 310),
(13, 141, 309),
(10, 141, 308),
(11, 111, 296),
(13, 111, 295),
(10, 190, 776),
(7, 189, 775),
(20, 189, 774),
(13, 143, 456),
(6, 143, 455),
(9, 143, 454),
(11, 144, 462),
(1, 144, 461),
(6, 144, 460),
(9, 144, 459),
(15, 148, 486),
(6, 148, 485),
(9, 148, 484),
(18, 148, 483),
(10, 148, 482),
(7, 109, 347),
(11, 109, 346),
(15, 109, 345),
(13, 109, 344),
(9, 109, 343),
(9, 125, 377),
(19, 39, 380),
(15, 39, 381),
(16, 21, 395),
(15, 95, 397),
(9, 128, 398),
(15, 128, 399),
(9, 130, 400),
(15, 130, 401),
(18, 27, 402),
(15, 27, 403),
(9, 131, 404),
(15, 131, 405),
(9, 135, 407),
(15, 135, 408),
(18, 136, 409),
(15, 136, 410),
(9, 138, 413),
(18, 139, 415),
(15, 139, 416),
(15, 170, 417),
(9, 171, 418),
(15, 171, 419),
(11, 149, 495),
(7, 149, 496),
(9, 42, 559),
(7, 41, 571),
(10, 153, 572),
(13, 153, 573),
(14, 153, 574),
(11, 153, 575),
(7, 153, 576),
(11, 155, 586),
(14, 155, 585),
(1, 155, 584),
(6, 155, 583),
(10, 155, 582),
(7, 155, 587),
(11, 184, 605),
(14, 184, 604),
(1, 184, 603),
(15, 184, 602),
(13, 184, 601),
(6, 184, 600),
(9, 184, 599),
(18, 184, 598),
(10, 184, 597),
(7, 184, 606),
(15, 90, 713),
(9, 90, 712),
(19, 112, 727),
(9, 112, 726),
(18, 112, 725),
(15, 113, 734),
(13, 113, 733),
(19, 113, 732),
(9, 113, 731),
(18, 113, 730),
(9, 156, 715),
(15, 156, 716),
(18, 158, 737),
(8, 113, 736),
(11, 159, 724),
(13, 159, 723),
(18, 159, 722),
(15, 158, 738),
(7, 158, 739),
(13, 191, 786),
(15, 191, 787),
(7, 191, 788),
(10, 192, 789),
(9, 192, 790),
(6, 192, 791),
(13, 192, 792),
(16, 192, 793),
(1, 192, 794),
(14, 192, 795),
(11, 192, 796),
(20, 192, 797),
(14, 193, 805),
(16, 193, 804),
(13, 193, 803),
(10, 193, 802);

-- --------------------------------------------------------

--
-- Structure de la table `dds_feature_value`
--

CREATE TABLE `dds_feature_value` (
  `id_feature_value` int(10) UNSIGNED NOT NULL,
  `id_feature` int(10) UNSIGNED NOT NULL,
  `custom` tinyint(3) UNSIGNED DEFAULT NULL
) ENGINE=MyISAM DEFAULT CHARSET=utf8;

--
-- Déchargement des données de la table `dds_feature_value`
--

INSERT INTO `dds_feature_value` (`id_feature_value`, `id_feature`, `custom`) VALUES
(569, 12, 1),
(568, 16, 1),
(493, 15, 1),
(471, 11, 1),
(470, 14, 1),
(570, 11, 1),
(567, 13, 1),
(566, 9, 1),
(565, 7, 1),
(564, 11, 1),
(563, 12, 1),
(562, 16, 1),
(561, 15, 1),
(560, 13, 1),
(64, 10, 1),
(65, 13, 1),
(66, 16, 1),
(67, 14, 1),
(68, 15, 1),
(69, 11, 1),
(70, 8, 1),
(208, 14, 1),
(207, 13, 1),
(206, 9, 1),
(205, 18, 1),
(204, 10, 1),
(779, 13, 1),
(312, 7, 1),
(735, 11, 1),
(729, 7, 1),
(490, 7, 1),
(489, 11, 1),
(488, 14, 1),
(487, 1, 1),
(457, 11, 1),
(785, 9, 1),
(784, 18, 1),
(783, 7, 1),
(782, 11, 1),
(781, 14, 1),
(780, 15, 1),
(778, 9, 1),
(777, 18, 1),
(773, 14, 1),
(772, 1, 1),
(209, 11, 1),
(458, 7, 1),
(420, 9, 1),
(494, 1, 1),
(771, 15, 1),
(770, 6, 1),
(769, 9, 1),
(464, 10, 1),
(463, 7, 1),
(236, 9, 1),
(466, 9, 1),
(465, 18, 1),
(394, 15, 1),
(246, 9, 1),
(728, 15, 1),
(472, 7, 1),
(492, 6, 1),
(491, 9, 1),
(469, 1, 1),
(468, 15, 1),
(714, 1, 1),
(768, 10, 1),
(396, 9, 1),
(467, 6, 1),
(414, 15, 1),
(311, 11, 1),
(310, 14, 1),
(309, 13, 1),
(308, 10, 1),
(296, 11, 1),
(295, 13, 1),
(776, 10, 1),
(775, 7, 1),
(774, 20, 1),
(456, 13, 1),
(455, 6, 1),
(454, 9, 1),
(462, 11, 1),
(461, 1, 1),
(460, 6, 1),
(459, 9, 1),
(486, 15, 1),
(485, 6, 1),
(484, 9, 1),
(483, 18, 1),
(482, 10, 1),
(347, 7, 1),
(346, 11, 1),
(345, 15, 1),
(344, 13, 1),
(343, 9, 1),
(377, 9, 1),
(380, 19, 1),
(381, 15, 1),
(395, 16, 1),
(397, 15, 1),
(398, 9, 1),
(399, 15, 1),
(400, 9, 1),
(401, 15, 1),
(402, 18, 1),
(403, 15, 1),
(404, 9, 1),
(405, 15, 1),
(407, 9, 1),
(408, 15, 1),
(409, 18, 1),
(410, 15, 1),
(413, 9, 1),
(415, 18, 1),
(416, 15, 1),
(417, 15, 1),
(418, 9, 1),
(419, 15, 1),
(495, 11, 1),
(496, 7, 1),
(559, 9, 1),
(571, 7, 1),
(572, 10, 1),
(573, 13, 1),
(574, 14, 1),
(575, 11, 1),
(576, 7, 1),
(586, 11, 1),
(585, 14, 1),
(584, 1, 1),
(583, 6, 1),
(582, 10, 1),
(587, 7, 1),
(605, 11, 1),
(604, 14, 1),
(603, 1, 1),
(602, 15, 1),
(601, 13, 1),
(600, 6, 1),
(599, 9, 1),
(598, 18, 1),
(597, 10, 1),
(606, 7, 1),
(713, 15, 1),
(712, 9, 1),
(727, 19, 1),
(726, 9, 1),
(725, 18, 1),
(734, 15, 1),
(733, 13, 1),
(732, 19, 1),
(731, 9, 1),
(730, 18, 1),
(715, 9, 1),
(716, 15, 1),
(737, 18, 1),
(736, 8, 1),
(724, 11, 1),
(723, 13, 1),
(722, 18, 1),
(738, 15, 1),
(739, 7, 1),
(786, 13, 1),
(787, 15, 1),
(788, 7, 1),
(789, 10, 1),
(790, 9, 1),
(791, 6, 1),
(792, 13, 1),
(793, 16, 1),
(794, 1, 1),
(795, 14, 1),
(796, 11, 1),
(797, 20, 1),
(805, 14, 1),
(804, 16, 1),
(803, 13, 1),
(802, 10, 1);

-- --------------------------------------------------------

--
-- Structure de la table `dds_feature_value_lang`
--

CREATE TABLE `dds_feature_value_lang` (
  `id_feature_value` int(10) UNSIGNED NOT NULL,
  `id_lang` int(10) UNSIGNED NOT NULL,
  `value` varchar(255) DEFAULT NULL
) ENGINE=MyISAM DEFAULT CHARSET=utf8;

--
-- Déchargement des données de la table `dds_feature_value_lang`
--

INSERT INTO `dds_feature_value_lang` (`id_feature_value`, `id_lang`, `value`) VALUES
(464, 2, '4 piles AAA (non fournies)'),
(461, 2, '8 cm'),
(462, 2, '50 g'),
(463, 2, 'Avec un lubrifiant à base d\'eau'),
(567, 2, '3,8 X 4,2 cm'),
(568, 2, 'La notice de bonne utilisation du produit'),
(566, 2, '100% silicone médical hypoallergénique'),
(564, 2, '135 g'),
(562, 2, 'La notice de bonne utilisation du produit'),
(561, 2, 'Emballage tendance à Vitre'),
(559, 2, '100% silicone médical hypoallergénique'),
(560, 2, '3,8 X 9 cm'),
(64, 2, '1 pile AAA (Fournie)'),
(65, 2, '9,5 x 1,4 cm'),
(66, 2, 'Son petit pochon de velour'),
(67, 2, '1 vitesse'),
(68, 2, 'Coffret \"Joli Coeur\"'),
(69, 2, '148 g'),
(70, 2, 'Dans son coffret en forme de Coeur'),
(205, 2, 'Rangée de billes métal'),
(204, 2, '4 piles AAA (fournies)'),
(773, 2, '8 modes de vibrations et 3 modes alternatifs'),
(727, 2, '58g'),
(311, 2, '231 g'),
(312, 2, 'Etanche aux gouttes'),
(467, 2, '4 cm'),
(465, 2, 'Turbo-Booster & Moteur très puissant'),
(466, 2, '100% Silicone'),
(783, 2, 'Etanche'),
(784, 2, 'Massage de la prostate & du périnée'),
(782, 2, '134 g'),
(772, 2, '20.7 cm'),
(771, 2, 'Dans une boite cartonnée aux couleurs de la marque'),
(206, 2, '100% silicone'),
(207, 2, '21 X 6,5 cm'),
(208, 2, 'Réglage progressif de la vitesse de vibration et de rotation'),
(209, 2, '392 g'),
(455, 2, '4,5 cm'),
(420, 2, '90% polyamide & 10% lycra'),
(468, 2, 'Dans une boite cartonnée aux couleurs de la marque'),
(770, 2, '4,1 cm'),
(308, 2, '2 piles LR 14 Fournies'),
(768, 2, '2 piles AA (non fournies)'),
(769, 2, '100 % silicone médicale'),
(456, 2, '23 cm'),
(236, 2, '2 Jetons, 1 Dé, 1 Sablier, 1 Bandeau - 1 Plateau de Jeu -  2 Roulettes - 1 Bloc Notes - 2 Crayons - 30 Cartes Défis - 30 coupons Faveur, 1 Sex-toys (piles AA comprises) - 1 Huile de Massage - 1 Feuillet d\'instruction '),
(457, 2, '670 g'),
(458, 2, 'Avec un lubrifiant à base d\'eau'),
(246, 2, '90% de Polyester et 10% Lycra'),
(781, 2, '3 modes de vibrations'),
(780, 2, 'Dans une boite cartonnée aux couleurs de la marque'),
(774, 2, 'Douce et soyeuse'),
(775, 2, 'Totalement étanche'),
(776, 2, '2 piles AAA (non fournies)'),
(777, 2, 'Moteur puissant & silencieux'),
(778, 2, 'Elastomed hypoallergénique'),
(779, 2, '11 x 4 cm'),
(396, 2, '90% Polyester et 10% Lycra'),
(460, 2, '3 cm'),
(310, 2, 'Molette réglage vitesse'),
(309, 2, '19 cm'),
(295, 2, '11 x 2,5 cm'),
(296, 2, '20 g'),
(454, 2, '100% silicone hypoallergénique'),
(459, 2, '100% silicone hypoallergénique'),
(484, 2, 'Silicone Hypoallergénique'),
(483, 2, 'Moteur puissant et robuste & touches sensorielles'),
(482, 2, '2 piles AAA Fournies'),
(345, 2, 'Dans une jolie pochette style \"Billeterie\"'),
(344, 2, '19,5 x 11 cm'),
(343, 2, 'Imitation Pierres précieuses Noires'),
(346, 2, '33 g'),
(347, 2, 'Semi-jetable'),
(377, 2, '90% polyamid & 10% lycra'),
(380, 2, '1 paire'),
(381, 2, 'Joli packaging'),
(394, 2, 'Dans une jolie boite cartonnée et papier de soie'),
(395, 2, 'Le String Assorti'),
(397, 2, 'Dans une jolie boite cartonnée et papier de soie'),
(398, 2, '90% polyamide, 10% lycra'),
(399, 2, 'Dans une jolie boite cartonée et papier de soie'),
(400, 2, '90% polyamide & 10% lycra'),
(401, 2, 'Dans une jolie boite cartonnée et papier de soie'),
(402, 2, 'Taille Unique'),
(403, 2, 'Dans une jolie boite cartonée et papier de soie'),
(404, 2, '90% polyamide & 10% lycra'),
(405, 2, 'Dans une jolie boite cartonnée et papier de soie'),
(407, 2, '90% polyamide & 10% lycra'),
(408, 2, 'Dans une jolie boite cartonnée et papier de soie'),
(409, 2, 'Taille Unique'),
(410, 2, 'Dans une jolie boite cartonnée et papier de soie aux couleur de la marque'),
(413, 2, '90% polyamide & 10% lycra'),
(414, 2, 'Dans une jolie boite cartonée & papier de soie'),
(415, 2, 'Taille Unique'),
(416, 2, 'Dans une jolie boite cartonée & papier de soie'),
(417, 2, 'Dans une jolie boite cartonée & papier de soie'),
(418, 2, 'Vinyl'),
(419, 2, 'Dans une jolie boite cartonée & papier d soie'),
(469, 2, '22 cm'),
(470, 2, '8 vitesses & 3 programmes'),
(471, 2, '350 g'),
(472, 2, 'A utiliser avec un lubrifiant à base d\'eau & Utilisable sous la douche'),
(488, 2, 'Intensité réglable (3 programmes de Vibration)'),
(485, 2, '3,2 cm'),
(486, 2, 'Dans une boite cartonnée aux couleurs de la marque'),
(487, 2, '14 cm'),
(489, 2, '170 g'),
(490, 2, 'Utilisable sous la douche & à utiliser avec un lubrifiant à base d\'eau'),
(491, 2, '100% Silicone hypoallergénique'),
(492, 2, '4 cm'),
(493, 2, 'Dans une boite cartonnée aux couleurs de la marque'),
(494, 2, '20 cm'),
(495, 2, '400 g'),
(496, 2, 'Avec un lubrifiant à base d\'eau'),
(563, 2, 'A l\'eau tiede avec une goutte de solution moussante intime, rinçage à l\'eau tède'),
(565, 2, 'Avec un lubrifiant à base d\'eau'),
(569, 2, 'A l\'eau tiede avec une goutte de solution moussante intime, rinçage à l\'eau tède'),
(570, 2, '96 g'),
(571, 2, 'Avec un lubrifiant à base d\'eau'),
(572, 2, '2 piles AA (non fournies)'),
(573, 2, '12,7 x 8,5 cm'),
(574, 2, '1 vitesse de vibration'),
(575, 2, '346 g'),
(576, 2, 'Totalement étanche'),
(585, 2, 'Réglage progressif, rotation et pulsion'),
(584, 2, '25 cm'),
(583, 2, '4 cm'),
(582, 2, '4 piles AA (non fournies)'),
(586, 2, '540 g'),
(587, 2, 'Avec un lubrifiant à base d\'eau'),
(602, 2, 'Dans une Jolie boite cartonée aux couleur de la marque'),
(601, 2, 'De la télécommande : 10 x 5 cm'),
(600, 2, '3 cm'),
(599, 2, 'ABS Hypoallergénique'),
(598, 2, 'Ecran LCD de contrôle des vibations'),
(597, 2, '2 piles LR03 & 1 pile A23 (fournies)'),
(603, 2, '8 cm'),
(604, 2, '10 modes de vibrations (croissant & décroissant)'),
(605, 2, '179 g'),
(606, 2, 'Avec un lubrifiant à base d\'eau de préférence'),
(713, 2, 'Dans une jolie boite cartonnée & papier de soie'),
(712, 2, 'Plumes synthétiques'),
(728, 2, 'Dans une jolie petite boite métalique'),
(726, 2, 'Huiles végétales '),
(725, 2, 'Parfum \"Bijoux Indiscrets\"'),
(733, 2, '14 x 4 cm'),
(732, 2, '30 ml'),
(731, 2, 'Silicone'),
(730, 2, 'Sans parfum'),
(714, 2, '2 métres'),
(715, 2, 'plumes & chaines'),
(716, 2, 'Dans une jolie boite cartonée aux couleur de la marque'),
(729, 2, 'En massage sur tout le corps'),
(724, 2, '200 g'),
(723, 2, '25 x 19 cm'),
(722, 2, 'Forme de Coeur'),
(734, 2, 'Dans une jolie boite cartonnée aux couleur de la marque'),
(735, 2, '122 g'),
(736, 2, 'Placon à pompe très tendance & design'),
(737, 2, 'Thé délicatement parfumé'),
(738, 2, 'Dans une jolie boite cartonée aux couleur de la marque'),
(739, 2, 'Dans le bain'),
(785, 2, '100 % Silicone'),
(786, 2, '13.5 x 3.8 cm'),
(787, 2, 'Dans une boite cartonée aux couleurs de la marque'),
(788, 2, 'Avec un lubrifiant à base d\'eau'),
(789, 2, 'Chargeur universel et 2 piles AA pour le transmetteur sans fil'),
(790, 2, 'ABS'),
(791, 2, '7 cm'),
(792, 2, '28 x 7 cm'),
(793, 2, '2 capuchons (iPod ou normal) et Cordon de racordement'),
(794, 2, '28 cm'),
(795, 2, 'Vibrations musicales ou 7 modes pré-progammés'),
(796, 2, '2132 g'),
(797, 2, 'Douce et soyeuse'),
(804, 2, '2 capuchons (iPod ou normal) et cordon de racordement'),
(803, 2, '16 x 3 cm'),
(802, 2, '2 jeux de piles LR1 (fournies)'),
(805, 2, 'Vibrations musicales ou 7 modes');

-- --------------------------------------------------------

--
-- Structure de la table `dds_group`
--

CREATE TABLE `dds_group` (
  `id_group` int(10) UNSIGNED NOT NULL,
  `reduction` decimal(10,2) NOT NULL DEFAULT '0.00',
  `date_add` datetime NOT NULL,
  `date_upd` datetime NOT NULL
) ENGINE=MyISAM DEFAULT CHARSET=utf8;

--
-- Déchargement des données de la table `dds_group`
--

INSERT INTO `dds_group` (`id_group`, `reduction`, `date_add`, `date_upd`) VALUES
(1, 0.00, '2009-09-17 22:45:12', '2009-09-17 22:45:12');

-- --------------------------------------------------------

--
-- Structure de la table `dds_group_lang`
--

CREATE TABLE `dds_group_lang` (
  `id_group` int(10) UNSIGNED NOT NULL,
  `id_lang` int(10) UNSIGNED NOT NULL,
  `name` varchar(32) NOT NULL
) ENGINE=MyISAM DEFAULT CHARSET=utf8;

--
-- Déchargement des données de la table `dds_group_lang`
--

INSERT INTO `dds_group_lang` (`id_group`, `id_lang`, `name`) VALUES
(1, 2, 'Défaut');

-- --------------------------------------------------------

--
-- Structure de la table `dds_guest`
--

CREATE TABLE `dds_guest` (
  `id_guest` int(10) UNSIGNED NOT NULL,
  `id_operating_system` int(10) UNSIGNED DEFAULT NULL,
  `id_web_browser` int(10) UNSIGNED DEFAULT NULL,
  `id_customer` int(10) UNSIGNED DEFAULT NULL,
  `javascript` tinyint(1) DEFAULT '0',
  `screen_resolution_x` smallint(5) UNSIGNED DEFAULT NULL,
  `screen_resolution_y` smallint(5) UNSIGNED DEFAULT NULL,
  `screen_color` tinyint(3) UNSIGNED DEFAULT NULL,
  `sun_java` tinyint(1) DEFAULT NULL,
  `adobe_flash` tinyint(1) DEFAULT NULL,
  `adobe_director` tinyint(1) DEFAULT NULL,
  `apple_quicktime` tinyint(1) DEFAULT NULL,
  `real_player` tinyint(1) DEFAULT NULL,
  `windows_media` tinyint(1) DEFAULT NULL,
  `accept_language` varchar(8) DEFAULT NULL
) ENGINE=MyISAM DEFAULT CHARSET=utf8;

--
-- Déchargement des données de la table `dds_guest`
--

INSERT INTO `dds_guest` (`id_guest`, `id_operating_system`, `id_web_browser`, `id_customer`, `javascript`, `screen_resolution_x`, `screen_resolution_y`, `screen_color`, `sun_java`, `adobe_flash`, `adobe_director`, `apple_quicktime`, `real_player`, `windows_media`, `accept_language`) VALUES
(1, 0, 8, 0, 1, 412, 732, 24, 0, 0, 0, 0, 0, 0, ''),
(2, 0, 8, 0, 0, 0, 0, 0, 0, 0, 0, 0, 0, 0, ''),
(3, 0, 8, 0, 0, 0, 0, 0, 0, 0, 0, 0, 0, 0, '');

-- --------------------------------------------------------

--
-- Structure de la table `dds_hook`
--

CREATE TABLE `dds_hook` (
  `id_hook` int(10) UNSIGNED NOT NULL,
  `name` varchar(64) NOT NULL,
  `title` varchar(64) NOT NULL,
  `description` text,
  `position` tinyint(1) NOT NULL DEFAULT '1'
) ENGINE=MyISAM DEFAULT CHARSET=utf8;

--
-- Déchargement des données de la table `dds_hook`
--

INSERT INTO `dds_hook` (`id_hook`, `name`, `title`, `description`, `position`) VALUES
(1, 'payment', 'Payment', NULL, 1),
(2, 'newOrder', 'New orders', NULL, 0),
(3, 'paymentConfirm', 'Payment confirmation', NULL, 0),
(4, 'paymentReturn', 'Payment return', NULL, 0),
(5, 'updateQuantity', 'Quantity update', 'Quantity is updated only when the customer effectively <b>place</b> his order.', 0),
(6, 'rightColumn', 'Right column blocks', NULL, 1),
(7, 'leftColumn', 'Left column blocks', NULL, 1),
(8, 'home', 'Homepage content', NULL, 1),
(9, 'header', 'Header of pages', 'A hook which allow you to do things in the header of each pages', 1),
(10, 'cart', 'Cart creation and update', NULL, 0),
(11, 'authentication', 'Successful customer authentication', NULL, 0),
(12, 'addproduct', 'Product creation', NULL, 0),
(13, 'updateproduct', 'Product Update', NULL, 0),
(14, 'top', 'Top of pages', 'A hook which allow you to do things a the top of each pages.', 1),
(15, 'extraRight', 'Extra actions on the product page (right column).', NULL, 0),
(16, 'deleteproduct', 'Product deletion', 'This hook is called when a product is deleted', 0),
(17, 'productfooter', 'Product footer', 'Add new blocks under the product description', 1),
(18, 'invoice', 'Invoice', 'Add blocks to invoice (order)', 1),
(19, 'updateOrderStatus', 'Order\'s status update event', 'Launch modules when the order\'s status of an order change.', 0),
(20, 'adminOrder', 'Display in Back-Office, tab AdminOrder', 'Launch modules when the tab AdminOrder is displayed on back-office.', 0),
(21, 'footer', 'Footer', 'Add block in footer', 1),
(22, 'PDFInvoice', 'PDF Invoice', 'Allow the display of extra informations into the PDF invoice', 0),
(23, 'adminCustomers', 'Display in Back-Office, tab AdminCustomers', 'Launch modules when the tab AdminCustomers is displayed on back-office.', 0),
(24, 'orderConfirmation', 'Order confirmation page', 'Called on order confirmation page', 0),
(25, 'createAccount', 'Successful customer create account', 'Called when new customer create account successfuled', 0),
(26, 'customerAccount', 'Customer account page display in front office', 'Display on page account of the customer', 1),
(27, 'orderSlip', 'Called when a order slip is created', 'Called when a quantity of one product change in an order.', 0),
(28, 'productTab', 'Tabs on product page', 'Called on order product page tabs', 0),
(29, 'productTabContent', 'Content of tabs on product page', 'Called on order product page tabs', 0),
(30, 'shoppingCart', 'Shopping cart footer', 'Display some specific informations on the shopping cart page', 0),
(31, 'createAccountForm', 'Customer account creation form', 'Display some information on the form to create a customer account', 1),
(32, 'AdminStatsModules', 'Stats - Modules', NULL, 1),
(33, 'GraphEngine', 'Graph Engines', NULL, 0),
(34, 'orderReturn', 'Product returned', NULL, 0),
(35, 'productActions', 'Product actions', 'Put new action buttons on product page', 1),
(36, 'backOfficeHome', 'Administration panel homepage', NULL, 1),
(37, 'GridEngine', 'Grid Engines', NULL, 0),
(38, 'watermark', 'Watermark', NULL, 0),
(39, 'cancelProduct', 'Product cancelled', 'This hook is called when you cancel a product in an order', 0),
(40, 'extraLeft', 'Extra actions on the product page (left column).', NULL, 0),
(41, 'productOutOfStock', 'Product out of stock', 'Make action while product is out of stock', 1),
(42, 'updateProductAttribute', 'Product attribute update', NULL, 0),
(43, 'extraCarrier', 'Extra carrier (module mode)', NULL, 0),
(44, 'shoppingCartExtra', 'Shopping cart extra button', 'Display some specific informations', 1),
(45, 'search', 'Search', NULL, 0),
(46, 'backBeforePayment', 'Redirect in order process', 'Redirect user to the module instead of displaying payment modules', 0),
(47, 'updateCarrier', 'Carrier Update', 'This hook is called when a carrier is updated', 0),
(48, 'postUpdateOrderStatus', 'Post update of order status', NULL, 0),
(49, 'myAccountBlock', 'My account block', 'Display extra informations inside the \"my account\" block', 1);

-- --------------------------------------------------------

--
-- Structure de la table `dds_hook_module`
--

CREATE TABLE `dds_hook_module` (
  `id_module` int(10) UNSIGNED NOT NULL,
  `id_hook` int(10) UNSIGNED NOT NULL,
  `position` tinyint(2) UNSIGNED NOT NULL
) ENGINE=MyISAM DEFAULT CHARSET=utf8;

--
-- Déchargement des données de la table `dds_hook_module`
--

INSERT INTO `dds_hook_module` (`id_module`, `id_hook`, `position`) VALUES
(61, 30, 1),
(57, 32, 20),
(66, 7, 6),
(8, 2, 1),
(77, 7, 3),
(89, 1, 3),
(9, 6, 1),
(16, 6, 2),
(8, 6, 3),
(69, 4, 1),
(15, 7, 1),
(71, 42, 1),
(10, 7, 2),
(56, 6, 5),
(89, 4, 2),
(12, 7, 4),
(71, 13, 1),
(17, 7, 5),
(5, 8, 1),
(68, 9, 1),
(64, 5, 1),
(64, 2, 2),
(18, 14, 1),
(68, 14, 5),
(22, 14, 2),
(8, 19, 1),
(23, 21, 1),
(25, 11, 1),
(25, 21, 2),
(26, 32, 1),
(27, 32, 2),
(28, 32, 3),
(30, 32, 4),
(31, 32, 5),
(32, 32, 6),
(33, 32, 7),
(34, 33, 1),
(35, 33, 2),
(36, 33, 3),
(37, 33, 4),
(38, 36, 1),
(39, 37, 1),
(40, 32, 8),
(41, 32, 9),
(42, 32, 10),
(43, 32, 11),
(42, 14, 3),
(43, 14, 4),
(44, 32, 12),
(45, 32, 13),
(46, 32, 15),
(47, 32, 14),
(48, 32, 16),
(49, 32, 17),
(50, 32, 18),
(51, 32, 19),
(51, 45, 1),
(25, 25, 1),
(41, 20, 1),
(78, 8, 2),
(63, 1, 1),
(71, 2, 3),
(71, 26, 2),
(71, 5, 2),
(69, 1, 2),
(71, 41, 1),
(59, 40, 1),
(61, 24, 1),
(61, 19, 2),
(61, 23, 1),
(61, 25, 2),
(61, 31, 1),
(61, 26, 1),
(61, 49, 1),
(71, 49, 2),
(72, 21, 3),
(72, 24, 2),
(24, 6, 4),
(85, 20, 2);

-- --------------------------------------------------------

--
-- Structure de la table `dds_hook_module_exceptions`
--

CREATE TABLE `dds_hook_module_exceptions` (
  `id_hook_module_exceptions` int(10) UNSIGNED NOT NULL,
  `id_module` int(10) UNSIGNED NOT NULL,
  `id_hook` int(10) UNSIGNED NOT NULL,
  `file_name` varchar(255) DEFAULT NULL
) ENGINE=MyISAM DEFAULT CHARSET=utf8;

-- --------------------------------------------------------

--
-- Structure de la table `dds_image`
--

CREATE TABLE `dds_image` (
  `id_image` int(10) UNSIGNED NOT NULL,
  `id_product` int(10) UNSIGNED NOT NULL,
  `position` tinyint(2) UNSIGNED NOT NULL DEFAULT '0',
  `cover` tinyint(1) UNSIGNED NOT NULL DEFAULT '0'
) ENGINE=MyISAM DEFAULT CHARSET=utf8;

--
-- Déchargement des données de la table `dds_image`
--

INSERT INTO `dds_image` (`id_image`, `id_product`, `position`, `cover`) VALUES
(383, 148, 2, 0),
(448, 133, 4, 0),
(447, 133, 3, 0),
(377, 173, 1, 1),
(445, 197, 1, 1),
(382, 147, 2, 0),
(376, 174, 1, 1),
(84, 41, 2, 0),
(83, 41, 1, 1),
(85, 42, 1, 1),
(86, 42, 2, 0),
(87, 42, 3, 0),
(88, 44, 1, 0),
(89, 44, 2, 1),
(133, 81, 1, 1),
(216, 112, 1, 0),
(429, 26, 1, 0),
(431, 26, 3, 1),
(134, 81, 2, 0),
(135, 81, 3, 0),
(425, 190, 1, 1),
(426, 191, 1, 1),
(141, 39, 1, 1),
(395, 109, 1, 1),
(146, 87, 1, 1),
(261, 141, 1, 1),
(424, 189, 1, 1),
(406, 156, 4, 1),
(405, 156, 3, 0),
(404, 156, 2, 0),
(403, 110, 3, 0),
(392, 184, 3, 0),
(401, 111, 2, 1),
(309, 129, 3, 0),
(304, 94, 1, 0),
(303, 89, 1, 1),
(169, 90, 1, 1),
(170, 90, 2, 0),
(241, 130, 1, 0),
(307, 129, 1, 1),
(330, 92, 2, 0),
(329, 92, 1, 1),
(353, 93, 2, 0),
(352, 93, 1, 1),
(308, 129, 2, 0),
(360, 171, 2, 0),
(179, 95, 1, 0),
(180, 95, 2, 1),
(408, 157, 2, 1),
(407, 112, 2, 1),
(359, 171, 1, 1),
(358, 170, 2, 0),
(357, 170, 1, 1),
(282, 158, 1, 0),
(281, 157, 1, 0),
(305, 128, 1, 1),
(287, 155, 1, 1),
(373, 172, 2, 0),
(402, 110, 2, 1),
(349, 133, 1, 1),
(242, 130, 2, 0),
(306, 131, 2, 0),
(243, 131, 1, 1),
(350, 133, 2, 0),
(244, 132, 1, 0),
(318, 134, 3, 0),
(284, 159, 1, 1),
(356, 151, 1, 1),
(263, 143, 1, 1),
(208, 109, 2, 0),
(363, 111, 1, 0),
(214, 110, 1, 0),
(393, 161, 3, 0),
(213, 109, 3, 0),
(217, 113, 1, 1),
(430, 26, 2, 0),
(446, 197, 2, 0),
(470, 125, 2, 0),
(423, 187, 1, 1),
(291, 161, 2, 0),
(290, 161, 1, 1),
(391, 184, 2, 0),
(317, 134, 2, 0),
(316, 134, 1, 1),
(320, 135, 2, 0),
(322, 136, 2, 0),
(321, 136, 1, 1),
(256, 138, 1, 1),
(355, 139, 2, 0),
(354, 139, 1, 1),
(390, 184, 1, 1),
(264, 144, 1, 1),
(280, 156, 1, 0),
(270, 147, 1, 1),
(386, 155, 2, 0),
(272, 148, 1, 1),
(273, 149, 1, 1),
(433, 189, 2, 0),
(302, 21, 1, 1),
(310, 129, 4, 0),
(311, 130, 3, 1),
(312, 130, 4, 0),
(313, 27, 1, 1),
(314, 132, 2, 1),
(432, 153, 1, 1),
(319, 135, 1, 1),
(323, 136, 3, 0),
(324, 137, 1, 1),
(428, 188, 1, 1),
(326, 137, 2, 0),
(327, 163, 1, 1),
(328, 163, 2, 0),
(372, 172, 1, 1),
(334, 165, 1, 1),
(335, 165, 2, 0),
(336, 165, 3, 0),
(337, 166, 1, 1),
(338, 166, 2, 0),
(339, 166, 3, 0),
(340, 167, 1, 1),
(341, 167, 2, 0),
(342, 167, 3, 0),
(435, 192, 2, 0),
(434, 192, 1, 1),
(409, 158, 2, 1),
(346, 169, 1, 1),
(347, 169, 2, 0),
(348, 169, 3, 0),
(351, 94, 2, 1),
(361, 171, 3, 0),
(362, 171, 4, 0),
(374, 172, 3, 0),
(375, 172, 4, 0),
(436, 193, 1, 1),
(437, 193, 2, 0),
(438, 153, 2, 0),
(439, 194, 1, 1),
(449, 199, 1, 1),
(441, 195, 1, 1),
(442, 196, 1, 1),
(452, 198, 1, 1),
(453, 199, 2, 0),
(454, 201, 1, 1),
(455, 201, 2, 0),
(456, 202, 1, 1),
(457, 203, 1, 1),
(458, 203, 2, 0),
(459, 204, 1, 1),
(460, 205, 1, 1),
(461, 206, 1, 0),
(462, 206, 2, 1),
(463, 207, 1, 0),
(464, 207, 2, 1),
(465, 208, 1, 1),
(466, 208, 2, 0),
(467, 209, 1, 1),
(468, 210, 1, 1),
(469, 125, 1, 1),
(471, 211, 1, 1),
(479, 213, 1, 1),
(473, 217, 1, 1),
(474, 214, 1, 1),
(478, 215, 1, 1),
(476, 216, 1, 1),
(477, 216, 2, 0),
(480, 213, 2, 0),
(481, 212, 1, 1),
(482, 218, 1, 1),
(483, 219, 1, 1),
(484, 197, 3, 0);

-- --------------------------------------------------------

--
-- Structure de la table `dds_image_lang`
--

CREATE TABLE `dds_image_lang` (
  `id_image` int(10) UNSIGNED NOT NULL,
  `id_lang` int(10) UNSIGNED NOT NULL,
  `legend` varchar(128) DEFAULT NULL
) ENGINE=MyISAM DEFAULT CHARSET=utf8;

--
-- Déchargement des données de la table `dds_image_lang`
--

INSERT INTO `dds_image_lang` (`id_image`, `id_lang`, `legend`) VALUES
(10, 2, 'housse-luxe-pour-ipod-video'),
(11, 2, 'housse'),
(12, 2, 'myglove-ipod-nano'),
(13, 2, 'myglove-ipod-nano'),
(14, 2, 'myglove-ipod-nano'),
(377, 2, 'Lucky-Nipples'),
(428, 2, 'Menottes \"Attache-Moi\"'),
(376, 2, 'Swan'),
(448, 2, 'Luiza Chemise'),
(445, 2, 'Brillant Jennifer'),
(446, 2, 'Brillant Jennifer'),
(83, 2, 'Ténéo Uno Fushia'),
(84, 2, 'Ténéo Uno Fushia'),
(85, 2, 'Ténéo Duo Violet'),
(86, 2, 'Ténéo Duo Violet'),
(87, 2, 'Ténéo Duo Violet'),
(88, 2, 'Love Lip\'s'),
(89, 2, 'Love Lip\'s'),
(133, 2, 'Sexy Bunny'),
(216, 2, 'Bougie de Massage \"Sensation\"'),
(431, 2, 'Luiza Teddy'),
(134, 2, 'Sexy Bunny'),
(135, 2, 'Sexy Bunny'),
(425, 2, 'Layaspot'),
(261, 2, 'Gyro Uni Horn'),
(141, 2, 'Nippies Stars Or'),
(395, 2, 'Les Mimis'),
(146, 2, 'Sensations'),
(424, 2, 'Patchy Paul'),
(392, 2, 'Secret Bullet \"Cry Baby !\"'),
(391, 2, 'Secret Bullet \"Cry Baby !\"'),
(383, 2, 'Little Paul'),
(382, 2, 'Tango BismartVibes'),
(304, 2, 'Amour Electrique'),
(303, 2, 'Inspiration Erotique'),
(169, 2, 'Mon Truc en Plume'),
(170, 2, 'Mon Truc en Plume'),
(307, 2, 'Cuorina Chemise'),
(330, 2, 'Magnolie-Corset'),
(329, 2, 'Magnolie-Corset'),
(353, 2, 'Brillant-Jennifer'),
(352, 2, 'Brillant-Jennifer'),
(179, 2, 'Calypso'),
(180, 2, 'Calypso'),
(358, 2, 'Sexotone'),
(357, 2, 'Sexotone'),
(280, 2, 'Za Za Zu'),
(356, 2, 'Obsydian Skirty Set'),
(243, 2, 'Lady Rommance'),
(242, 2, 'Cocordina Chemise'),
(305, 2, 'Lady Love'),
(241, 2, 'Cocordina Chemise'),
(281, 2, 'Les Pétales de Roses'),
(426, 2, 'Néo'),
(208, 2, 'Mini'),
(287, 2, 'Magic Rabbit 7'),
(214, 2, 'Shhh'),
(390, 2, 'Secret Bullet \"Cry Baby !\"'),
(213, 2, 'Mini'),
(363, 2, 'Le Plumeau \"Pom-Pom\"'),
(217, 2, 'Le Bliss Bliss'),
(447, 2, 'Luiza Chemise'),
(470, 2, 'L\'Infirmière'),
(244, 2, 'Luiza Set'),
(350, 2, 'Luiza-Chemise'),
(349, 2, 'Luiza-Chemise'),
(284, 2, 'Bouillotte Coeur'),
(317, 2, 'Cuorina Top & Shorts'),
(316, 2, 'Cuorina Top & Shorts'),
(320, 2, 'Loveme-Set'),
(322, 2, 'Mako'),
(321, 2, 'Mako'),
(256, 2, 'Cobra'),
(355, 2, 'Obsydian Dress'),
(354, 2, 'Obsydian Dress'),
(282, 2, 'Love Bath Tea'),
(263, 2, 'Share XL'),
(264, 2, 'Bootie'),
(270, 2, 'Tango BismartVibes'),
(386, 2, 'Magic Rabbit 7'),
(272, 2, 'Little Paul'),
(273, 2, 'Curve'),
(433, 2, 'Patchy Paul'),
(290, 2, 'Godebuster !'),
(291, 2, 'Godebuster !'),
(393, 2, 'Godebuster !'),
(302, 2, 'Julia'),
(306, 2, 'Lady Rommance'),
(308, 2, 'Cuorina Chemise'),
(309, 2, 'Cuorina Chemise'),
(310, 2, 'Cuorina Chemise'),
(311, 2, 'Cocordina Chemise'),
(312, 2, 'Cocordina-Chemise'),
(313, 2, 'Bas Alcove'),
(314, 2, 'Luiza-Set'),
(432, 2, 'Paris Duckie '),
(318, 2, 'Cuorina Top & Shorts'),
(319, 2, 'Loveme Set'),
(323, 2, 'Mako'),
(324, 2, 'Pearlight Set'),
(326, 2, 'Pearlight Set'),
(327, 2, 'LoveMe Skirty Set'),
(328, 2, 'LoveMe Skirty Set'),
(334, 2, 'LoveMe-String'),
(335, 2, 'LoveMe-String'),
(336, 2, 'LoveMe-String'),
(337, 2, 'Luiza-String'),
(338, 2, 'Luiza-String'),
(339, 2, 'Luiza-String'),
(340, 2, 'MyBijou-String'),
(341, 2, 'MyBijou-String'),
(342, 2, 'MyBijou-String'),
(346, 2, 'LoveMe-Chemise'),
(347, 2, 'LoveMe-Chemise'),
(348, 2, 'LoveMe-Chemise'),
(351, 2, 'Electra'),
(359, 2, 'Feraria Vest&Skirt'),
(360, 2, 'Feraria Vest et Skirt'),
(361, 2, 'Feraria Vest et Skirt'),
(362, 2, 'Feraria Vest et Skirt'),
(372, 2, 'Cuorina-Set'),
(373, 2, 'Cuorina-Set'),
(374, 2, 'Cuorina-Set'),
(375, 2, 'Cuorina-Set'),
(401, 2, 'Le Plumeau \"Pom-Pom\"'),
(402, 2, 'Bandeau Shhh...'),
(403, 2, 'Bandeau Shhh...'),
(404, 2, 'Za Za Zu'),
(405, 2, 'Za Za Zu'),
(406, 2, 'Za Za Zu'),
(407, 2, 'Bougie de Massage \"Sensation\"'),
(408, 2, 'Les Pétales de Roses'),
(409, 2, 'Love Bath Tea'),
(423, 2, 'Cuorina Set'),
(429, 2, 'Luiza Teddy'),
(430, 2, 'Luiza Teddy'),
(434, 2, 'Freestyle'),
(435, 2, 'Freestyle'),
(436, 2, 'Naughtibod'),
(437, 2, 'Naughtibod'),
(438, 2, 'Paris Duckie '),
(439, 2, 'Share XS'),
(449, 2, 'Oxalis'),
(441, 2, 'Body Chocolat'),
(442, 2, 'Corps à Coeur Erotique'),
(452, 2, 'Felisia'),
(453, 2, 'Oxalis white'),
(454, 2, 'AMORESA CORSET'),
(455, 2, 'AMORESA CORSET'),
(456, 2, 'Alcove top'),
(457, 2, 'Celebrity'),
(458, 2, 'Celebrity'),
(459, 2, 'Curacao'),
(460, 2, 'Magnolie chemise'),
(461, 2, 'Acanta'),
(462, 2, 'Acanta'),
(463, 2, 'Aya'),
(464, 2, 'Aya'),
(465, 2, 'Armena'),
(466, 2, 'Armena'),
(467, 2, 'Roxana'),
(468, 2, 'Coctail clubwear'),
(469, 2, 'L\'Infirmière'),
(471, 2, 'Bloom chemise'),
(478, 2, 'Cafelatte chemise'),
(473, 2, 'Alcove chemise'),
(474, 2, 'geisha'),
(476, 2, 'Flores'),
(477, 2, 'Flores'),
(479, 2, 'Bas showgirl'),
(480, 2, 'Bas showgirl'),
(481, 2, 'Top et shorty showgirl'),
(482, 2, 'Bas catwalk'),
(484, 2, 'Brillant Jennifer'),
(483, 2, 'Bas heartdrop');

-- --------------------------------------------------------

--
-- Structure de la table `dds_image_type`
--

CREATE TABLE `dds_image_type` (
  `id_image_type` int(10) UNSIGNED NOT NULL,
  `name` varchar(16) NOT NULL,
  `width` int(10) UNSIGNED NOT NULL,
  `height` int(10) UNSIGNED NOT NULL,
  `products` tinyint(1) NOT NULL DEFAULT '1',
  `categories` tinyint(1) NOT NULL DEFAULT '1',
  `manufacturers` tinyint(1) NOT NULL DEFAULT '1',
  `suppliers` tinyint(1) NOT NULL DEFAULT '1',
  `scenes` tinyint(1) NOT NULL DEFAULT '1'
) ENGINE=MyISAM DEFAULT CHARSET=utf8;

--
-- Déchargement des données de la table `dds_image_type`
--

INSERT INTO `dds_image_type` (`id_image_type`, `name`, `width`, `height`, `products`, `categories`, `manufacturers`, `suppliers`, `scenes`) VALUES
(1, 'small', 45, 45, 1, 1, 1, 1, 0),
(2, 'medium', 80, 80, 1, 1, 1, 1, 0),
(3, 'large', 300, 300, 1, 1, 1, 1, 0),
(4, 'thickbox', 600, 600, 1, 0, 0, 0, 0),
(5, 'category', 500, 150, 0, 1, 0, 0, 0),
(6, 'home', 129, 129, 1, 0, 0, 0, 0),
(7, 'large_scene', 556, 200, 0, 0, 0, 0, 1),
(8, 'thumb_scene', 161, 58, 0, 0, 0, 0, 1);

-- --------------------------------------------------------

--
-- Structure de la table `dds_lang`
--

CREATE TABLE `dds_lang` (
  `id_lang` int(10) UNSIGNED NOT NULL,
  `name` varchar(32) NOT NULL,
  `active` tinyint(3) UNSIGNED NOT NULL DEFAULT '0',
  `iso_code` char(2) NOT NULL
) ENGINE=MyISAM DEFAULT CHARSET=utf8;

--
-- Déchargement des données de la table `dds_lang`
--

INSERT INTO `dds_lang` (`id_lang`, `name`, `active`, `iso_code`) VALUES
(2, 'Français (French)', 1, 'fr');

-- --------------------------------------------------------

--
-- Structure de la table `dds_location_coords`
--

CREATE TABLE `dds_location_coords` (
  `id_location_coords` int(10) UNSIGNED NOT NULL,
  `x` int(4) NOT NULL,
  `y` int(4) NOT NULL,
  `id_country` int(10) UNSIGNED NOT NULL
) ENGINE=MyISAM DEFAULT CHARSET=utf8;

--
-- Déchargement des données de la table `dds_location_coords`
--

INSERT INTO `dds_location_coords` (`id_location_coords`, `x`, `y`, `id_country`) VALUES
(1, 285, 61, 1),
(2, 294, 68, 2),
(3, 276, 62, 3),
(4, 84, 45, 4),
(5, 470, 99, 5),
(6, 260, 85, 6),
(7, 310, 35, 7),
(35, 271, 69, 8),
(9, 308, 87, 9),
(10, 292, 80, 10),
(11, 531, 92, 11),
(12, 277, 63, 12),
(13, 278, 58, 13),
(14, 300, 59, 14),
(15, 251, 86, 15),
(16, 293, 63, 16),
(17, 265, 55, 17),
(18, 294, 40, 18),
(19, 281, 69, 19),
(20, 284, 51, 20),
(21, 71, 87, 21),
(22, 491, 123, 22),
(23, 283, 41, 23),
(24, 534, 228, 24),
(25, 475, 169, 25),
(26, 253, 58, 26),
(27, 590, 264, 27),
(28, 509, 93, 28),
(29, 334, 106, 29),
(30, 311, 239, 30),
(31, 282, 153, 31),
(32, 253, 156, 32),
(33, 267, 154, 33),
(34, 135, 210, 34);

-- --------------------------------------------------------

--
-- Structure de la table `dds_mailalert_customer_oos`
--

CREATE TABLE `dds_mailalert_customer_oos` (
  `id_customer` int(10) UNSIGNED NOT NULL,
  `customer_email` varchar(128) COLLATE utf8_unicode_ci NOT NULL,
  `id_product` int(10) UNSIGNED NOT NULL,
  `id_product_attribute` int(10) UNSIGNED NOT NULL
) ENGINE=InnoDB DEFAULT CHARSET=utf8 COLLATE=utf8_unicode_ci;

-- --------------------------------------------------------

--
-- Structure de la table `dds_manufacturer`
--

CREATE TABLE `dds_manufacturer` (
  `id_manufacturer` int(10) UNSIGNED NOT NULL,
  `name` varchar(64) NOT NULL,
  `date_add` datetime NOT NULL,
  `date_upd` datetime NOT NULL
) ENGINE=MyISAM DEFAULT CHARSET=utf8;

--
-- Déchargement des données de la table `dds_manufacturer`
--

INSERT INTO `dds_manufacturer` (`id_manufacturer`, `name`, `date_add`, `date_upd`) VALUES
(3, 'Obsessive', '2009-09-24 18:38:52', '2010-06-10 21:19:27'),
(5, 'Fun Factory', '2009-09-30 17:50:58', '2009-12-17 09:06:24'),
(6, 'Lelo', '2009-09-30 17:52:20', '2009-12-17 09:03:35'),
(18, 'wLoops', '2009-11-05 10:45:58', '2010-06-10 21:21:47'),
(21, 'wJe Joue', '2009-12-17 08:58:08', '2010-06-10 21:22:29'),
(17, 'Love To Love', '2009-11-05 10:24:11', '2009-12-17 09:07:27'),
(33, 'We Vibe', '2010-05-11 21:57:23', '2010-05-11 21:57:23'),
(16, 'wBristols6', '2009-11-05 09:44:33', '2010-06-10 21:20:53'),
(32, 'OhMiBod', '2010-05-11 21:56:37', '2010-05-11 21:56:37'),
(26, 'Tease & Please', '2010-01-04 17:36:48', '2010-01-04 17:36:48'),
(23, 'wJimmyJane', '2009-12-17 09:02:59', '2010-06-10 21:22:42'),
(24, 'Shiri Zinn', '2009-12-17 09:04:13', '2009-12-17 09:04:13'),
(25, 'Swarovski', '2009-12-17 09:13:03', '2009-12-17 09:13:03'),
(27, 'wI-Gen', '2010-01-04 17:38:03', '2010-06-10 21:22:10'),
(28, 'Bijoux Indiscrets', '2010-01-28 12:41:12', '2010-01-28 12:41:12'),
(31, 'Swede', '2010-03-18 14:24:22', '2010-03-18 14:24:22'),
(30, 'wBig Tease Toys', '2010-02-12 09:04:04', '2010-06-10 21:21:12');

-- --------------------------------------------------------

--
-- Structure de la table `dds_manufacturer_lang`
--

CREATE TABLE `dds_manufacturer_lang` (
  `id_manufacturer` int(10) UNSIGNED NOT NULL,
  `id_lang` int(10) UNSIGNED NOT NULL,
  `description` text,
  `short_description` varchar(254) DEFAULT NULL,
  `meta_title` varchar(254) DEFAULT NULL,
  `meta_keywords` varchar(254) DEFAULT NULL,
  `meta_description` varchar(254) DEFAULT NULL
) ENGINE=MyISAM DEFAULT CHARSET=utf8;

--
-- Déchargement des données de la table `dds_manufacturer_lang`
--

INSERT INTO `dds_manufacturer_lang` (`id_manufacturer`, `id_lang`, `description`, `short_description`, `meta_title`, `meta_keywords`, `meta_description`) VALUES
(3, 2, '', '', '', '', ''),
(33, 2, '', '', '', '', ''),
(5, 2, '', '', '', '', ''),
(6, 2, '', '', '', '', ''),
(26, 2, '', '', '', '', ''),
(18, 2, '', '', '', '', ''),
(21, 2, '', '', '', '', ''),
(17, 2, '', '', '', '', ''),
(32, 2, '', '', '', '', ''),
(16, 2, '', '', '', '', ''),
(23, 2, '', '', '', '', ''),
(24, 2, '', '', '', '', ''),
(25, 2, '', '', '', '', ''),
(27, 2, '', '', '', '', ''),
(28, 2, '', '', '', '', ''),
(31, 2, '', '', '', '', ''),
(30, 2, '', '', '', '', '');

-- --------------------------------------------------------

--
-- Structure de la table `dds_message`
--

CREATE TABLE `dds_message` (
  `id_message` int(10) UNSIGNED NOT NULL,
  `id_cart` int(10) UNSIGNED DEFAULT NULL,
  `id_customer` int(10) UNSIGNED NOT NULL,
  `id_employee` int(10) UNSIGNED DEFAULT NULL,
  `id_order` int(10) UNSIGNED NOT NULL,
  `message` text NOT NULL,
  `private` tinyint(1) UNSIGNED NOT NULL DEFAULT '1',
  `date_add` datetime NOT NULL
) ENGINE=MyISAM DEFAULT CHARSET=utf8;

--
-- Déchargement des données de la table `dds_message`
--

INSERT INTO `dds_message` (`id_message`, `id_cart`, `id_customer`, `id_employee`, `id_order`, `message`, `private`, `date_add`) VALUES
(1, 0, 0, 0, 2, 'Transaction ATOS', 1, '2010-02-25 22:47:35'),
(2, 130, 2, 0, 3, 'Essai', 0, '2010-02-26 12:24:26'),
(3, 0, 0, 0, 3, 'Transaction ATOS', 1, '2010-02-26 12:27:20'),
(4, 0, 0, 0, 8, 'Transaction ATOS', 1, '2010-05-02 20:55:56'),
(5, 0, 0, 0, 9, 'Transaction ATOS', 1, '2010-05-02 21:03:10'),
(6, 0, 0, 0, 10, 'Transaction ATOS', 1, '2010-05-02 21:07:31'),
(7, 0, 0, 0, 11, 'Transaction ATOS', 1, '2010-05-02 21:11:50'),
(8, 0, 0, 0, 12, 'Transaction ATOS', 1, '2010-05-02 21:46:19'),
(9, 0, 0, 0, 13, 'Transaction ATOS', 1, '2010-05-02 22:05:41'),
(10, 0, 0, 0, 14, 'Transaction ATOS', 1, '2010-05-06 10:15:12'),
(11, 0, 0, 0, 15, 'Transaction ATOS', 1, '2010-05-10 20:33:24'),
(12, 0, 0, 0, 16, 'Transaction ATOS ', 1, '2010-05-24 17:08:55'),
(13, 0, 0, 0, 19, 'Transaction ATOS', 1, '2010-07-05 14:47:17'),
(14, 0, 0, 0, 20, 'Transaction ATOS', 1, '2010-07-05 20:43:03'),
(15, 0, 0, 1, 19, 'Bonjour Mikael,\r\n\r\nNous venons d\'envoyer ta commande. Comme les frais de port pay&eacute;s &agrave; la poste &eacute;taient inf&eacute;rieurs aux 8 euros que tu as pay&eacute; sur le site, nous t\'avons fait un bon de r&eacute;duction dont le code est DESMET5EURO, et qui te permettra de b&eacute;n&eacute;ficier de 5 euros de remise sur ta prochaine commande (sans minimum d\'achat).\r\n\r\nBisous &agrave; tous les deux.\r\nKaty et Christophe', 0, '2010-07-06 11:00:24'),
(16, 0, 0, 0, 21, 'Transaction ATOS', 1, '2010-07-20 17:14:43'),
(17, 0, 0, 0, 22, 'Transaction ATOS', 1, '2010-07-29 22:51:06'),
(18, 0, 0, 0, 24, 'Transaction ATOS', 1, '2010-08-10 17:45:20'),
(19, 0, 0, 0, 26, 'Transaction ATOS', 1, '2010-08-11 17:41:37'),
(20, 339, 19, 0, 27, 'r&egrave;glement par ch&egrave;que ce jour', 0, '2010-12-11 18:08:33'),
(21, 0, 0, 0, 34, 'Transaction ATOS', 1, '2011-03-27 19:16:48'),
(22, 0, 0, 0, 36, 'Transaction ATOS', 1, '2011-04-19 18:35:54'),
(23, 0, 25, 0, 36, 'je me suis tromper dans la taille luiza set pourriez vous me l envoyer en s/m au lieu de l/xl.merci', 0, '2011-04-21 16:35:45'),
(24, 0, 0, 0, 37, 'Transaction ATOS', 1, '2011-05-01 23:21:53'),
(25, 0, 0, 0, 39, 'Transaction ATOS', 1, '2011-08-05 22:38:38'),
(26, 0, 0, 0, 40, 'Transaction ATOS', 1, '2011-08-26 10:46:33'),
(27, 0, 0, 0, 41, 'Transaction ATOS', 1, '2011-10-05 10:57:13'),
(28, 0, 0, 1, 41, 'Rebonjour Juliana,\r\n\r\nVotre colis vient d\'&ecirc;tre d&eacute;pos&eacute; &agrave; la Poste en Colissimo International (N&deg; CC 5435 7117 6FR). Vous pourrez consulter le suivi de votre colis sur http://www.laposte.fr/colissimo &agrave; partir de demain je pense. Il devrait normalement &ecirc;tre livr&eacute; sous 4 jours ouvr&eacute;s.\r\n\r\nMerci de nous indiquer &agrave; quelle date vous recevrez votre colis (Vous &ecirc;tre notre premi&egrave;re cliente livr&eacute;e en Belgique). \r\n\r\nNous esp&eacute;rons que votre commande vous donnera enti&egrave;rement satisfaction.\r\n\r\nTres cordialement.\r\nChristophe\r\n\r\n', 0, '2011-10-05 15:02:32'),
(29, 0, 0, 0, 42, 'Transaction ATOS', 1, '2012-03-04 10:51:28'),
(30, 4112, 45, 0, 44, ';-)', 0, '2012-11-26 23:56:29'),
(31, 0, 0, 0, 45, 'ID de la transaction PayPal :70Y94832GW577901B', 1, '2013-02-08 22:18:06'),
(32, 0, 0, 0, 46, 'ID de la transaction PayPal :6JJ86904RC877020M', 1, '2013-05-23 10:41:52'),
(33, 0, 0, 0, 47, 'ID de la transaction PayPal :2U324127BX4036902', 1, '2013-12-09 21:29:20'),
(34, 0, 0, 0, 49, 'ID de la transaction PayPal :2L124911TJ496893F', 1, '2016-01-04 15:29:39'),
(35, 0, 0, 0, 50, 'ID de la transaction PayPal :9UP516506Y5379948', 1, '2016-05-26 15:52:25');

-- --------------------------------------------------------

--
-- Structure de la table `dds_message_readed`
--

CREATE TABLE `dds_message_readed` (
  `id_message` int(10) UNSIGNED NOT NULL,
  `id_employee` int(10) UNSIGNED NOT NULL,
  `date_add` datetime NOT NULL
) ENGINE=MyISAM DEFAULT CHARSET=utf8;

--
-- Déchargement des données de la table `dds_message_readed`
--

INSERT INTO `dds_message_readed` (`id_message`, `id_employee`, `date_add`) VALUES
(23, 3, '2011-05-19 10:29:13');

-- --------------------------------------------------------

--
-- Structure de la table `dds_meta`
--

CREATE TABLE `dds_meta` (
  `id_meta` int(10) UNSIGNED NOT NULL,
  `page` varchar(64) NOT NULL
) ENGINE=MyISAM DEFAULT CHARSET=utf8;

--
-- Déchargement des données de la table `dds_meta`
--

INSERT INTO `dds_meta` (`id_meta`, `page`) VALUES
(1, '404'),
(2, 'best-sales'),
(3, 'contact-form'),
(4, 'index'),
(5, 'manufacturer'),
(6, 'new-products'),
(7, 'password'),
(8, 'prices-drop'),
(9, 'sitemap'),
(10, 'supplier');

-- --------------------------------------------------------

--
-- Structure de la table `dds_meta_lang`
--

CREATE TABLE `dds_meta_lang` (
  `id_meta` int(10) UNSIGNED NOT NULL,
  `id_lang` int(10) UNSIGNED NOT NULL,
  `title` varchar(255) DEFAULT NULL,
  `description` varchar(255) DEFAULT NULL,
  `keywords` varchar(255) DEFAULT NULL
) ENGINE=MyISAM DEFAULT CHARSET=utf8;

--
-- Déchargement des données de la table `dds_meta_lang`
--

INSERT INTO `dds_meta_lang` (`id_meta`, `id_lang`, `title`, `description`, `keywords`) VALUES
(1, 2, 'Erreur 404', 'Cette page est introuvable', 'erreur, 404, introuvable'),
(2, 2, 'Meilleures ventes', 'Liste de nos produits les mieux vendus', 'meilleures ventes'),
(3, 2, 'Contactez-nous', 'Utilisez notre formulaire pour nous contacter', 'contact, formulaire, e-mail'),
(4, 2, 'Délices des sens - lingerie et articles de charme', 'Délices des sens - lingerie et articles de charme', 'Délices des sens, delices des sens, délice, délices, delices, delice, sens, chic, gode, vibro, vibromasseur, lingerie, sexy, glamour, obsessive, rabbit, we vibe, sextoy, bas, guepière, nuisette, babydoll, plaisir'),
(5, 2, 'Fabricants', 'Liste de nos fabricants', 'fabricants'),
(6, 2, 'Nouveaux produits', 'Liste de nos nouveaux produits', 'nouveau, produit'),
(7, 2, 'Mot de passe oublié', 'Renseignez votre adresse e-mail afin de recevoir votre nouveau mot de passe.', 'mot de passe, oublié, e-mail, nouveau, regénération'),
(8, 2, 'Promotions', 'Nos produits en promotion', 'promotion, réduction'),
(9, 2, 'Plan du site', 'Perdu ? Trouvez ce que vous cherchez', 'plan, site'),
(10, 2, 'Fournisseurs', 'Liste de nos fournisseurs', 'fournisseurs');

-- --------------------------------------------------------

--
-- Structure de la table `dds_module`
--

CREATE TABLE `dds_module` (
  `id_module` int(10) UNSIGNED NOT NULL,
  `name` varchar(64) NOT NULL,
  `active` tinyint(1) UNSIGNED NOT NULL DEFAULT '0'
) ENGINE=MyISAM DEFAULT CHARSET=utf8;

--
-- Déchargement des données de la table `dds_module`
--

INSERT INTO `dds_module` (`id_module`, `name`, `active`) VALUES
(1, 'homefeatured', 1),
(2, 'gsitemap', 1),
(61, 'referralprogram', 1),
(5, 'editorial', 1),
(57, 'statsgeolocation', 1),
(69, 'cheque', 1),
(8, 'blockbestsellers', 1),
(9, 'blockcart', 1),
(10, 'blockcategories', 1),
(56, 'blocknewsletter', 1),
(12, 'blockinfos', 1),
(64, 'tm4b', 1),
(15, 'blockmyaccount', 1),
(16, 'blocknewproducts', 1),
(17, 'blockpaymentlogo', 1),
(18, 'blockpermanentlinks', 1),
(68, 'blocksearch', 1),
(63, 'atos', 0),
(71, 'mailalerts', 1),
(22, 'blockuserinfo', 1),
(23, 'blockvariouslinks', 1),
(24, 'blockviewed', 1),
(25, 'statsdata', 1),
(26, 'statsvisits', 1),
(27, 'statssales', 1),
(28, 'statsregistrations', 1),
(30, 'statspersonalinfos', 1),
(31, 'statslive', 1),
(32, 'statsequipment', 1),
(33, 'statscatalog', 1),
(34, 'graphvisifire', 1),
(35, 'graphxmlswfcharts', 1),
(36, 'graphgooglechart', 1),
(37, 'graphartichow', 1),
(38, 'statshome', 1),
(39, 'gridextjs', 1),
(40, 'statsbestcustomers', 1),
(41, 'statsorigin', 1),
(42, 'pagesnotfound', 1),
(43, 'sekeywords', 1),
(44, 'statsproduct', 1),
(45, 'statsbestproducts', 1),
(46, 'statsbestcategories', 1),
(47, 'statsbestvouchers', 1),
(48, 'statsbestsuppliers', 1),
(49, 'statscarrier', 1),
(50, 'statsnewsletter', 1),
(51, 'statssearch', 1),
(59, 'sendtoafriend', 1),
(66, 'blocklink', 1),
(77, 'blockadvertising', 1),
(72, 'ganalytics', 1),
(78, 'homefeaturedcarousel', 1),
(85, 'changeorder', 1),
(89, 'paypal', 1),
(84, 'modifyorder', 1),
(86, 'massupdate', 1),
(87, 'inventory', 1),
(88, 'newsletter', 1);

-- --------------------------------------------------------

--
-- Structure de la table `dds_module_country`
--

CREATE TABLE `dds_module_country` (
  `id_module` int(10) UNSIGNED NOT NULL,
  `id_country` int(10) UNSIGNED NOT NULL
) ENGINE=MyISAM DEFAULT CHARSET=utf8;

--
-- Déchargement des données de la table `dds_module_country`
--

INSERT INTO `dds_module_country` (`id_module`, `id_country`) VALUES
(63, 1),
(63, 2),
(63, 3),
(63, 4),
(63, 5),
(63, 6),
(63, 7),
(63, 8),
(63, 9),
(63, 10),
(63, 11),
(63, 12),
(63, 13),
(63, 14),
(63, 15),
(63, 16),
(63, 17),
(63, 18),
(63, 19),
(63, 20),
(63, 21),
(63, 22),
(63, 23),
(63, 24),
(63, 25),
(63, 26),
(63, 27),
(63, 28),
(63, 29),
(63, 30),
(63, 31),
(63, 32),
(63, 33),
(63, 34),
(63, 35),
(63, 36),
(63, 37),
(63, 38),
(63, 39),
(63, 40),
(63, 41),
(63, 42),
(63, 43),
(63, 44),
(63, 45),
(63, 46),
(63, 47),
(63, 48),
(63, 49),
(63, 50),
(63, 51),
(63, 52),
(63, 53),
(63, 54),
(63, 55),
(63, 56),
(63, 57),
(63, 58),
(63, 59),
(63, 60),
(63, 61),
(63, 62),
(63, 63),
(63, 64),
(63, 65),
(63, 66),
(63, 67),
(63, 68),
(63, 69),
(63, 70),
(63, 71),
(63, 72),
(63, 73),
(63, 74),
(63, 75),
(63, 76),
(63, 77),
(63, 78),
(63, 79),
(63, 80),
(63, 81),
(63, 82),
(63, 83),
(63, 84),
(63, 85),
(63, 86),
(63, 87),
(63, 88),
(63, 89),
(63, 90),
(63, 91),
(63, 92),
(63, 93),
(63, 94),
(63, 95),
(63, 96),
(63, 97),
(63, 98),
(63, 99),
(63, 100),
(63, 101),
(63, 102),
(63, 103),
(63, 104),
(63, 105),
(63, 106),
(63, 107),
(63, 108),
(63, 109),
(63, 110),
(63, 111),
(63, 112),
(63, 113),
(63, 114),
(63, 115),
(63, 116),
(63, 117),
(63, 118),
(63, 119),
(63, 120),
(63, 121),
(63, 122),
(63, 123),
(63, 124),
(63, 125),
(63, 126),
(63, 127),
(63, 128),
(63, 129),
(63, 130),
(63, 131),
(63, 132),
(63, 133),
(63, 134),
(63, 135),
(63, 136),
(63, 137),
(63, 138),
(63, 139),
(63, 140),
(63, 141),
(63, 142),
(63, 143),
(63, 144),
(63, 145),
(63, 146),
(63, 147),
(63, 148),
(63, 149),
(63, 150),
(63, 151),
(63, 152),
(63, 153),
(63, 154),
(63, 155),
(63, 156),
(63, 157),
(63, 158),
(63, 159),
(63, 160),
(63, 161),
(63, 162),
(63, 163),
(63, 164),
(63, 165),
(63, 166),
(63, 167),
(63, 168),
(63, 169),
(63, 170),
(63, 171),
(63, 172),
(63, 173),
(63, 174),
(63, 175),
(63, 176),
(63, 177),
(63, 178),
(63, 179),
(63, 180),
(63, 181),
(63, 182),
(63, 183),
(63, 184),
(63, 185),
(63, 186),
(63, 187),
(63, 188),
(63, 189),
(63, 190),
(63, 191),
(63, 192),
(63, 193),
(63, 194),
(63, 195),
(63, 196),
(63, 197),
(63, 198),
(63, 199),
(63, 200),
(63, 201),
(63, 202),
(63, 203),
(63, 204),
(63, 205),
(63, 206),
(63, 207),
(63, 208),
(63, 209),
(63, 210),
(63, 211),
(63, 212),
(63, 213),
(63, 214),
(63, 215),
(63, 216),
(63, 217),
(63, 218),
(63, 219),
(63, 220),
(63, 221),
(63, 222),
(63, 223),
(63, 224),
(63, 225),
(63, 226),
(63, 227),
(63, 228),
(63, 229),
(63, 230),
(63, 231),
(63, 232),
(63, 233),
(63, 234),
(63, 235),
(63, 236),
(63, 237),
(63, 238),
(63, 239),
(63, 240),
(63, 241),
(63, 242),
(63, 243),
(63, 244),
(69, 8),
(89, 3),
(89, 8),
(89, 51),
(89, 52),
(89, 53),
(89, 54),
(89, 55),
(89, 56),
(89, 57),
(89, 58),
(89, 59),
(89, 60),
(89, 61),
(89, 62),
(89, 63),
(89, 64),
(89, 65),
(89, 66),
(89, 67),
(89, 68),
(89, 69),
(89, 70),
(89, 71),
(89, 72),
(89, 73),
(89, 74),
(89, 75),
(89, 76),
(89, 77),
(89, 78),
(89, 79),
(89, 80),
(89, 81),
(89, 82),
(89, 83),
(89, 84),
(89, 85),
(89, 86),
(89, 87),
(89, 88),
(89, 89),
(89, 90),
(89, 91),
(89, 92),
(89, 93),
(89, 94),
(89, 95),
(89, 96),
(89, 97),
(89, 98),
(89, 99),
(89, 100),
(89, 101),
(89, 102),
(89, 103),
(89, 104),
(89, 105),
(89, 106),
(89, 107),
(89, 108),
(89, 109),
(89, 110),
(89, 111),
(89, 112),
(89, 113),
(89, 114),
(89, 115),
(89, 116),
(89, 117),
(89, 118),
(89, 119),
(89, 120),
(89, 121),
(89, 122),
(89, 123),
(89, 124),
(89, 125),
(89, 126),
(89, 127),
(89, 128),
(89, 129),
(89, 130),
(89, 131),
(89, 132),
(89, 133),
(89, 134),
(89, 135),
(89, 136),
(89, 137),
(89, 138),
(89, 139),
(89, 140),
(89, 141),
(89, 142),
(89, 143),
(89, 144),
(89, 145),
(89, 146),
(89, 147),
(89, 148),
(89, 149),
(89, 150),
(89, 151),
(89, 152),
(89, 153),
(89, 154),
(89, 155),
(89, 156),
(89, 157),
(89, 158),
(89, 159),
(89, 160),
(89, 161),
(89, 162),
(89, 163),
(89, 164),
(89, 165),
(89, 166),
(89, 167),
(89, 168),
(89, 169),
(89, 170),
(89, 171),
(89, 172),
(89, 173),
(89, 174),
(89, 175),
(89, 176),
(89, 177),
(89, 178),
(89, 179),
(89, 180),
(89, 181),
(89, 182),
(89, 183),
(89, 184),
(89, 185),
(89, 186),
(89, 187),
(89, 188),
(89, 189),
(89, 190),
(89, 191),
(89, 192),
(89, 193),
(89, 194),
(89, 195),
(89, 196),
(89, 197),
(89, 198),
(89, 199),
(89, 200),
(89, 201),
(89, 202),
(89, 203),
(89, 204),
(89, 205),
(89, 206),
(89, 207),
(89, 208),
(89, 209),
(89, 210),
(89, 211),
(89, 212),
(89, 213),
(89, 214),
(89, 215),
(89, 216),
(89, 217),
(89, 218),
(89, 219),
(89, 220),
(89, 221),
(89, 222),
(89, 223),
(89, 224),
(89, 225),
(89, 226),
(89, 227),
(89, 228),
(89, 229),
(89, 230),
(89, 231),
(89, 232),
(89, 233),
(89, 234),
(89, 235),
(89, 236),
(89, 237),
(89, 238),
(89, 239),
(89, 240),
(89, 241),
(89, 242),
(89, 243),
(89, 244);

-- --------------------------------------------------------

--
-- Structure de la table `dds_module_currency`
--

CREATE TABLE `dds_module_currency` (
  `id_module` int(10) UNSIGNED NOT NULL,
  `id_currency` int(11) NOT NULL
) ENGINE=MyISAM DEFAULT CHARSET=utf8;

--
-- Déchargement des données de la table `dds_module_currency`
--

INSERT INTO `dds_module_currency` (`id_module`, `id_currency`) VALUES
(63, 1),
(69, 1),
(89, -2);

-- --------------------------------------------------------

--
-- Structure de la table `dds_module_group`
--

CREATE TABLE `dds_module_group` (
  `id_module` int(10) UNSIGNED NOT NULL,
  `id_group` int(11) NOT NULL
) ENGINE=MyISAM DEFAULT CHARSET=utf8;

--
-- Déchargement des données de la table `dds_module_group`
--

INSERT INTO `dds_module_group` (`id_module`, `id_group`) VALUES
(63, 1),
(69, 1),
(89, 1);

-- --------------------------------------------------------

--
-- Structure de la table `dds_newsletter`
--

CREATE TABLE `dds_newsletter` (
  `id` int(6) NOT NULL,
  `email` varchar(255) NOT NULL,
  `newsletter_date_add` datetime DEFAULT NULL,
  `ip_registration_newsletter` varchar(15) NOT NULL,
  `http_referer` varchar(255) DEFAULT NULL
) ENGINE=MyISAM DEFAULT CHARSET=utf8;

--
-- Déchargement des données de la table `dds_newsletter`
--

INSERT INTO `dds_newsletter` (`id`, `email`, `newsletter_date_add`, `ip_registration_newsletter`, `http_referer`) VALUES
(1, 'sig-kat@orange.fr', '2009-10-13 23:29:05', '81.250.184.39', ''),
(2, 'christophe.delesalle@wanaplay.com', '2009-11-27 14:08:35', '90.32.83.197', ''),
(3, 'andced@orange.fr', '2010-05-11 12:22:27', '79.85.28.167', ''),
(4, 'k.22@live.fr', '2011-06-01 15:34:47', '2.10.181.107', 'http://www.bing.com/search?q=delices-des-sens.com&mkt=fr-fr&FORM=TOOLBR&DI=2883&CE=14.0&CM=SearchWeb'),
(5, 'Jrgnengel@aol.com', '2011-06-19 05:27:07', '79.253.51.116', 'http://www.google.de/m/search?oe=UTF-8&client=safari&q=ceramique+dildo+newsletter&hl=de&start=30&sa=N'),
(6, 'motoguzzi403@orange.fr', '2012-03-22 10:56:07', '81.53.62.101', 'http://www.sexenbretagne.com/v2/les_liens.php'),
(7, 'fatma.najjar@ibex-industries.net', '2012-07-24 00:24:55', '197.1.83.29', 'http://www.facebook.com/l.php?u=http%3A%2F%2Fwww.delices-des-sens.com%2Fbabydolls%2F21-julia.html&h=IAQGZrSOD'),
(8, 'thomas.shire@gmail.com', '2012-11-07 14:23:11', '178.43.118.49', NULL),
(9, 'ericgenestier@Hotmail.fr', '2013-03-30 00:09:23', '80.215.0.153', NULL),
(10, 'ericgenestier@Hotmail.fr', '2013-03-30 00:09:23', '80.215.0.153', NULL),
(11, 'liam.ennoba@gmx.fr', '2016-09-23 11:03:03', '217.160.62.44', 'https://www.google.fr'),
(12, 'chayes77591@floopa.com', '2016-11-20 04:31:26', '138.201.200.100', ''),
(13, '555kimjo777@gmail.com', '2018-04-02 14:21:44', '77.247.181.162', NULL),
(14, '56ef7d9daf058ff95b0c2c36a57b7651@inboxer.net', '2018-04-03 17:35:49', '194.88.105.88', NULL),
(15, 'sandnegger@t-online.de', '2018-04-08 20:35:54', '217.23.9.129', NULL),
(16, 'tstockglausner@aol.com', '2018-06-05 13:34:53', '91.219.238.201', ''),
(17, 'itsjustcrzyme@yahoo.com', '2018-06-06 01:19:31', '31.171.155.131', ''),
(18, 'niskymom4@aol.com', '2018-06-06 15:57:06', '51.38.203.136', ''),
(19, 'alichap04@aol.com', '2018-06-07 01:23:54', '72.52.77.103', ''),
(20, 'bburc24315@aol.com', '2018-06-07 04:55:31', '216.218.222.14', ''),
(21, 'michaelbedford24@gmail.com', '2018-06-07 08:51:22', '93.115.95.205', ''),
(22, 'bmark12@aol.com', '2018-06-07 21:00:07', '51.15.63.43', ''),
(23, 'jedwardalt@aol.com', '2018-06-07 23:25:57', '185.34.33.2', ''),
(24, 'davelawrence5555@gmail.com', '2018-06-08 01:27:43', '95.130.10.69', ''),
(25, 'distrobel@aol.com', '2018-06-08 02:56:09', '185.220.101.6', ''),
(26, 'rhinobrettfan@aim.com', '2018-06-08 15:14:55', '62.210.13.58', ''),
(27, 'lzangel18@gmail.com', '2018-06-08 17:41:12', '197.231.221.211', ''),
(28, 'simonsarraf18@aol.com', '2018-06-08 23:30:37', '163.172.223.200', ''),
(29, 'brnhdnrs@aol.com', '2018-06-09 01:10:04', '192.42.116.17', ''),
(30, 'llagunov4@gmail.com', '2018-06-09 21:36:51', '185.100.87.206', ''),
(31, 'azalis@aol.com', '2018-06-10 01:20:11', '87.118.115.176', ''),
(32, 'helenalbic1@aol.com', '2018-06-10 01:55:38', '94.140.116.57', ''),
(33, 'sdavis@beequipment.com', '2018-06-10 02:29:20', '51.15.86.162', ''),
(34, 'kmcdaniels@luckcompanies.com', '2018-06-10 02:39:22', '77.247.181.162', ''),
(35, 'cygnet84@aol.com', '2018-06-10 09:49:09', '162.247.72.27', ''),
(36, 'eileenbreindel@aol.com', '2018-06-10 19:08:46', '87.118.122.50', ''),
(37, 'mrswilliams083@aol.com', '2018-06-10 20:31:49', '185.112.146.102', ''),
(38, 'ppohle@gmail.com', '2018-06-11 01:24:51', '84.209.48.106', ''),
(39, 'kimincr@shaw.ca', '2018-06-11 20:42:14', '163.172.132.199', ''),
(40, 'skalalau5@aol.com', '2018-06-12 16:13:29', '171.25.193.20', ''),
(41, 'yukiminakawa@gmail.com', '2018-06-13 00:18:38', '176.10.99.200', ''),
(42, 'thomaswaidelich@web.de', '2018-06-13 16:15:07', '185.220.101.8', ''),
(43, 'dick-jarvis@cox.net', '2018-06-14 20:31:14', '94.130.182.104', ''),
(44, 'day.eric.w@gmail.com', '2018-06-14 22:17:08', '77.247.181.165', ''),
(45, 'trace2827@aol.com', '2018-06-15 19:10:11', '85.248.227.165', ''),
(46, 'nroth16@yahoo.com', '2018-06-15 21:03:16', '192.42.116.16', ''),
(47, 'brett@omegacastings.com', '2018-06-15 23:40:00', '51.15.88.249', ''),
(48, 'mjkracht@yahoo.com', '2018-06-15 23:51:26', '94.230.208.148', ''),
(49, 'mycarlos19@yahoo.com', '2018-06-16 00:03:59', '65.19.167.131', ''),
(50, '21293009@adp.com', '2018-06-16 00:11:53', '185.83.215.28', ''),
(51, 'service@lawofficeamg.com', '2018-06-16 03:28:31', '46.166.139.35', ''),
(52, 'flytherockies@aol.com', '2018-06-17 00:26:42', '5.79.86.15', ''),
(53, 'bobmalicia@gmail.com', '2018-06-17 04:28:17', '94.230.208.148', ''),
(54, 'kumargel@yahoo.com', '2018-06-17 17:22:44', '144.217.164.43', ''),
(55, 'marana@sandlerbros.com', '2018-06-18 02:46:58', '163.172.174.24', ''),
(56, 'kathynb@aol.com', '2018-06-18 11:32:06', '178.17.174.14', ''),
(57, 'veeramachaneni_divya@yahoo.com', '2018-06-18 22:00:46', '192.160.102.170', ''),
(58, 'cristy1228@aol.com', '2018-06-18 22:40:15', '72.52.77.99', ''),
(59, 'kiplingace@aol.com', '2018-06-19 00:36:58', '197.231.221.211', ''),
(60, 'cantu.jay@gmail.com', '2018-06-19 03:26:13', '185.107.70.202', ''),
(61, 'chrisnycum@aol.com', '2018-06-19 04:41:22', '178.17.171.114', ''),
(62, 'barkndog@aol.com', '2018-06-19 05:56:27', '197.231.221.211', ''),
(63, 'christopherbrady22@gmail.com', '2018-06-19 17:23:56', '142.44.154.169', ''),
(64, 'scs2630@gmail.com', '2018-06-19 18:31:23', '94.102.51.78', ''),
(65, 'bipan1130@yahoo.com', '2018-06-19 22:27:58', '51.15.205.214', ''),
(66, 'slamppin@comcast.net', '2018-06-19 22:34:05', '185.220.101.20', ''),
(67, 'ckaren426@aol.com', '2018-06-19 23:54:40', '185.220.101.3', ''),
(68, 'peggyhull55@aol.com', '2018-06-20 12:18:16', '72.52.77.99', ''),
(69, 'rluna1219@aol.com', '2018-06-20 19:54:28', '71.19.144.106', ''),
(70, 'oakeith@aol.com', '2018-06-20 23:41:40', '51.15.205.214', ''),
(71, 'norskmedia@aol.com', '2018-06-21 00:19:36', '195.176.3.24', ''),
(72, 'aggreyjunior27@gmail.com', '2018-06-22 09:02:21', '46.165.230.5', ''),
(73, 'lindasimmonsins@aol.com', '2018-06-22 12:38:59', '204.85.191.30', ''),
(74, 'evonpingel@yahoo.com', '2018-06-22 13:42:47', '185.83.215.28', ''),
(75, 'russell.leb@gmail.com', '2018-06-22 15:52:47', '91.219.236.171', ''),
(76, 'relvisaw@gmail.com', '2018-06-22 21:40:29', '51.15.231.97', ''),
(77, 'itscarolengeoff@aol.com', '2018-06-23 01:08:58', '5.196.1.129', ''),
(78, 'ubaset@yahoo.com', '2018-06-23 02:01:44', '197.231.221.211', ''),
(79, 'pleonard67@aol.com', '2018-06-23 10:11:47', '62.210.105.116', ''),
(80, 'jewell_rules@yahoo.com', '2018-06-23 17:24:50', '185.220.100.252', ''),
(81, 'mmumme@gmail.com', '2018-06-23 17:38:22', '192.42.116.28', ''),
(82, 'seconer01@yahoo.com', '2018-06-24 07:31:06', '77.247.181.162', ''),
(83, 'greenleafindustries@gmail.com', '2018-06-24 09:50:41', '185.165.168.229', ''),
(84, 'parkesra@aol.com', '2018-06-24 10:14:26', '176.10.99.200', ''),
(85, 'glenngalant@yahoo.com', '2018-06-25 03:15:55', '171.25.193.78', ''),
(86, 'dmcgo74485@aol.com', '2018-06-25 16:25:48', '178.17.174.227', ''),
(87, 'lchailland@aol.com', '2018-06-25 20:55:12', '91.203.145.9', ''),
(88, 'mlelia@aol.com', '2018-06-25 21:24:56', '77.247.181.162', ''),
(89, 'adrienne2814@aol.com', '2018-06-25 23:00:35', '37.233.102.65', ''),
(90, 'uncmom1020@yahoo.com', '2018-06-25 23:34:45', '84.19.180.139', ''),
(91, 'mdabbott89@aol.com', '2018-06-26 00:16:47', '80.82.70.116', ''),
(92, 'ind.manny@gmail.com', '2018-06-26 02:06:12', '185.220.101.1', ''),
(93, 'mcmannjack@aol.com', '2018-06-26 20:22:36', '185.220.101.15', ''),
(94, 'hmjohnson16747@aol.com', '2018-06-27 10:42:04', '185.234.217.143', ''),
(95, 'annette.waggoner@yahoo.com', '2018-06-27 21:12:40', '185.29.8.136', ''),
(96, 'whitney71862@yahoo.com', '2018-06-28 06:44:55', '185.107.94.233', ''),
(97, 'ejcannon@aol.com', '2018-06-28 10:48:31', '66.70.217.179', ''),
(98, 'bostr5@aol.com', '2018-06-28 15:52:24', '94.230.208.148', ''),
(99, 'patrick.gauzer@gmail.com', '2018-06-29 17:50:20', '77.247.181.162', ''),
(100, 'nnsauter@aol.com', '2018-06-29 23:01:56', '176.10.99.200', ''),
(101, 'lillyconzuelo@gmail.com', '2018-06-30 00:35:43', '91.219.239.114', ''),
(102, 'sthorley@aol.com', '2018-06-30 03:56:23', '77.247.181.162', ''),
(103, 'ma@sandlerbros.com', '2018-07-01 00:22:56', '51.255.202.66', ''),
(104, 'ronaldl2005@aol.com', '2018-07-01 07:54:39', '185.62.57.229', ''),
(105, 'ovletrea@aol.com', '2018-07-01 23:34:15', '37.233.103.114', '');

-- --------------------------------------------------------

--
-- Structure de la table `dds_operating_system`
--

CREATE TABLE `dds_operating_system` (
  `id_operating_system` int(10) UNSIGNED NOT NULL,
  `name` varchar(64) DEFAULT NULL
) ENGINE=MyISAM DEFAULT CHARSET=utf8;

--
-- Déchargement des données de la table `dds_operating_system`
--

INSERT INTO `dds_operating_system` (`id_operating_system`, `name`) VALUES
(1, 'Windows XP'),
(2, 'Windows Vista'),
(3, 'MacOsX'),
(4, 'Linux');

-- --------------------------------------------------------

--
-- Structure de la table `dds_orders`
--

CREATE TABLE `dds_orders` (
  `id_order` int(10) UNSIGNED NOT NULL,
  `id_carrier` int(10) UNSIGNED NOT NULL,
  `id_lang` int(10) UNSIGNED NOT NULL,
  `id_customer` int(10) UNSIGNED NOT NULL,
  `id_cart` int(10) UNSIGNED NOT NULL,
  `id_currency` int(10) UNSIGNED NOT NULL,
  `id_address_delivery` int(10) UNSIGNED NOT NULL,
  `id_address_invoice` int(10) UNSIGNED NOT NULL,
  `secure_key` varchar(32) NOT NULL DEFAULT '-1',
  `payment` varchar(255) NOT NULL,
  `module` varchar(255) DEFAULT NULL,
  `recyclable` tinyint(1) UNSIGNED NOT NULL DEFAULT '0',
  `gift` tinyint(1) UNSIGNED NOT NULL DEFAULT '0',
  `gift_message` text,
  `shipping_number` varchar(32) DEFAULT NULL,
  `total_discounts` decimal(10,2) NOT NULL DEFAULT '0.00',
  `total_paid` decimal(10,2) NOT NULL DEFAULT '0.00',
  `total_paid_real` decimal(10,2) NOT NULL DEFAULT '0.00',
  `total_products` decimal(10,2) NOT NULL DEFAULT '0.00',
  `total_shipping` decimal(10,2) NOT NULL DEFAULT '0.00',
  `total_wrapping` decimal(10,2) NOT NULL DEFAULT '0.00',
  `invoice_number` int(10) UNSIGNED NOT NULL DEFAULT '0',
  `delivery_number` int(10) UNSIGNED NOT NULL DEFAULT '0',
  `invoice_date` datetime NOT NULL,
  `delivery_date` datetime NOT NULL,
  `valid` int(1) UNSIGNED NOT NULL DEFAULT '0',
  `date_add` datetime NOT NULL,
  `date_upd` datetime NOT NULL
) ENGINE=MyISAM DEFAULT CHARSET=utf8;

--
-- Déchargement des données de la table `dds_orders`
--

INSERT INTO `dds_orders` (`id_order`, `id_carrier`, `id_lang`, `id_customer`, `id_cart`, `id_currency`, `id_address_delivery`, `id_address_invoice`, `secure_key`, `payment`, `module`, `recyclable`, `gift`, `gift_message`, `shipping_number`, `total_discounts`, `total_paid`, `total_paid_real`, `total_products`, `total_shipping`, `total_wrapping`, `invoice_number`, `delivery_number`, `invoice_date`, `delivery_date`, `valid`, `date_add`, `date_upd`) VALUES
(1, 2, 2, 1, 1, 1, 2, 2, '47ce86627c1f3c792a80773c5d2deaf8', 'Chèque', 'cheque', 1, 0, '', '', 0.00, 156.98, 156.98, 124.58, 7.98, 0.00, 1, 0, '2008-09-10 15:30:44', '0000-00-00 00:00:00', 0, '2009-09-17 22:45:13', '2009-11-26 17:27:41'),
(2, 2, 2, 3, 8, 1, 4, 4, '49ab41743dac046246046d19608a6167', 'ATOS', 'atos', 0, 0, '', '', 0.00, 22.98, 22.98, 12.54, 7.98, 0.00, 2, 0, '2010-02-25 22:47:35', '0000-00-00 00:00:00', 0, '2010-02-25 22:47:35', '2010-02-25 22:48:16'),
(3, 2, 2, 2, 130, 1, 3, 3, '7a46720410609cc3a09fe04a13c4d1f1', 'ATOS', 'atos', 0, 1, 'Je souhaiterai que suel un love lip\'s soit emballage papier cado', '', 0.00, 73.98, 73.98, 55.18, 7.98, 0.00, 3, 0, '2010-02-26 12:27:21', '0000-00-00 00:00:00', 0, '2010-02-26 12:27:20', '2010-02-26 12:28:00'),
(4, 4, 2, 2, 3, 1, 3, 3, '7a46720410609cc3a09fe04a13c4d1f1', 'Chèque', 'cheque', 0, 0, '', '', 0.00, 10.00, 10.00, 10.00, 0.00, 0.00, 8, 0, '2010-05-02 20:59:12', '0000-00-00 00:00:00', 0, '2010-05-02 15:37:48', '2010-05-02 20:59:12'),
(5, 4, 2, 2, 296, 1, 3, 3, '7a46720410609cc3a09fe04a13c4d1f1', 'Chèque', 'cheque', 0, 0, '', '', 0.00, 25.00, 25.00, 25.00, 0.00, 0.00, 7, 0, '2010-05-02 20:59:02', '0000-00-00 00:00:00', 0, '2010-05-02 16:21:04', '2010-05-02 20:59:02'),
(6, 4, 2, 3, 297, 1, 4, 4, '49ab41743dac046246046d19608a6167', 'Chèque', 'cheque', 0, 0, '', '', 0.00, 9.00, 9.00, 9.00, 0.00, 0.00, 6, 0, '2010-05-02 20:58:51', '0000-00-00 00:00:00', 0, '2010-05-02 16:22:18', '2010-05-02 20:58:51'),
(7, 4, 2, 3, 298, 1, 4, 4, '49ab41743dac046246046d19608a6167', 'Chèque', 'cheque', 0, 0, '', '', 0.00, 25.00, 25.00, 25.00, 0.00, 0.00, 5, 0, '2010-05-02 20:58:39', '0000-00-00 00:00:00', 0, '2010-05-02 17:10:59', '2010-05-02 20:58:39'),
(8, 4, 2, 3, 299, 1, 4, 4, '49ab41743dac046246046d19608a6167', 'ATOS', 'atos', 0, 0, '', '', 0.00, 25.00, 25.00, 25.00, 0.00, 0.00, 4, 0, '2010-05-02 20:55:57', '0000-00-00 00:00:00', 0, '2010-05-02 20:55:56', '2010-05-02 20:58:22'),
(9, 4, 2, 3, 300, 1, 4, 4, '49ab41743dac046246046d19608a6167', 'ATOS', 'atos', 0, 0, '', '', 0.00, 25.00, 25.00, 25.00, 0.00, 0.00, 9, 0, '2010-05-02 21:03:10', '0000-00-00 00:00:00', 0, '2010-05-02 21:03:10', '2010-05-02 21:06:17'),
(10, 4, 2, 3, 301, 1, 4, 4, '49ab41743dac046246046d19608a6167', 'ATOS', 'atos', 0, 0, '', '', 0.00, 25.00, 25.00, 25.00, 0.00, 0.00, 10, 0, '2010-05-02 21:07:31', '0000-00-00 00:00:00', 0, '2010-05-02 21:07:31', '2010-05-02 21:18:32'),
(11, 4, 2, 3, 302, 1, 4, 4, '49ab41743dac046246046d19608a6167', 'ATOS', 'atos', 0, 0, '', '', 0.00, 25.00, 25.00, 25.00, 0.00, 0.00, 11, 0, '2010-05-02 21:11:50', '0000-00-00 00:00:00', 0, '2010-05-02 21:11:50', '2010-05-02 21:18:03'),
(12, 4, 2, 3, 303, 1, 4, 4, '49ab41743dac046246046d19608a6167', 'ATOS', 'atos', 0, 0, '', '', 0.00, 25.00, 25.00, 25.00, 0.00, 0.00, 12, 0, '2010-05-02 21:46:19', '0000-00-00 00:00:00', 0, '2010-05-02 21:46:19', '2010-05-02 22:06:42'),
(13, 4, 2, 3, 304, 1, 4, 4, '49ab41743dac046246046d19608a6167', 'ATOS', 'atos', 0, 0, '', '', 0.00, 25.00, 25.00, 25.00, 0.00, 0.00, 13, 0, '2010-05-02 22:05:42', '0000-00-00 00:00:00', 0, '2010-05-02 22:05:41', '2010-05-02 22:06:28'),
(14, 4, 2, 3, 305, 1, 4, 4, '49ab41743dac046246046d19608a6167', 'ATOS', 'atos', 0, 0, '', '', 0.00, 25.00, 25.00, 25.00, 0.00, 0.00, 14, 0, '2010-05-06 10:15:13', '0000-00-00 00:00:00', 0, '2010-05-06 10:15:12', '2010-05-06 10:16:54'),
(15, 4, 2, 6, 307, 1, 8, 8, '77298686371bdc7bd2aad187768bd306', 'ATOS', 'atos', 0, 0, '', '', 0.00, 55.00, 55.00, 55.00, 0.00, 0.00, 15, 1, '2010-05-10 20:33:24', '2010-05-10 21:09:20', 1, '2010-05-10 20:33:24', '2010-05-10 21:09:20'),
(16, 5, 2, 9, 310, 1, 11, 11, '3f44e555cd1f066c5ce686f5a7046add', 'ATOS', 'atos', 0, 0, '', '', 0.00, 38.00, 0.00, 38.00, 0.00, 0.00, 0, 0, '0000-00-00 00:00:00', '0000-00-00 00:00:00', 0, '2010-05-24 17:08:55', '2010-05-24 17:08:56'),
(17, 5, 2, 10, 311, 1, 12, 12, '2840d44a665397707c4f719e72dec5d6', 'Chèque', 'cheque', 0, 0, '', '', 0.00, 153.00, 153.00, 153.00, 0.00, 0.00, 16, 2, '2010-06-09 23:28:14', '2010-06-09 23:28:14', 1, '2010-05-31 21:26:25', '2010-07-29 12:14:26'),
(18, 5, 2, 9, 313, 1, 11, 11, '3f44e555cd1f066c5ce686f5a7046add', 'Chèque', 'cheque', 0, 0, '', '', 0.00, 35.00, 35.00, 35.00, 0.00, 0.00, 17, 3, '2010-06-14 17:37:15', '2010-06-14 17:37:15', 1, '2010-06-08 19:28:26', '2010-06-14 17:37:15'),
(19, 3, 2, 12, 320, 1, 14, 14, 'e88d8ffcb75e18498abebaa6a4129df6', 'ATOS', 'atos', 0, 0, '', '', 0.00, 19.00, 19.00, 11.00, 8.00, 0.00, 18, 5, '2010-07-05 14:47:18', '2010-07-05 21:52:59', 1, '2010-07-05 14:47:17', '2010-07-06 10:24:51'),
(20, 3, 2, 11, 322, 1, 13, 13, 'd8dd9c4d2c63e220aac86c1ea46912e3', 'ATOS', 'atos', 0, 0, '', '', 0.00, 94.00, 94.00, 94.00, 0.00, 0.00, 19, 4, '2010-07-05 20:43:04', '2010-07-05 21:52:46', 1, '2010-07-05 20:43:03', '2010-07-06 10:24:35'),
(21, 5, 2, 6, 325, 1, 8, 8, '77298686371bdc7bd2aad187768bd306', 'ATOS', 'atos', 0, 0, '', '', 0.00, 62.00, 62.00, 62.00, 0.00, 0.00, 20, 6, '2010-07-20 17:14:44', '2010-07-22 20:51:10', 1, '2010-07-20 17:14:43', '2010-07-22 20:51:10'),
(22, 5, 2, 13, 326, 1, 15, 15, '9f087bf720d9000d820ecdc4ba835e82', 'ATOS', 'atos', 0, 0, '', '', 0.00, 67.00, 67.00, 67.00, 0.00, 0.00, 21, 22, '2010-07-29 22:51:07', '2011-10-04 13:07:42', 1, '2010-07-29 22:51:06', '2011-10-04 13:07:42'),
(23, 5, 2, 14, 327, 1, 16, 16, 'a79c277230503e1a3a4cf808fd4f13f5', 'Chèque', 'cheque', 0, 0, '', '', 0.00, 38.00, 38.00, 38.00, 0.00, 0.00, 22, 7, '2010-08-04 22:52:38', '2010-08-04 22:52:38', 1, '2010-07-29 22:56:49', '2010-08-04 22:52:38'),
(24, 5, 2, 6, 329, 1, 8, 8, '77298686371bdc7bd2aad187768bd306', 'ATOS', 'atos', 0, 0, '', '', 0.00, 184.00, 184.00, 184.00, 0.00, 0.00, 23, 24, '2010-08-10 17:45:21', '2011-10-04 13:08:11', 1, '2010-08-10 17:45:20', '2011-10-04 13:08:11'),
(25, 5, 2, 15, 328, 1, 17, 17, 'ac40383c58ab94a134b392a7dd72371e', 'Chèque', 'cheque', 0, 1, 'impossible de payer par cb ', '', 5.00, 72.50, 72.50, 77.50, 0.00, 0.00, 25, 8, '2010-12-08 10:18:50', '2010-12-08 10:18:50', 1, '2010-08-11 08:29:22', '2010-12-08 10:18:50'),
(26, 5, 2, 2, 312, 1, 5, 5, '7a46720410609cc3a09fe04a13c4d1f1', 'ATOS', 'atos', 0, 0, '', '', 0.00, 5.00, 5.00, 5.00, 0.00, 0.00, 24, 23, '2010-08-11 17:41:38', '2011-10-04 13:07:58', 1, '2010-08-11 17:41:37', '2011-10-04 13:07:58'),
(27, 5, 2, 19, 339, 1, 22, 22, '47d18c03872d43ab992d43eb96507451', 'Chèque', 'cheque', 0, 0, '', '', 0.00, 19.00, 19.00, 19.00, 0.00, 0.00, 26, 9, '2010-12-12 15:38:18', '2010-12-12 15:38:18', 1, '2010-12-11 18:09:04', '2010-12-12 15:38:18'),
(28, 5, 2, 20, 340, 1, 23, 23, 'a29ae6e98379f6a2468992c59d06ab57', 'Chèque', 'cheque', 0, 0, '', '', 0.00, 19.00, 19.00, 19.00, 0.00, 0.00, 27, 10, '2010-12-12 15:38:48', '2010-12-12 15:38:48', 1, '2010-12-11 18:15:40', '2010-12-12 15:38:48'),
(29, 5, 2, 22, 341, 1, 25, 25, '3a7f55cd340e0c9298f63a73c635fbbd', 'Chèque', 'cheque', 0, 0, '', '', 0.00, 71.00, 71.00, 71.00, 0.00, 0.00, 28, 11, '2010-12-12 15:41:21', '2010-12-12 15:41:21', 1, '2010-12-11 19:16:56', '2010-12-12 15:41:21'),
(30, 5, 2, 21, 342, 1, 24, 24, 'b2cca48895a105f3f4053af51241d1c8', 'Chèque', 'cheque', 0, 0, '', '', 0.00, 77.00, 77.00, 77.00, 0.00, 0.00, 29, 12, '2010-12-12 15:42:48', '2010-12-12 15:42:48', 1, '2010-12-11 19:35:31', '2010-12-12 15:42:48'),
(31, 5, 2, 23, 338, 1, 26, 26, '2d249b748cbf753a197daab1ee10bee0', 'Chèque', 'cheque', 0, 0, '', '', 0.00, 24.00, 24.00, 24.00, 0.00, 0.00, 30, 13, '2010-12-15 19:41:05', '2010-12-15 19:41:05', 1, '2010-12-15 19:40:15', '2010-12-15 19:41:05'),
(32, 5, 2, 22, 345, 1, 27, 27, '3a7f55cd340e0c9298f63a73c635fbbd', 'Chèque', 'cheque', 0, 0, '', '', 13.00, 17.00, 17.00, 30.00, 0.00, 0.00, 31, 14, '2011-01-27 13:07:53', '2011-01-27 13:07:53', 1, '2011-01-10 20:02:49', '2011-01-27 13:07:53'),
(33, 5, 2, 23, 656, 1, 26, 26, '2d249b748cbf753a197daab1ee10bee0', 'Chèque', 'cheque', 0, 0, '', '', 0.00, 142.00, 142.00, 142.00, 0.00, 0.00, 32, 15, '2011-01-27 13:08:10', '2011-01-27 13:08:10', 1, '2011-01-27 13:07:10', '2011-01-27 13:08:10'),
(34, 5, 2, 24, 952, 1, 28, 28, 'a2936e13470cc3b430e8642067329eaa', 'ATOS', 'atos', 0, 1, '', '', 10.00, 10.00, 10.00, 20.00, 0.00, 0.00, 33, 16, '2011-03-27 19:16:49', '2011-04-05 19:28:57', 1, '2011-03-27 19:16:48', '2011-04-05 19:28:57'),
(35, 5, 2, 17, 995, 1, 19, 19, '1130145be7bb5bdc41df8feb28b55ae3', 'Chèque', 'cheque', 0, 0, '', '', 0.00, 39.00, 39.00, 39.00, 0.00, 0.00, 34, 17, '2011-04-05 20:55:35', '2011-04-05 20:55:35', 1, '2011-04-05 20:54:38', '2011-04-05 20:55:35'),
(36, 3, 2, 25, 1025, 1, 29, 29, '476faeb3105f9757f134f8b3a5fe042c', 'ATOS', 'atos', 0, 1, '', '', 0.00, 49.00, 49.00, 41.00, 8.00, 0.00, 35, 18, '2011-04-19 18:35:55', '2011-05-19 10:29:49', 1, '2011-04-19 18:35:54', '2011-05-19 10:29:49'),
(37, 5, 2, 26, 1070, 1, 30, 30, 'df7f170c8a5e3392b65061e4da4cc026', 'ATOS', 'atos', 0, 0, '', '', 0.00, 13.00, 13.00, 13.00, 0.00, 0.00, 36, 19, '2011-05-01 23:21:54', '2011-05-19 10:30:06', 1, '2011-05-01 23:21:53', '2011-05-19 10:30:06'),
(38, 5, 2, 27, 1124, 1, 31, 31, '09f79132bbed927656826e1526c9f58e', 'Chèque', 'cheque', 0, 0, '', '', 0.00, 122.00, 122.00, 122.00, 0.00, 0.00, 38, 0, '2011-08-11 20:01:08', '0000-00-00 00:00:00', 0, '2011-05-15 01:39:51', '2011-08-11 20:01:08'),
(39, 3, 2, 37, 1266, 1, 43, 43, 'f57b6f7f732d6d147962a55462c734c8', 'ATOS', 'atos', 0, 0, '', '', 0.00, 63.00, 63.00, 55.00, 8.00, 0.00, 37, 20, '2011-08-05 22:38:39', '2011-08-06 15:47:56', 1, '2011-08-05 22:38:38', '2011-08-29 10:57:53'),
(40, 3, 2, 38, 1339, 1, 44, 44, 'dfd60a2cb3d03bc7ee3292676055455b', 'ATOS', 'atos', 0, 0, '', '', 0.00, 72.00, 72.00, 64.00, 8.00, 0.00, 39, 21, '2011-08-26 10:46:36', '2011-08-29 10:58:12', 1, '2011-08-26 10:46:33', '2011-10-04 11:19:50'),
(41, 9, 2, 40, 1650, 1, 47, 47, 'c8dd3d82a91cc334b051ea6232cc73d2', 'ATOS', 'atos', 0, 0, '', '', 0.00, 52.00, 52.00, 36.00, 16.00, 0.00, 40, 25, '2011-10-05 10:57:14', '2011-10-05 11:26:40', 1, '2011-10-05 10:57:13', '2011-10-05 14:55:50'),
(42, 7, 2, 44, 2478, 1, 51, 51, '81ae2c245d98f3ee993bfa52b27cc791', 'ATOS', 'atos', 0, 0, '', '', 0.00, 63.00, 63.00, 55.00, 8.00, 0.00, 41, 26, '2012-03-04 10:51:29', '2012-03-07 08:42:48', 1, '2012-03-04 10:51:28', '2012-03-09 12:41:44'),
(43, 5, 2, 45, 2556, 1, 52, 52, 'c8a261d83bc923ce2f6fc08846ac16b6', 'Chèque', 'cheque', 0, 0, '', '', 0.00, 98.00, 98.00, 98.00, 0.00, 0.00, 42, 0, '2012-04-01 11:43:50', '0000-00-00 00:00:00', 0, '2012-03-21 20:21:00', '2012-04-01 11:43:50'),
(44, 5, 2, 45, 4112, 1, 52, 52, 'c8a261d83bc923ce2f6fc08846ac16b6', 'Chèque', 'cheque', 0, 1, ';-)', '', 0.00, 11.00, 11.00, 11.00, 0.00, 0.00, 43, 27, '2012-12-09 12:23:06', '2012-12-09 12:23:06', 1, '2012-11-26 23:57:17', '2012-12-09 12:23:06'),
(45, 5, 2, 3, 4544, 1, 39, 39, '49ab41743dac046246046d19608a6167', 'PayPal', 'paypal', 0, 0, '', '', 0.00, 10.00, 10.00, 10.00, 0.00, 0.00, 44, 28, '2013-02-08 22:18:08', '2013-02-08 22:29:36', 1, '2013-02-08 22:18:06', '2013-02-08 22:29:36'),
(46, 7, 2, 51, 5723, 1, 59, 59, 'efa539c36b4b5d4a69be68f23968ac8c', 'PayPal', 'paypal', 0, 0, '', '', 0.00, 43.00, 43.00, 35.00, 8.00, 0.00, 45, 29, '2013-05-23 10:41:53', '2013-05-24 16:08:08', 1, '2013-05-23 10:41:52', '2013-05-27 17:01:36'),
(47, 7, 2, 52, 7140, 1, 60, 60, '3a1d6c5732f50818f569d65d41234205', 'PayPal', 'paypal', 0, 1, 'je te souhaite, un très joyeux noël, pour notre premier noël a deux! gros bisous, je t\'aime ma chérie!!', '', 0.00, 33.00, 33.00, 25.00, 8.00, 0.00, 46, 30, '2013-12-09 21:29:21', '2013-12-11 13:45:08', 1, '2013-12-09 21:29:20', '2013-12-14 12:52:38'),
(48, 7, 2, 53, 11580, 1, 61, 61, '99de420532337c9bc8e06d76216d85fc', 'Chèque', 'cheque', 0, 0, '', '', 0.00, 28.00, 28.00, 20.00, 8.00, 0.00, 47, 31, '2015-04-06 21:21:25', '2015-04-06 21:44:53', 1, '2015-04-02 14:41:52', '2015-04-08 17:11:12'),
(49, 7, 2, 53, 19182, 1, 61, 61, '99de420532337c9bc8e06d76216d85fc', 'PayPal', 'paypal', 0, 0, '', '', 0.00, 28.00, 28.00, 20.00, 8.00, 0.00, 48, 32, '2016-01-04 15:29:39', '2016-01-04 19:45:00', 1, '2016-01-04 15:29:39', '2016-01-08 00:17:23'),
(50, 7, 2, 54, 27241, 1, 62, 62, '0fd1f3123cb0e0271c36ec88c8ceeeb9', 'PayPal', 'paypal', 0, 0, '', '', 0.00, 28.00, 28.00, 20.00, 8.00, 0.00, 49, 33, '2016-05-26 15:52:25', '2016-05-26 19:19:35', 1, '2016-05-26 15:52:25', '2016-05-30 14:38:10');

-- --------------------------------------------------------

--
-- Structure de la table `dds_order_detail`
--

